{"id":994,"date":"2025-04-22T07:20:51","date_gmt":"2025-04-22T05:20:51","guid":{"rendered":"https:\/\/www.spirit-us.eu\/?post_type=product&#038;p=994"},"modified":"2025-12-20T10:38:56","modified_gmt":"2025-12-20T09:38:56","slug":"cierge-de-neuvaine-notre-dame-de-bonsecours","status":"publish","type":"product","link":"https:\/\/www.spirit-us.eu\/index.php\/produit\/cierge-de-neuvaine-notre-dame-de-bonsecours\/","title":{"rendered":"CIERGE DE NEUVAINE &#8211; Notre Dame de Bonsecours"},"content":{"rendered":"<p><strong>Description <\/strong><\/p>\n<p>Cierge multichrome \u00e0 l\u2019effigie de saint Michel archange terrassant le d\u00e9mon. Dur\u00e9e 9 jours. Ne jamais \u00e9teindre une fois allum\u00e9.\u00a0 Dire les pri\u00e8res une fois par jour.\u00a0 Pr\u00e9munissez-vous de tout risque d\u2019incendie.<\/p>\n<p><strong>Hauteur<\/strong>\u00a0: 17,5 cm<\/p>\n<p><strong>Diam\u00e8tre<\/strong>\u00a0: 6,5 cm<\/p>\n<p><strong>Poids<\/strong> : 0,5 kg<\/p>\n<p>Pour une neuvaine pour faire revenir des enfants, t\u00e9l\u00e9chargez gratuitement le texte de la neuvaine dans sa totalit\u00e9 : <a href=\"https:\/\/exorciser-liberer-guerir.com\/lenfer-du-desenfantement-et-de-la-deparentalisation\/\" target=\"_blank\" rel=\"noopener\">https:\/\/exorciser-liberer-guerir.com\/lenfer-du-desenfantement-et-de-la-deparentalisation\/<\/a><\/p>\n<p>B\u00e9n\u00e9diction des cierges d&rsquo;offrande (toute la c\u00e9r\u00e9monie) et livret explicatif comprenant les r\u00e8gles relatives aux offrandes de lumi\u00e8re, c&rsquo;est par ici : <a href=\"https:\/\/www.spirit-us.eu\/index.php\/produit\/ceremonie-de-benediction-des-cierges-doffrande\/\" target=\"_blank\" rel=\"noopener\">https:\/\/www.spirit-us.eu\/index.php\/produit\/ceremonie-de-benediction-des-cierges-doffrande\/<\/a><\/p>\n","protected":false},"excerpt":{"rendered":"<p>Cierge de neuvaine \u00e0 l&rsquo;effigie de Notre Dame de Bonsecours, un lieu saint depuis plus d&rsquo;un mill\u00e9naire.\u00a0 Effectuer une neuvaine \u00e0 Notre Dame de Bonsecours, est extr\u00eamement puissant.\u00a0 La pri\u00e8re est capable de r\u00e9unir des famille, de faire revenir des enfants, d&rsquo;accorder la prosp\u00e9rit\u00e9 terrestre, de lib\u00e9rer des situations qu&rsquo;on croyait totalement d\u00e9sesp\u00e9r\u00e9es. Une fois allum\u00e9, le cierge qu&rsquo;on ne peut pas \u00e9teindre, dure 9 jours (parfois un peu plus).\u00a0 Veillez \u00e0 ne jamais commencer ni terminer une neuvaine un vendredi.\u00a0 Pour conna\u00eetre toutes les r\u00e8gles relatives aux neuvaines, ou pour recevoir gratuitement un texte de neuvaine pour les enfants, voyez les liens dans la description ci-dessous.<\/p>\n","protected":false},"featured_media":995,"comment_status":"open","ping_status":"closed","template":"","meta":[],"product_brand":[],"product_cat":[166,17,504],"product_tag":[],"mwb_booking_cost":[],"mwb_booking_service":[],"class_list":{"0":"post-994","1":"product","2":"type-product","3":"status-publish","4":"has-post-thumbnail","6":"product_cat-07-spiritualite-et-benedictions","7":"product_cat-tous-les-produits","8":"product_cat-01-univers-sacre-accueil","10":"first","11":"instock","12":"shipping-taxable","13":"purchasable","14":"product-type-simple"},"yoast_head":"<!-- This site is optimized with the Yoast SEO plugin v27.1.1 - https:\/\/yoast.com\/product\/yoast-seo-wordpress\/ -->\n<title>CIERGE DE NEUVAINE - Notre Dame de Bonsecours - Spirit-US<\/title>\n<meta name=\"robots\" content=\"index, follow, max-snippet:-1, max-image-preview:large, max-video-preview:-1\" \/>\n<link rel=\"canonical\" href=\"https:\/\/www.spirit-us.eu\/index.php\/produit\/cierge-de-neuvaine-notre-dame-de-bonsecours\/\" \/>\n<meta property=\"og:locale\" content=\"fr_FR\" \/>\n<meta property=\"og:type\" content=\"article\" \/>\n<meta property=\"og:title\" content=\"CIERGE DE NEUVAINE - Notre Dame de Bonsecours - Spirit-US\" \/>\n<meta property=\"og:description\" content=\"Cierge de neuvaine \u00e0 l&#039;effigie de Notre Dame de Bonsecours, un lieu saint depuis plus d&#039;un mill\u00e9naire.\u00a0 Effectuer une neuvaine \u00e0 Notre Dame de Bonsecours, est extr\u00eamement puissant.\u00a0 La pri\u00e8re est capable de r\u00e9unir des famille, de faire revenir des enfants, d&#039;accorder la prosp\u00e9rit\u00e9 terrestre, de lib\u00e9rer des situations qu&#039;on croyait totalement d\u00e9sesp\u00e9r\u00e9es. Une fois allum\u00e9, le cierge qu&#039;on ne peut pas \u00e9teindre, dure 9 jours (parfois un peu plus).\u00a0 Veillez \u00e0 ne jamais commencer ni terminer une neuvaine un vendredi.\u00a0 Pour conna\u00eetre toutes les r\u00e8gles relatives aux neuvaines, ou pour recevoir gratuitement un texte de neuvaine pour les enfants, voyez les liens dans la description ci-dessous.\" \/>\n<meta property=\"og:url\" content=\"https:\/\/www.spirit-us.eu\/index.php\/produit\/cierge-de-neuvaine-notre-dame-de-bonsecours\/\" \/>\n<meta property=\"og:site_name\" content=\"Spirit-US\" \/>\n<meta property=\"article:publisher\" content=\"https:\/\/www.facebook.com\/spirit.us.deum\" \/>\n<meta property=\"article:modified_time\" content=\"2025-12-20T09:38:56+00:00\" \/>\n<meta property=\"og:image\" content=\"https:\/\/www.spirit-us.eu\/wp-content\/uploads\/2025\/04\/cierge-neuvaine-bonsecours-base-scaled.png\" \/>\n\t<meta property=\"og:image:width\" content=\"2560\" \/>\n\t<meta property=\"og:image:height\" content=\"2560\" \/>\n\t<meta property=\"og:image:type\" content=\"image\/png\" \/>\n<meta name=\"twitter:card\" content=\"summary_large_image\" \/>\n<meta name=\"twitter:label1\" content=\"Dur\u00e9e de lecture estim\u00e9e\" \/>\n\t<meta name=\"twitter:data1\" content=\"1 minute\" \/>\n<script type=\"application\/ld+json\" class=\"yoast-schema-graph\">{\"@context\":\"https:\/\/schema.org\",\"@graph\":[{\"@type\":\"WebPage\",\"@id\":\"https:\/\/www.spirit-us.eu\/index.php\/produit\/cierge-de-neuvaine-notre-dame-de-bonsecours\/\",\"url\":\"https:\/\/www.spirit-us.eu\/index.php\/produit\/cierge-de-neuvaine-notre-dame-de-bonsecours\/\",\"name\":\"CIERGE DE NEUVAINE - Notre Dame de Bonsecours - Spirit-US\",\"isPartOf\":{\"@id\":\"https:\/\/www.spirit-us.eu\/#website\"},\"primaryImageOfPage\":{\"@id\":\"https:\/\/www.spirit-us.eu\/index.php\/produit\/cierge-de-neuvaine-notre-dame-de-bonsecours\/#primaryimage\"},\"image\":{\"@id\":\"https:\/\/www.spirit-us.eu\/index.php\/produit\/cierge-de-neuvaine-notre-dame-de-bonsecours\/#primaryimage\"},\"thumbnailUrl\":\"https:\/\/www.spirit-us.eu\/wp-content\/uploads\/2025\/04\/cierge-neuvaine-bonsecours-base-scaled.png\",\"datePublished\":\"2025-04-22T05:20:51+00:00\",\"dateModified\":\"2025-12-20T09:38:56+00:00\",\"breadcrumb\":{\"@id\":\"https:\/\/www.spirit-us.eu\/index.php\/produit\/cierge-de-neuvaine-notre-dame-de-bonsecours\/#breadcrumb\"},\"inLanguage\":\"fr-FR\",\"potentialAction\":[{\"@type\":\"ReadAction\",\"target\":[\"https:\/\/www.spirit-us.eu\/index.php\/produit\/cierge-de-neuvaine-notre-dame-de-bonsecours\/\"]}]},{\"@type\":\"ImageObject\",\"inLanguage\":\"fr-FR\",\"@id\":\"https:\/\/www.spirit-us.eu\/index.php\/produit\/cierge-de-neuvaine-notre-dame-de-bonsecours\/#primaryimage\",\"url\":\"https:\/\/www.spirit-us.eu\/wp-content\/uploads\/2025\/04\/cierge-neuvaine-bonsecours-base-scaled.png\",\"contentUrl\":\"https:\/\/www.spirit-us.eu\/wp-content\/uploads\/2025\/04\/cierge-neuvaine-bonsecours-base-scaled.png\",\"width\":2560,\"height\":2560},{\"@type\":\"BreadcrumbList\",\"@id\":\"https:\/\/www.spirit-us.eu\/index.php\/produit\/cierge-de-neuvaine-notre-dame-de-bonsecours\/#breadcrumb\",\"itemListElement\":[{\"@type\":\"ListItem\",\"position\":1,\"name\":\"Accueil\",\"item\":\"https:\/\/www.spirit-us.eu\/\"},{\"@type\":\"ListItem\",\"position\":2,\"name\":\"Boutique\",\"item\":\"https:\/\/www.spirit-us.eu\/index.php\/boutique\/\"},{\"@type\":\"ListItem\",\"position\":3,\"name\":\"CIERGE DE NEUVAINE &#8211; Notre Dame de Bonsecours\"}]},{\"@type\":\"WebSite\",\"@id\":\"https:\/\/www.spirit-us.eu\/#website\",\"url\":\"https:\/\/www.spirit-us.eu\/\",\"name\":\"Spirit-US\",\"description\":\"\",\"publisher\":{\"@id\":\"https:\/\/www.spirit-us.eu\/#organization\"},\"potentialAction\":[{\"@type\":\"SearchAction\",\"target\":{\"@type\":\"EntryPoint\",\"urlTemplate\":\"https:\/\/www.spirit-us.eu\/?s={search_term_string}\"},\"query-input\":{\"@type\":\"PropertyValueSpecification\",\"valueRequired\":true,\"valueName\":\"search_term_string\"}}],\"inLanguage\":\"fr-FR\"},{\"@type\":\"Organization\",\"@id\":\"https:\/\/www.spirit-us.eu\/#organization\",\"name\":\"Spirit-US\",\"url\":\"https:\/\/www.spirit-us.eu\/\",\"logo\":{\"@type\":\"ImageObject\",\"inLanguage\":\"fr-FR\",\"@id\":\"https:\/\/www.spirit-us.eu\/#\/schema\/logo\/image\/\",\"url\":\"https:\/\/www.spirit-us.eu\/wp-content\/uploads\/2025\/11\/logo-regarde-linterlocutrice-sans-arrriere-plan.jpg\",\"contentUrl\":\"https:\/\/www.spirit-us.eu\/wp-content\/uploads\/2025\/11\/logo-regarde-linterlocutrice-sans-arrriere-plan.jpg\",\"width\":1080,\"height\":1080,\"caption\":\"Spirit-US\"},\"image\":{\"@id\":\"https:\/\/www.spirit-us.eu\/#\/schema\/logo\/image\/\"},\"sameAs\":[\"https:\/\/www.facebook.com\/spirit.us.deum\"]}]}<\/script>\n<!-- \/ Yoast SEO plugin. -->","yoast_head_json":{"title":"CIERGE DE NEUVAINE - Notre Dame de Bonsecours - Spirit-US","robots":{"index":"index","follow":"follow","max-snippet":"max-snippet:-1","max-image-preview":"max-image-preview:large","max-video-preview":"max-video-preview:-1"},"canonical":"https:\/\/www.spirit-us.eu\/index.php\/produit\/cierge-de-neuvaine-notre-dame-de-bonsecours\/","og_locale":"fr_FR","og_type":"article","og_title":"CIERGE DE NEUVAINE - Notre Dame de Bonsecours - Spirit-US","og_description":"Cierge de neuvaine \u00e0 l'effigie de Notre Dame de Bonsecours, un lieu saint depuis plus d'un mill\u00e9naire.\u00a0 Effectuer une neuvaine \u00e0 Notre Dame de Bonsecours, est extr\u00eamement puissant.\u00a0 La pri\u00e8re est capable de r\u00e9unir des famille, de faire revenir des enfants, d'accorder la prosp\u00e9rit\u00e9 terrestre, de lib\u00e9rer des situations qu'on croyait totalement d\u00e9sesp\u00e9r\u00e9es. Une fois allum\u00e9, le cierge qu'on ne peut pas \u00e9teindre, dure 9 jours (parfois un peu plus).\u00a0 Veillez \u00e0 ne jamais commencer ni terminer une neuvaine un vendredi.\u00a0 Pour conna\u00eetre toutes les r\u00e8gles relatives aux neuvaines, ou pour recevoir gratuitement un texte de neuvaine pour les enfants, voyez les liens dans la description ci-dessous.","og_url":"https:\/\/www.spirit-us.eu\/index.php\/produit\/cierge-de-neuvaine-notre-dame-de-bonsecours\/","og_site_name":"Spirit-US","article_publisher":"https:\/\/www.facebook.com\/spirit.us.deum","article_modified_time":"2025-12-20T09:38:56+00:00","og_image":[{"width":2560,"height":2560,"url":"https:\/\/www.spirit-us.eu\/wp-content\/uploads\/2025\/04\/cierge-neuvaine-bonsecours-base-scaled.png","type":"image\/png"}],"twitter_card":"summary_large_image","twitter_misc":{"Dur\u00e9e de lecture estim\u00e9e":"1 minute"},"schema":{"@context":"https:\/\/schema.org","@graph":[{"@type":"WebPage","@id":"https:\/\/www.spirit-us.eu\/index.php\/produit\/cierge-de-neuvaine-notre-dame-de-bonsecours\/","url":"https:\/\/www.spirit-us.eu\/index.php\/produit\/cierge-de-neuvaine-notre-dame-de-bonsecours\/","name":"CIERGE DE NEUVAINE - Notre Dame de Bonsecours - Spirit-US","isPartOf":{"@id":"https:\/\/www.spirit-us.eu\/#website"},"primaryImageOfPage":{"@id":"https:\/\/www.spirit-us.eu\/index.php\/produit\/cierge-de-neuvaine-notre-dame-de-bonsecours\/#primaryimage"},"image":{"@id":"https:\/\/www.spirit-us.eu\/index.php\/produit\/cierge-de-neuvaine-notre-dame-de-bonsecours\/#primaryimage"},"thumbnailUrl":"https:\/\/www.spirit-us.eu\/wp-content\/uploads\/2025\/04\/cierge-neuvaine-bonsecours-base-scaled.png","datePublished":"2025-04-22T05:20:51+00:00","dateModified":"2025-12-20T09:38:56+00:00","breadcrumb":{"@id":"https:\/\/www.spirit-us.eu\/index.php\/produit\/cierge-de-neuvaine-notre-dame-de-bonsecours\/#breadcrumb"},"inLanguage":"fr-FR","potentialAction":[{"@type":"ReadAction","target":["https:\/\/www.spirit-us.eu\/index.php\/produit\/cierge-de-neuvaine-notre-dame-de-bonsecours\/"]}]},{"@type":"ImageObject","inLanguage":"fr-FR","@id":"https:\/\/www.spirit-us.eu\/index.php\/produit\/cierge-de-neuvaine-notre-dame-de-bonsecours\/#primaryimage","url":"https:\/\/www.spirit-us.eu\/wp-content\/uploads\/2025\/04\/cierge-neuvaine-bonsecours-base-scaled.png","contentUrl":"https:\/\/www.spirit-us.eu\/wp-content\/uploads\/2025\/04\/cierge-neuvaine-bonsecours-base-scaled.png","width":2560,"height":2560},{"@type":"BreadcrumbList","@id":"https:\/\/www.spirit-us.eu\/index.php\/produit\/cierge-de-neuvaine-notre-dame-de-bonsecours\/#breadcrumb","itemListElement":[{"@type":"ListItem","position":1,"name":"Accueil","item":"https:\/\/www.spirit-us.eu\/"},{"@type":"ListItem","position":2,"name":"Boutique","item":"https:\/\/www.spirit-us.eu\/index.php\/boutique\/"},{"@type":"ListItem","position":3,"name":"CIERGE DE NEUVAINE &#8211; Notre Dame de Bonsecours"}]},{"@type":"WebSite","@id":"https:\/\/www.spirit-us.eu\/#website","url":"https:\/\/www.spirit-us.eu\/","name":"Spirit-US","description":"","publisher":{"@id":"https:\/\/www.spirit-us.eu\/#organization"},"potentialAction":[{"@type":"SearchAction","target":{"@type":"EntryPoint","urlTemplate":"https:\/\/www.spirit-us.eu\/?s={search_term_string}"},"query-input":{"@type":"PropertyValueSpecification","valueRequired":true,"valueName":"search_term_string"}}],"inLanguage":"fr-FR"},{"@type":"Organization","@id":"https:\/\/www.spirit-us.eu\/#organization","name":"Spirit-US","url":"https:\/\/www.spirit-us.eu\/","logo":{"@type":"ImageObject","inLanguage":"fr-FR","@id":"https:\/\/www.spirit-us.eu\/#\/schema\/logo\/image\/","url":"https:\/\/www.spirit-us.eu\/wp-content\/uploads\/2025\/11\/logo-regarde-linterlocutrice-sans-arrriere-plan.jpg","contentUrl":"https:\/\/www.spirit-us.eu\/wp-content\/uploads\/2025\/11\/logo-regarde-linterlocutrice-sans-arrriere-plan.jpg","width":1080,"height":1080,"caption":"Spirit-US"},"image":{"@id":"https:\/\/www.spirit-us.eu\/#\/schema\/logo\/image\/"},"sameAs":["https:\/\/www.facebook.com\/spirit.us.deum"]}]}},"jetpack_sharing_enabled":true,"_links":{"self":[{"href":"https:\/\/www.spirit-us.eu\/index.php\/wp-json\/wp\/v2\/product\/994","targetHints":{"allow":["GET"]}}],"collection":[{"href":"https:\/\/www.spirit-us.eu\/index.php\/wp-json\/wp\/v2\/product"}],"about":[{"href":"https:\/\/www.spirit-us.eu\/index.php\/wp-json\/wp\/v2\/types\/product"}],"replies":[{"embeddable":true,"href":"https:\/\/www.spirit-us.eu\/index.php\/wp-json\/wp\/v2\/comments?post=994"}],"wp:featuredmedia":[{"embeddable":true,"href":"https:\/\/www.spirit-us.eu\/index.php\/wp-json\/wp\/v2\/media\/995"}],"wp:attachment":[{"href":"https:\/\/www.spirit-us.eu\/index.php\/wp-json\/wp\/v2\/media?parent=994"}],"wp:term":[{"taxonomy":"product_brand","embeddable":true,"href":"https:\/\/www.spirit-us.eu\/index.php\/wp-json\/wp\/v2\/product_brand?post=994"},{"taxonomy":"product_cat","embeddable":true,"href":"https:\/\/www.spirit-us.eu\/index.php\/wp-json\/wp\/v2\/product_cat?post=994"},{"taxonomy":"product_tag","embeddable":true,"href":"https:\/\/www.spirit-us.eu\/index.php\/wp-json\/wp\/v2\/product_tag?post=994"},{"taxonomy":"mwb_booking_cost","embeddable":true,"href":"https:\/\/www.spirit-us.eu\/index.php\/wp-json\/wp\/v2\/mwb_booking_cost?post=994"},{"taxonomy":"mwb_booking_service","embeddable":true,"href":"https:\/\/www.spirit-us.eu\/index.php\/wp-json\/wp\/v2\/mwb_booking_service?post=994"}],"curies":[{"name":"wp","href":"https:\/\/api.w.org\/{rel}","templated":true}]}}