{"id":978,"date":"2025-04-21T15:55:04","date_gmt":"2025-04-21T13:55:04","guid":{"rendered":"https:\/\/www.spirit-us.eu\/?post_type=product&#038;p=978"},"modified":"2025-12-21T13:07:55","modified_gmt":"2025-12-21T12:07:55","slug":"pendule-divinatoire-en-amethyste","status":"publish","type":"product","link":"https:\/\/www.spirit-us.eu\/index.php\/produit\/pendule-divinatoire-en-amethyste\/","title":{"rendered":"Pendule divinatoire en am\u00e9thyste"},"content":{"rendered":"<p><strong>Description <\/strong><\/p>\n<p><strong>Taille du Pendule<\/strong> : hauteur 2,5 cm<\/p>\n<p><strong>Largeur<\/strong>\u00a0: 1,4 cm<\/p>\n<p><strong>Couleur<\/strong>\u00a0:violette, translucide<\/p>\n<p><strong>Poids<\/strong> : 20 gr<\/p>\n<p><strong>Cha\u00eene<\/strong> : 19 cm<\/p>\n<p>Produit manufactur\u00e9<\/p>\n","protected":false},"excerpt":{"rendered":"<p>Tr\u00e8s joli pendule divinatoire en am\u00e9thyste, \u00a0une pierre semi-pr\u00e9cieuse, en forme de goutte, harmonieux et utilis\u00e9 pour les rituels de purification des lieux et des personnes, pour la voyance dans les domaines de l&rsquo;occulte et pour la restauration de la sant\u00e9 de l&rsquo;\u00e2me. Il convient aux d\u00e9butant.es comme aux professionnel.les : th\u00e9rapeutes, radiesth\u00e9sistes d\u00e9butant.es, et voyants. Il couvre les champs de la voyance, du magn\u00e9tisme, de la g\u00e9obiologie. Les propri\u00e9t\u00e9s de l&rsquo;Am\u00e9thyste sont profond\u00e9ment li\u00e9es au chakra du troisi\u00e8me \u0153il, le centre de la spiritualit\u00e9 et de l&rsquo;intuition, et au chakra de la couronne, qui r\u00e9git notre connexion \u00e0 l&rsquo;univers. Ces centres \u00e9nerg\u00e9tiques peuvent \u00eatre associ\u00e9s \u00e0 la couleur violette, ce qui explique pourquoi la pierre\u00a0d&rsquo;Am\u00e9thyste est une pierre si puissante pour \u00e9quilibrer, ouvrir et activer les chakras du troisi\u00e8me \u0153il et de la couronne. En travaillant avec les propri\u00e9t\u00e9s curatives de la pierre d&rsquo;Am\u00e9thyste pour apporter plus de paix, de relaxation et de conscience spirituelle dans votre vie, vous commencerez \u00e0 comprendre pourquoi l&rsquo;Am\u00e9thyste est l&rsquo;une des\u00a0pierres les plus populaires et les plus recherch\u00e9es dans le monde.<\/p>\n","protected":false},"featured_media":979,"comment_status":"open","ping_status":"closed","template":"","meta":[],"product_brand":[],"product_cat":[499,160,17],"product_tag":[],"mwb_booking_cost":[],"mwb_booking_service":[],"class_list":{"0":"post-978","1":"product","2":"type-product","3":"status-publish","4":"has-post-thumbnail","6":"product_cat-03-energetique","7":"product_cat-08-pendules-accueil","8":"product_cat-tous-les-produits","10":"first","11":"instock","12":"shipping-taxable","13":"purchasable","14":"product-type-simple"},"yoast_head":"<!-- This site is optimized with the Yoast SEO plugin v27.1.1 - https:\/\/yoast.com\/product\/yoast-seo-wordpress\/ -->\n<title>Pendule divinatoire en am\u00e9thyste - Spirit-US<\/title>\n<meta name=\"robots\" content=\"index, follow, max-snippet:-1, max-image-preview:large, max-video-preview:-1\" \/>\n<link rel=\"canonical\" href=\"https:\/\/www.spirit-us.eu\/index.php\/produit\/pendule-divinatoire-en-amethyste\/\" \/>\n<meta property=\"og:locale\" content=\"fr_FR\" \/>\n<meta property=\"og:type\" content=\"article\" \/>\n<meta property=\"og:title\" content=\"Pendule divinatoire en am\u00e9thyste - Spirit-US\" \/>\n<meta property=\"og:description\" content=\"Tr\u00e8s joli pendule divinatoire en am\u00e9thyste, \u00a0une pierre semi-pr\u00e9cieuse, en forme de goutte, harmonieux et utilis\u00e9 pour les rituels de purification des lieux et des personnes, pour la voyance dans les domaines de l&#039;occulte et pour la restauration de la sant\u00e9 de l&#039;\u00e2me. Il convient aux d\u00e9butant.es comme aux professionnel.les : th\u00e9rapeutes, radiesth\u00e9sistes d\u00e9butant.es, et voyants. Il couvre les champs de la voyance, du magn\u00e9tisme, de la g\u00e9obiologie. Les propri\u00e9t\u00e9s de l&#039;Am\u00e9thyste sont profond\u00e9ment li\u00e9es au chakra du troisi\u00e8me \u0153il, le centre de la spiritualit\u00e9 et de l&#039;intuition, et au chakra de la couronne, qui r\u00e9git notre connexion \u00e0 l&#039;univers. Ces centres \u00e9nerg\u00e9tiques peuvent \u00eatre associ\u00e9s \u00e0 la couleur violette, ce qui explique pourquoi la pierre\u00a0d&#039;Am\u00e9thyste est une pierre si puissante pour \u00e9quilibrer, ouvrir et activer les chakras du troisi\u00e8me \u0153il et de la couronne. En travaillant avec les propri\u00e9t\u00e9s curatives de la pierre d&#039;Am\u00e9thyste pour apporter plus de paix, de relaxation et de conscience spirituelle dans votre vie, vous commencerez \u00e0 comprendre pourquoi l&#039;Am\u00e9thyste est l&#039;une des\u00a0pierres les plus populaires et les plus recherch\u00e9es dans le monde.\" \/>\n<meta property=\"og:url\" content=\"https:\/\/www.spirit-us.eu\/index.php\/produit\/pendule-divinatoire-en-amethyste\/\" \/>\n<meta property=\"og:site_name\" content=\"Spirit-US\" \/>\n<meta property=\"article:publisher\" content=\"https:\/\/www.facebook.com\/spirit.us.deum\" \/>\n<meta property=\"article:modified_time\" content=\"2025-12-21T12:07:55+00:00\" \/>\n<meta property=\"og:image\" content=\"https:\/\/www.spirit-us.eu\/wp-content\/uploads\/2025\/04\/pendule-amethyste-image-produit.png\" \/>\n\t<meta property=\"og:image:width\" content=\"1080\" \/>\n\t<meta property=\"og:image:height\" content=\"1080\" \/>\n\t<meta property=\"og:image:type\" content=\"image\/png\" \/>\n<meta name=\"twitter:card\" content=\"summary_large_image\" \/>\n<script type=\"application\/ld+json\" class=\"yoast-schema-graph\">{\"@context\":\"https:\/\/schema.org\",\"@graph\":[{\"@type\":\"WebPage\",\"@id\":\"https:\/\/www.spirit-us.eu\/index.php\/produit\/pendule-divinatoire-en-amethyste\/\",\"url\":\"https:\/\/www.spirit-us.eu\/index.php\/produit\/pendule-divinatoire-en-amethyste\/\",\"name\":\"Pendule divinatoire en am\u00e9thyste - Spirit-US\",\"isPartOf\":{\"@id\":\"https:\/\/www.spirit-us.eu\/#website\"},\"primaryImageOfPage\":{\"@id\":\"https:\/\/www.spirit-us.eu\/index.php\/produit\/pendule-divinatoire-en-amethyste\/#primaryimage\"},\"image\":{\"@id\":\"https:\/\/www.spirit-us.eu\/index.php\/produit\/pendule-divinatoire-en-amethyste\/#primaryimage\"},\"thumbnailUrl\":\"https:\/\/www.spirit-us.eu\/wp-content\/uploads\/2025\/04\/pendule-amethyste-image-produit.png\",\"datePublished\":\"2025-04-21T13:55:04+00:00\",\"dateModified\":\"2025-12-21T12:07:55+00:00\",\"breadcrumb\":{\"@id\":\"https:\/\/www.spirit-us.eu\/index.php\/produit\/pendule-divinatoire-en-amethyste\/#breadcrumb\"},\"inLanguage\":\"fr-FR\",\"potentialAction\":[{\"@type\":\"ReadAction\",\"target\":[\"https:\/\/www.spirit-us.eu\/index.php\/produit\/pendule-divinatoire-en-amethyste\/\"]}]},{\"@type\":\"ImageObject\",\"inLanguage\":\"fr-FR\",\"@id\":\"https:\/\/www.spirit-us.eu\/index.php\/produit\/pendule-divinatoire-en-amethyste\/#primaryimage\",\"url\":\"https:\/\/www.spirit-us.eu\/wp-content\/uploads\/2025\/04\/pendule-amethyste-image-produit.png\",\"contentUrl\":\"https:\/\/www.spirit-us.eu\/wp-content\/uploads\/2025\/04\/pendule-amethyste-image-produit.png\",\"width\":1080,\"height\":1080},{\"@type\":\"BreadcrumbList\",\"@id\":\"https:\/\/www.spirit-us.eu\/index.php\/produit\/pendule-divinatoire-en-amethyste\/#breadcrumb\",\"itemListElement\":[{\"@type\":\"ListItem\",\"position\":1,\"name\":\"Accueil\",\"item\":\"https:\/\/www.spirit-us.eu\/\"},{\"@type\":\"ListItem\",\"position\":2,\"name\":\"Boutique\",\"item\":\"https:\/\/www.spirit-us.eu\/index.php\/boutique\/\"},{\"@type\":\"ListItem\",\"position\":3,\"name\":\"Pendule divinatoire en am\u00e9thyste\"}]},{\"@type\":\"WebSite\",\"@id\":\"https:\/\/www.spirit-us.eu\/#website\",\"url\":\"https:\/\/www.spirit-us.eu\/\",\"name\":\"Spirit-US\",\"description\":\"\",\"publisher\":{\"@id\":\"https:\/\/www.spirit-us.eu\/#organization\"},\"potentialAction\":[{\"@type\":\"SearchAction\",\"target\":{\"@type\":\"EntryPoint\",\"urlTemplate\":\"https:\/\/www.spirit-us.eu\/?s={search_term_string}\"},\"query-input\":{\"@type\":\"PropertyValueSpecification\",\"valueRequired\":true,\"valueName\":\"search_term_string\"}}],\"inLanguage\":\"fr-FR\"},{\"@type\":\"Organization\",\"@id\":\"https:\/\/www.spirit-us.eu\/#organization\",\"name\":\"Spirit-US\",\"url\":\"https:\/\/www.spirit-us.eu\/\",\"logo\":{\"@type\":\"ImageObject\",\"inLanguage\":\"fr-FR\",\"@id\":\"https:\/\/www.spirit-us.eu\/#\/schema\/logo\/image\/\",\"url\":\"https:\/\/www.spirit-us.eu\/wp-content\/uploads\/2025\/11\/logo-regarde-linterlocutrice-sans-arrriere-plan.jpg\",\"contentUrl\":\"https:\/\/www.spirit-us.eu\/wp-content\/uploads\/2025\/11\/logo-regarde-linterlocutrice-sans-arrriere-plan.jpg\",\"width\":1080,\"height\":1080,\"caption\":\"Spirit-US\"},\"image\":{\"@id\":\"https:\/\/www.spirit-us.eu\/#\/schema\/logo\/image\/\"},\"sameAs\":[\"https:\/\/www.facebook.com\/spirit.us.deum\"]}]}<\/script>\n<!-- \/ Yoast SEO plugin. -->","yoast_head_json":{"title":"Pendule divinatoire en am\u00e9thyste - Spirit-US","robots":{"index":"index","follow":"follow","max-snippet":"max-snippet:-1","max-image-preview":"max-image-preview:large","max-video-preview":"max-video-preview:-1"},"canonical":"https:\/\/www.spirit-us.eu\/index.php\/produit\/pendule-divinatoire-en-amethyste\/","og_locale":"fr_FR","og_type":"article","og_title":"Pendule divinatoire en am\u00e9thyste - Spirit-US","og_description":"Tr\u00e8s joli pendule divinatoire en am\u00e9thyste, \u00a0une pierre semi-pr\u00e9cieuse, en forme de goutte, harmonieux et utilis\u00e9 pour les rituels de purification des lieux et des personnes, pour la voyance dans les domaines de l'occulte et pour la restauration de la sant\u00e9 de l'\u00e2me. Il convient aux d\u00e9butant.es comme aux professionnel.les : th\u00e9rapeutes, radiesth\u00e9sistes d\u00e9butant.es, et voyants. Il couvre les champs de la voyance, du magn\u00e9tisme, de la g\u00e9obiologie. Les propri\u00e9t\u00e9s de l'Am\u00e9thyste sont profond\u00e9ment li\u00e9es au chakra du troisi\u00e8me \u0153il, le centre de la spiritualit\u00e9 et de l'intuition, et au chakra de la couronne, qui r\u00e9git notre connexion \u00e0 l'univers. Ces centres \u00e9nerg\u00e9tiques peuvent \u00eatre associ\u00e9s \u00e0 la couleur violette, ce qui explique pourquoi la pierre\u00a0d'Am\u00e9thyste est une pierre si puissante pour \u00e9quilibrer, ouvrir et activer les chakras du troisi\u00e8me \u0153il et de la couronne. En travaillant avec les propri\u00e9t\u00e9s curatives de la pierre d'Am\u00e9thyste pour apporter plus de paix, de relaxation et de conscience spirituelle dans votre vie, vous commencerez \u00e0 comprendre pourquoi l'Am\u00e9thyste est l'une des\u00a0pierres les plus populaires et les plus recherch\u00e9es dans le monde.","og_url":"https:\/\/www.spirit-us.eu\/index.php\/produit\/pendule-divinatoire-en-amethyste\/","og_site_name":"Spirit-US","article_publisher":"https:\/\/www.facebook.com\/spirit.us.deum","article_modified_time":"2025-12-21T12:07:55+00:00","og_image":[{"width":1080,"height":1080,"url":"https:\/\/www.spirit-us.eu\/wp-content\/uploads\/2025\/04\/pendule-amethyste-image-produit.png","type":"image\/png"}],"twitter_card":"summary_large_image","schema":{"@context":"https:\/\/schema.org","@graph":[{"@type":"WebPage","@id":"https:\/\/www.spirit-us.eu\/index.php\/produit\/pendule-divinatoire-en-amethyste\/","url":"https:\/\/www.spirit-us.eu\/index.php\/produit\/pendule-divinatoire-en-amethyste\/","name":"Pendule divinatoire en am\u00e9thyste - Spirit-US","isPartOf":{"@id":"https:\/\/www.spirit-us.eu\/#website"},"primaryImageOfPage":{"@id":"https:\/\/www.spirit-us.eu\/index.php\/produit\/pendule-divinatoire-en-amethyste\/#primaryimage"},"image":{"@id":"https:\/\/www.spirit-us.eu\/index.php\/produit\/pendule-divinatoire-en-amethyste\/#primaryimage"},"thumbnailUrl":"https:\/\/www.spirit-us.eu\/wp-content\/uploads\/2025\/04\/pendule-amethyste-image-produit.png","datePublished":"2025-04-21T13:55:04+00:00","dateModified":"2025-12-21T12:07:55+00:00","breadcrumb":{"@id":"https:\/\/www.spirit-us.eu\/index.php\/produit\/pendule-divinatoire-en-amethyste\/#breadcrumb"},"inLanguage":"fr-FR","potentialAction":[{"@type":"ReadAction","target":["https:\/\/www.spirit-us.eu\/index.php\/produit\/pendule-divinatoire-en-amethyste\/"]}]},{"@type":"ImageObject","inLanguage":"fr-FR","@id":"https:\/\/www.spirit-us.eu\/index.php\/produit\/pendule-divinatoire-en-amethyste\/#primaryimage","url":"https:\/\/www.spirit-us.eu\/wp-content\/uploads\/2025\/04\/pendule-amethyste-image-produit.png","contentUrl":"https:\/\/www.spirit-us.eu\/wp-content\/uploads\/2025\/04\/pendule-amethyste-image-produit.png","width":1080,"height":1080},{"@type":"BreadcrumbList","@id":"https:\/\/www.spirit-us.eu\/index.php\/produit\/pendule-divinatoire-en-amethyste\/#breadcrumb","itemListElement":[{"@type":"ListItem","position":1,"name":"Accueil","item":"https:\/\/www.spirit-us.eu\/"},{"@type":"ListItem","position":2,"name":"Boutique","item":"https:\/\/www.spirit-us.eu\/index.php\/boutique\/"},{"@type":"ListItem","position":3,"name":"Pendule divinatoire en am\u00e9thyste"}]},{"@type":"WebSite","@id":"https:\/\/www.spirit-us.eu\/#website","url":"https:\/\/www.spirit-us.eu\/","name":"Spirit-US","description":"","publisher":{"@id":"https:\/\/www.spirit-us.eu\/#organization"},"potentialAction":[{"@type":"SearchAction","target":{"@type":"EntryPoint","urlTemplate":"https:\/\/www.spirit-us.eu\/?s={search_term_string}"},"query-input":{"@type":"PropertyValueSpecification","valueRequired":true,"valueName":"search_term_string"}}],"inLanguage":"fr-FR"},{"@type":"Organization","@id":"https:\/\/www.spirit-us.eu\/#organization","name":"Spirit-US","url":"https:\/\/www.spirit-us.eu\/","logo":{"@type":"ImageObject","inLanguage":"fr-FR","@id":"https:\/\/www.spirit-us.eu\/#\/schema\/logo\/image\/","url":"https:\/\/www.spirit-us.eu\/wp-content\/uploads\/2025\/11\/logo-regarde-linterlocutrice-sans-arrriere-plan.jpg","contentUrl":"https:\/\/www.spirit-us.eu\/wp-content\/uploads\/2025\/11\/logo-regarde-linterlocutrice-sans-arrriere-plan.jpg","width":1080,"height":1080,"caption":"Spirit-US"},"image":{"@id":"https:\/\/www.spirit-us.eu\/#\/schema\/logo\/image\/"},"sameAs":["https:\/\/www.facebook.com\/spirit.us.deum"]}]}},"jetpack_sharing_enabled":true,"_links":{"self":[{"href":"https:\/\/www.spirit-us.eu\/index.php\/wp-json\/wp\/v2\/product\/978","targetHints":{"allow":["GET"]}}],"collection":[{"href":"https:\/\/www.spirit-us.eu\/index.php\/wp-json\/wp\/v2\/product"}],"about":[{"href":"https:\/\/www.spirit-us.eu\/index.php\/wp-json\/wp\/v2\/types\/product"}],"replies":[{"embeddable":true,"href":"https:\/\/www.spirit-us.eu\/index.php\/wp-json\/wp\/v2\/comments?post=978"}],"wp:featuredmedia":[{"embeddable":true,"href":"https:\/\/www.spirit-us.eu\/index.php\/wp-json\/wp\/v2\/media\/979"}],"wp:attachment":[{"href":"https:\/\/www.spirit-us.eu\/index.php\/wp-json\/wp\/v2\/media?parent=978"}],"wp:term":[{"taxonomy":"product_brand","embeddable":true,"href":"https:\/\/www.spirit-us.eu\/index.php\/wp-json\/wp\/v2\/product_brand?post=978"},{"taxonomy":"product_cat","embeddable":true,"href":"https:\/\/www.spirit-us.eu\/index.php\/wp-json\/wp\/v2\/product_cat?post=978"},{"taxonomy":"product_tag","embeddable":true,"href":"https:\/\/www.spirit-us.eu\/index.php\/wp-json\/wp\/v2\/product_tag?post=978"},{"taxonomy":"mwb_booking_cost","embeddable":true,"href":"https:\/\/www.spirit-us.eu\/index.php\/wp-json\/wp\/v2\/mwb_booking_cost?post=978"},{"taxonomy":"mwb_booking_service","embeddable":true,"href":"https:\/\/www.spirit-us.eu\/index.php\/wp-json\/wp\/v2\/mwb_booking_service?post=978"}],"curies":[{"name":"wp","href":"https:\/\/api.w.org\/{rel}","templated":true}]}}