{"id":948,"date":"2025-04-21T11:55:44","date_gmt":"2025-04-21T09:55:44","guid":{"rendered":"https:\/\/www.spirit-us.eu\/?post_type=product&#038;p=948"},"modified":"2025-12-20T10:40:30","modified_gmt":"2025-12-20T09:40:30","slug":"cierge","status":"publish","type":"product","link":"https:\/\/www.spirit-us.eu\/index.php\/produit\/cierge\/","title":{"rendered":"Cierge votif \u00e0 l&rsquo;encens bleu"},"content":{"rendered":"<p><strong>Description <\/strong><\/p>\n<p><u>Mode d&#8217;emploi sp\u00e9cifique \u00e0 ce cierge votif<\/u> : ouvrir l&#8217;emballage et couper les c\u00f4t\u00e9s de la bo\u00eete ; retirer l&rsquo;\u00e9tiquette de la bougie et couper le cellophane autour de la bougie ; enduire la m\u00e8che d&rsquo;huile et la d\u00e9couper \u00e0 1 cm de hauteur ; remettre la bougie dans l&#8217;emballage original et allumer.<\/p>\n<p>&nbsp;<\/p>\n<p><strong>Hauteur bougie<\/strong>14 cm<\/p>\n<p><strong>Diam\u00e8tre bougie\u00a0: <\/strong>6 cm<\/p>\n<p><strong>Poids de livraison : <\/strong>0.3 Kg<\/p>\n<p><strong>Mat\u00e9rieau\u00a0: <\/strong>Paraffine, encens<\/p>\n<p><strong>Origine : <\/strong>Portugal<\/p>\n","protected":false},"excerpt":{"rendered":"<p>Bougie votive avec encens Notre-Dame et de saint Michel. Elle est orn\u00e9e de granul\u00e9s d\u00e9coratifs bleus et gris, id\u00e9ale pour la m\u00e9ditation du soir, lorsqu\u2019on a besoin de se sentir prot\u00e9g\u00e9.e et aim\u00e9.e par nos guides et nos Aidants de lumi\u00e8re. Fourni avec huile pour enduire la m\u00e8che. Avec cette bougie votive, on utilise deux \u00e9l\u00e9ments en une seule bougie\u00a0: l\u2019offrande de lumi\u00e8re et l\u2019offrande de parfum. Voyez la c\u00e9r\u00e9monie de b\u00e9n\u00e9diction des cierges pour que le rituel soit complet et parfait, pour compl\u00e9ter vos demande et pri\u00e8re.<\/p>\n","protected":false},"featured_media":949,"comment_status":"open","ping_status":"closed","template":"","meta":[],"product_brand":[],"product_cat":[165,166,17,504],"product_tag":[167],"mwb_booking_cost":[],"mwb_booking_service":[],"class_list":{"0":"post-948","1":"product","2":"type-product","3":"status-publish","4":"has-post-thumbnail","6":"product_cat-10-encens","7":"product_cat-07-spiritualite-et-benedictions","8":"product_cat-tous-les-produits","9":"product_cat-01-univers-sacre-accueil","10":"product_tag-bleu","12":"first","13":"instock","14":"sale","15":"shipping-taxable","16":"purchasable","17":"product-type-simple"},"yoast_head":"<!-- This site is optimized with the Yoast SEO plugin v27.1.1 - https:\/\/yoast.com\/product\/yoast-seo-wordpress\/ -->\n<title>Cierge votif \u00e0 l&#039;encens bleu - Spirit-US<\/title>\n<meta name=\"robots\" content=\"index, follow, max-snippet:-1, max-image-preview:large, max-video-preview:-1\" \/>\n<link rel=\"canonical\" href=\"https:\/\/www.spirit-us.eu\/index.php\/produit\/cierge\/\" \/>\n<meta property=\"og:locale\" content=\"fr_FR\" \/>\n<meta property=\"og:type\" content=\"article\" \/>\n<meta property=\"og:title\" content=\"Cierge votif \u00e0 l&#039;encens bleu - Spirit-US\" \/>\n<meta property=\"og:description\" content=\"Bougie votive avec encens Notre-Dame et de saint Michel. Elle est orn\u00e9e de granul\u00e9s d\u00e9coratifs bleus et gris, id\u00e9ale pour la m\u00e9ditation du soir, lorsqu\u2019on a besoin de se sentir prot\u00e9g\u00e9.e et aim\u00e9.e par nos guides et nos Aidants de lumi\u00e8re. Fourni avec huile pour enduire la m\u00e8che. Avec cette bougie votive, on utilise deux \u00e9l\u00e9ments en une seule bougie\u00a0: l\u2019offrande de lumi\u00e8re et l\u2019offrande de parfum. Voyez la c\u00e9r\u00e9monie de b\u00e9n\u00e9diction des cierges pour que le rituel soit complet et parfait, pour compl\u00e9ter vos demande et pri\u00e8re.\" \/>\n<meta property=\"og:url\" content=\"https:\/\/www.spirit-us.eu\/index.php\/produit\/cierge\/\" \/>\n<meta property=\"og:site_name\" content=\"Spirit-US\" \/>\n<meta property=\"article:publisher\" content=\"https:\/\/www.facebook.com\/spirit.us.deum\" \/>\n<meta property=\"article:modified_time\" content=\"2025-12-20T09:40:30+00:00\" \/>\n<meta property=\"og:image\" content=\"https:\/\/www.spirit-us.eu\/wp-content\/uploads\/2025\/04\/bougie-votive-avec-encens-notre-dame-de-lourdes.jpg\" \/>\n\t<meta property=\"og:image:width\" content=\"1600\" \/>\n\t<meta property=\"og:image:height\" content=\"1600\" \/>\n\t<meta property=\"og:image:type\" content=\"image\/jpeg\" \/>\n<meta name=\"twitter:card\" content=\"summary_large_image\" \/>\n<script type=\"application\/ld+json\" class=\"yoast-schema-graph\">{\"@context\":\"https:\/\/schema.org\",\"@graph\":[{\"@type\":\"WebPage\",\"@id\":\"https:\/\/www.spirit-us.eu\/index.php\/produit\/cierge\/\",\"url\":\"https:\/\/www.spirit-us.eu\/index.php\/produit\/cierge\/\",\"name\":\"Cierge votif \u00e0 l'encens bleu - Spirit-US\",\"isPartOf\":{\"@id\":\"https:\/\/www.spirit-us.eu\/#website\"},\"primaryImageOfPage\":{\"@id\":\"https:\/\/www.spirit-us.eu\/index.php\/produit\/cierge\/#primaryimage\"},\"image\":{\"@id\":\"https:\/\/www.spirit-us.eu\/index.php\/produit\/cierge\/#primaryimage\"},\"thumbnailUrl\":\"https:\/\/www.spirit-us.eu\/wp-content\/uploads\/2025\/04\/bougie-votive-avec-encens-notre-dame-de-lourdes.jpg\",\"datePublished\":\"2025-04-21T09:55:44+00:00\",\"dateModified\":\"2025-12-20T09:40:30+00:00\",\"breadcrumb\":{\"@id\":\"https:\/\/www.spirit-us.eu\/index.php\/produit\/cierge\/#breadcrumb\"},\"inLanguage\":\"fr-FR\",\"potentialAction\":[{\"@type\":\"ReadAction\",\"target\":[\"https:\/\/www.spirit-us.eu\/index.php\/produit\/cierge\/\"]}]},{\"@type\":\"ImageObject\",\"inLanguage\":\"fr-FR\",\"@id\":\"https:\/\/www.spirit-us.eu\/index.php\/produit\/cierge\/#primaryimage\",\"url\":\"https:\/\/www.spirit-us.eu\/wp-content\/uploads\/2025\/04\/bougie-votive-avec-encens-notre-dame-de-lourdes.jpg\",\"contentUrl\":\"https:\/\/www.spirit-us.eu\/wp-content\/uploads\/2025\/04\/bougie-votive-avec-encens-notre-dame-de-lourdes.jpg\",\"width\":1600,\"height\":1600},{\"@type\":\"BreadcrumbList\",\"@id\":\"https:\/\/www.spirit-us.eu\/index.php\/produit\/cierge\/#breadcrumb\",\"itemListElement\":[{\"@type\":\"ListItem\",\"position\":1,\"name\":\"Accueil\",\"item\":\"https:\/\/www.spirit-us.eu\/\"},{\"@type\":\"ListItem\",\"position\":2,\"name\":\"Boutique\",\"item\":\"https:\/\/www.spirit-us.eu\/index.php\/boutique\/\"},{\"@type\":\"ListItem\",\"position\":3,\"name\":\"Cierge votif \u00e0 l&rsquo;encens bleu\"}]},{\"@type\":\"WebSite\",\"@id\":\"https:\/\/www.spirit-us.eu\/#website\",\"url\":\"https:\/\/www.spirit-us.eu\/\",\"name\":\"Spirit-US\",\"description\":\"\",\"publisher\":{\"@id\":\"https:\/\/www.spirit-us.eu\/#organization\"},\"potentialAction\":[{\"@type\":\"SearchAction\",\"target\":{\"@type\":\"EntryPoint\",\"urlTemplate\":\"https:\/\/www.spirit-us.eu\/?s={search_term_string}\"},\"query-input\":{\"@type\":\"PropertyValueSpecification\",\"valueRequired\":true,\"valueName\":\"search_term_string\"}}],\"inLanguage\":\"fr-FR\"},{\"@type\":\"Organization\",\"@id\":\"https:\/\/www.spirit-us.eu\/#organization\",\"name\":\"Spirit-US\",\"url\":\"https:\/\/www.spirit-us.eu\/\",\"logo\":{\"@type\":\"ImageObject\",\"inLanguage\":\"fr-FR\",\"@id\":\"https:\/\/www.spirit-us.eu\/#\/schema\/logo\/image\/\",\"url\":\"https:\/\/www.spirit-us.eu\/wp-content\/uploads\/2025\/11\/logo-regarde-linterlocutrice-sans-arrriere-plan.jpg\",\"contentUrl\":\"https:\/\/www.spirit-us.eu\/wp-content\/uploads\/2025\/11\/logo-regarde-linterlocutrice-sans-arrriere-plan.jpg\",\"width\":1080,\"height\":1080,\"caption\":\"Spirit-US\"},\"image\":{\"@id\":\"https:\/\/www.spirit-us.eu\/#\/schema\/logo\/image\/\"},\"sameAs\":[\"https:\/\/www.facebook.com\/spirit.us.deum\"]}]}<\/script>\n<!-- \/ Yoast SEO plugin. -->","yoast_head_json":{"title":"Cierge votif \u00e0 l'encens bleu - Spirit-US","robots":{"index":"index","follow":"follow","max-snippet":"max-snippet:-1","max-image-preview":"max-image-preview:large","max-video-preview":"max-video-preview:-1"},"canonical":"https:\/\/www.spirit-us.eu\/index.php\/produit\/cierge\/","og_locale":"fr_FR","og_type":"article","og_title":"Cierge votif \u00e0 l'encens bleu - Spirit-US","og_description":"Bougie votive avec encens Notre-Dame et de saint Michel. Elle est orn\u00e9e de granul\u00e9s d\u00e9coratifs bleus et gris, id\u00e9ale pour la m\u00e9ditation du soir, lorsqu\u2019on a besoin de se sentir prot\u00e9g\u00e9.e et aim\u00e9.e par nos guides et nos Aidants de lumi\u00e8re. Fourni avec huile pour enduire la m\u00e8che. Avec cette bougie votive, on utilise deux \u00e9l\u00e9ments en une seule bougie\u00a0: l\u2019offrande de lumi\u00e8re et l\u2019offrande de parfum. Voyez la c\u00e9r\u00e9monie de b\u00e9n\u00e9diction des cierges pour que le rituel soit complet et parfait, pour compl\u00e9ter vos demande et pri\u00e8re.","og_url":"https:\/\/www.spirit-us.eu\/index.php\/produit\/cierge\/","og_site_name":"Spirit-US","article_publisher":"https:\/\/www.facebook.com\/spirit.us.deum","article_modified_time":"2025-12-20T09:40:30+00:00","og_image":[{"width":1600,"height":1600,"url":"https:\/\/www.spirit-us.eu\/wp-content\/uploads\/2025\/04\/bougie-votive-avec-encens-notre-dame-de-lourdes.jpg","type":"image\/jpeg"}],"twitter_card":"summary_large_image","schema":{"@context":"https:\/\/schema.org","@graph":[{"@type":"WebPage","@id":"https:\/\/www.spirit-us.eu\/index.php\/produit\/cierge\/","url":"https:\/\/www.spirit-us.eu\/index.php\/produit\/cierge\/","name":"Cierge votif \u00e0 l'encens bleu - Spirit-US","isPartOf":{"@id":"https:\/\/www.spirit-us.eu\/#website"},"primaryImageOfPage":{"@id":"https:\/\/www.spirit-us.eu\/index.php\/produit\/cierge\/#primaryimage"},"image":{"@id":"https:\/\/www.spirit-us.eu\/index.php\/produit\/cierge\/#primaryimage"},"thumbnailUrl":"https:\/\/www.spirit-us.eu\/wp-content\/uploads\/2025\/04\/bougie-votive-avec-encens-notre-dame-de-lourdes.jpg","datePublished":"2025-04-21T09:55:44+00:00","dateModified":"2025-12-20T09:40:30+00:00","breadcrumb":{"@id":"https:\/\/www.spirit-us.eu\/index.php\/produit\/cierge\/#breadcrumb"},"inLanguage":"fr-FR","potentialAction":[{"@type":"ReadAction","target":["https:\/\/www.spirit-us.eu\/index.php\/produit\/cierge\/"]}]},{"@type":"ImageObject","inLanguage":"fr-FR","@id":"https:\/\/www.spirit-us.eu\/index.php\/produit\/cierge\/#primaryimage","url":"https:\/\/www.spirit-us.eu\/wp-content\/uploads\/2025\/04\/bougie-votive-avec-encens-notre-dame-de-lourdes.jpg","contentUrl":"https:\/\/www.spirit-us.eu\/wp-content\/uploads\/2025\/04\/bougie-votive-avec-encens-notre-dame-de-lourdes.jpg","width":1600,"height":1600},{"@type":"BreadcrumbList","@id":"https:\/\/www.spirit-us.eu\/index.php\/produit\/cierge\/#breadcrumb","itemListElement":[{"@type":"ListItem","position":1,"name":"Accueil","item":"https:\/\/www.spirit-us.eu\/"},{"@type":"ListItem","position":2,"name":"Boutique","item":"https:\/\/www.spirit-us.eu\/index.php\/boutique\/"},{"@type":"ListItem","position":3,"name":"Cierge votif \u00e0 l&rsquo;encens bleu"}]},{"@type":"WebSite","@id":"https:\/\/www.spirit-us.eu\/#website","url":"https:\/\/www.spirit-us.eu\/","name":"Spirit-US","description":"","publisher":{"@id":"https:\/\/www.spirit-us.eu\/#organization"},"potentialAction":[{"@type":"SearchAction","target":{"@type":"EntryPoint","urlTemplate":"https:\/\/www.spirit-us.eu\/?s={search_term_string}"},"query-input":{"@type":"PropertyValueSpecification","valueRequired":true,"valueName":"search_term_string"}}],"inLanguage":"fr-FR"},{"@type":"Organization","@id":"https:\/\/www.spirit-us.eu\/#organization","name":"Spirit-US","url":"https:\/\/www.spirit-us.eu\/","logo":{"@type":"ImageObject","inLanguage":"fr-FR","@id":"https:\/\/www.spirit-us.eu\/#\/schema\/logo\/image\/","url":"https:\/\/www.spirit-us.eu\/wp-content\/uploads\/2025\/11\/logo-regarde-linterlocutrice-sans-arrriere-plan.jpg","contentUrl":"https:\/\/www.spirit-us.eu\/wp-content\/uploads\/2025\/11\/logo-regarde-linterlocutrice-sans-arrriere-plan.jpg","width":1080,"height":1080,"caption":"Spirit-US"},"image":{"@id":"https:\/\/www.spirit-us.eu\/#\/schema\/logo\/image\/"},"sameAs":["https:\/\/www.facebook.com\/spirit.us.deum"]}]}},"jetpack_sharing_enabled":true,"_links":{"self":[{"href":"https:\/\/www.spirit-us.eu\/index.php\/wp-json\/wp\/v2\/product\/948","targetHints":{"allow":["GET"]}}],"collection":[{"href":"https:\/\/www.spirit-us.eu\/index.php\/wp-json\/wp\/v2\/product"}],"about":[{"href":"https:\/\/www.spirit-us.eu\/index.php\/wp-json\/wp\/v2\/types\/product"}],"replies":[{"embeddable":true,"href":"https:\/\/www.spirit-us.eu\/index.php\/wp-json\/wp\/v2\/comments?post=948"}],"wp:featuredmedia":[{"embeddable":true,"href":"https:\/\/www.spirit-us.eu\/index.php\/wp-json\/wp\/v2\/media\/949"}],"wp:attachment":[{"href":"https:\/\/www.spirit-us.eu\/index.php\/wp-json\/wp\/v2\/media?parent=948"}],"wp:term":[{"taxonomy":"product_brand","embeddable":true,"href":"https:\/\/www.spirit-us.eu\/index.php\/wp-json\/wp\/v2\/product_brand?post=948"},{"taxonomy":"product_cat","embeddable":true,"href":"https:\/\/www.spirit-us.eu\/index.php\/wp-json\/wp\/v2\/product_cat?post=948"},{"taxonomy":"product_tag","embeddable":true,"href":"https:\/\/www.spirit-us.eu\/index.php\/wp-json\/wp\/v2\/product_tag?post=948"},{"taxonomy":"mwb_booking_cost","embeddable":true,"href":"https:\/\/www.spirit-us.eu\/index.php\/wp-json\/wp\/v2\/mwb_booking_cost?post=948"},{"taxonomy":"mwb_booking_service","embeddable":true,"href":"https:\/\/www.spirit-us.eu\/index.php\/wp-json\/wp\/v2\/mwb_booking_service?post=948"}],"curies":[{"name":"wp","href":"https:\/\/api.w.org\/{rel}","templated":true}]}}