{"id":838,"date":"2025-04-15T14:19:19","date_gmt":"2025-04-15T12:19:19","guid":{"rendered":"https:\/\/www.spirit-us.eu\/?post_type=product&#038;p=838"},"modified":"2025-04-15T14:34:00","modified_gmt":"2025-04-15T12:34:00","slug":"brule-encens-en-laiton-dore-et-grand-manche-de-bois-itinerant","status":"publish","type":"product","link":"https:\/\/www.spirit-us.eu\/index.php\/produit\/brule-encens-en-laiton-dore-et-grand-manche-de-bois-itinerant\/","title":{"rendered":"Br\u00fble-encens en laiton dor\u00e9 \u00e0 poser"},"content":{"rendered":"<p><u>Description<\/u>\u00a0:<\/p>\n<p><strong>Hauteur\u00a0: <\/strong>8 cm<\/p>\n<p><strong>Diam\u00e8tre\u00a0: <\/strong>8 cm<\/p>\n<p><strong>Mat\u00e9riau<\/strong>\u00a0: laiton<\/p>\n<p><strong>Couleur<\/strong>\u00a0: dor\u00e9e<\/p>\n<p><strong>Poids de livraison : <\/strong>0.3 Kg<\/p>\n","protected":false},"excerpt":{"rendered":"<p>Encensoir tr\u00e8s pratique en laiton dor\u00e9 : de petite dimension, il se pose sur une chemin\u00e9e, un support ignifug\u00e9, il est dimensionn\u00e9 pour contenir un charbon unique et des grains d&rsquo;encens \u00e0 profusion.<\/p>\n<p>Br\u00fbleur encens laiton dor\u00e9 brillant h 8 cm. Br\u00fbleur d&rsquo;encens avec couvercle d\u00e9coratif pointu, r\u00e9alis\u00e9 en laiton dor\u00e9 brillant. Mod\u00e8le de 8 cm de hauteur, petit et facile \u00e0 utiliser.<\/p>\n","protected":false},"featured_media":840,"comment_status":"open","ping_status":"closed","template":"","meta":[],"product_brand":[],"product_cat":[165,17],"product_tag":[],"mwb_booking_cost":[],"mwb_booking_service":[],"class_list":{"0":"post-838","1":"product","2":"type-product","3":"status-publish","4":"has-post-thumbnail","6":"product_cat-10-encens","7":"product_cat-tous-les-produits","9":"first","10":"instock","11":"shipping-taxable","12":"purchasable","13":"product-type-simple"},"yoast_head":"<!-- This site is optimized with the Yoast SEO plugin v27.1.1 - https:\/\/yoast.com\/product\/yoast-seo-wordpress\/ -->\n<title>Br\u00fble-encens en laiton dor\u00e9 \u00e0 poser - Spirit-US<\/title>\n<meta name=\"robots\" content=\"index, follow, max-snippet:-1, max-image-preview:large, max-video-preview:-1\" \/>\n<link rel=\"canonical\" href=\"https:\/\/www.spirit-us.eu\/index.php\/produit\/brule-encens-en-laiton-dore-et-grand-manche-de-bois-itinerant\/\" \/>\n<meta property=\"og:locale\" content=\"fr_FR\" \/>\n<meta property=\"og:type\" content=\"article\" \/>\n<meta property=\"og:title\" content=\"Br\u00fble-encens en laiton dor\u00e9 \u00e0 poser - Spirit-US\" \/>\n<meta property=\"og:description\" content=\"Encensoir tr\u00e8s pratique en laiton dor\u00e9 : de petite dimension, il se pose sur une chemin\u00e9e, un support ignifug\u00e9, il est dimensionn\u00e9 pour contenir un charbon unique et des grains d&#039;encens \u00e0 profusion.  Br\u00fbleur encens laiton dor\u00e9 brillant h 8 cm. Br\u00fbleur d&#039;encens avec couvercle d\u00e9coratif pointu, r\u00e9alis\u00e9 en laiton dor\u00e9 brillant. Mod\u00e8le de 8 cm de hauteur, petit et facile \u00e0 utiliser.\" \/>\n<meta property=\"og:url\" content=\"https:\/\/www.spirit-us.eu\/index.php\/produit\/brule-encens-en-laiton-dore-et-grand-manche-de-bois-itinerant\/\" \/>\n<meta property=\"og:site_name\" content=\"Spirit-US\" \/>\n<meta property=\"article:publisher\" content=\"https:\/\/www.facebook.com\/spirit.us.deum\" \/>\n<meta property=\"article:modified_time\" content=\"2025-04-15T12:34:00+00:00\" \/>\n<meta property=\"og:image\" content=\"https:\/\/www.spirit-us.eu\/wp-content\/uploads\/2025\/04\/encensoir-a-poser.png\" \/>\n\t<meta property=\"og:image:width\" content=\"1080\" \/>\n\t<meta property=\"og:image:height\" content=\"1080\" \/>\n\t<meta property=\"og:image:type\" content=\"image\/png\" \/>\n<meta name=\"twitter:card\" content=\"summary_large_image\" \/>\n<script type=\"application\/ld+json\" class=\"yoast-schema-graph\">{\"@context\":\"https:\/\/schema.org\",\"@graph\":[{\"@type\":\"WebPage\",\"@id\":\"https:\/\/www.spirit-us.eu\/index.php\/produit\/brule-encens-en-laiton-dore-et-grand-manche-de-bois-itinerant\/\",\"url\":\"https:\/\/www.spirit-us.eu\/index.php\/produit\/brule-encens-en-laiton-dore-et-grand-manche-de-bois-itinerant\/\",\"name\":\"Br\u00fble-encens en laiton dor\u00e9 \u00e0 poser - Spirit-US\",\"isPartOf\":{\"@id\":\"https:\/\/www.spirit-us.eu\/#website\"},\"primaryImageOfPage\":{\"@id\":\"https:\/\/www.spirit-us.eu\/index.php\/produit\/brule-encens-en-laiton-dore-et-grand-manche-de-bois-itinerant\/#primaryimage\"},\"image\":{\"@id\":\"https:\/\/www.spirit-us.eu\/index.php\/produit\/brule-encens-en-laiton-dore-et-grand-manche-de-bois-itinerant\/#primaryimage\"},\"thumbnailUrl\":\"https:\/\/www.spirit-us.eu\/wp-content\/uploads\/2025\/04\/encensoir-a-poser.png\",\"datePublished\":\"2025-04-15T12:19:19+00:00\",\"dateModified\":\"2025-04-15T12:34:00+00:00\",\"breadcrumb\":{\"@id\":\"https:\/\/www.spirit-us.eu\/index.php\/produit\/brule-encens-en-laiton-dore-et-grand-manche-de-bois-itinerant\/#breadcrumb\"},\"inLanguage\":\"fr-FR\",\"potentialAction\":[{\"@type\":\"ReadAction\",\"target\":[\"https:\/\/www.spirit-us.eu\/index.php\/produit\/brule-encens-en-laiton-dore-et-grand-manche-de-bois-itinerant\/\"]}]},{\"@type\":\"ImageObject\",\"inLanguage\":\"fr-FR\",\"@id\":\"https:\/\/www.spirit-us.eu\/index.php\/produit\/brule-encens-en-laiton-dore-et-grand-manche-de-bois-itinerant\/#primaryimage\",\"url\":\"https:\/\/www.spirit-us.eu\/wp-content\/uploads\/2025\/04\/encensoir-a-poser.png\",\"contentUrl\":\"https:\/\/www.spirit-us.eu\/wp-content\/uploads\/2025\/04\/encensoir-a-poser.png\",\"width\":1080,\"height\":1080},{\"@type\":\"BreadcrumbList\",\"@id\":\"https:\/\/www.spirit-us.eu\/index.php\/produit\/brule-encens-en-laiton-dore-et-grand-manche-de-bois-itinerant\/#breadcrumb\",\"itemListElement\":[{\"@type\":\"ListItem\",\"position\":1,\"name\":\"Accueil\",\"item\":\"https:\/\/www.spirit-us.eu\/\"},{\"@type\":\"ListItem\",\"position\":2,\"name\":\"Boutique\",\"item\":\"https:\/\/www.spirit-us.eu\/index.php\/boutique\/\"},{\"@type\":\"ListItem\",\"position\":3,\"name\":\"Br\u00fble-encens en laiton dor\u00e9 \u00e0 poser\"}]},{\"@type\":\"WebSite\",\"@id\":\"https:\/\/www.spirit-us.eu\/#website\",\"url\":\"https:\/\/www.spirit-us.eu\/\",\"name\":\"Spirit-US\",\"description\":\"\",\"publisher\":{\"@id\":\"https:\/\/www.spirit-us.eu\/#organization\"},\"potentialAction\":[{\"@type\":\"SearchAction\",\"target\":{\"@type\":\"EntryPoint\",\"urlTemplate\":\"https:\/\/www.spirit-us.eu\/?s={search_term_string}\"},\"query-input\":{\"@type\":\"PropertyValueSpecification\",\"valueRequired\":true,\"valueName\":\"search_term_string\"}}],\"inLanguage\":\"fr-FR\"},{\"@type\":\"Organization\",\"@id\":\"https:\/\/www.spirit-us.eu\/#organization\",\"name\":\"Spirit-US\",\"url\":\"https:\/\/www.spirit-us.eu\/\",\"logo\":{\"@type\":\"ImageObject\",\"inLanguage\":\"fr-FR\",\"@id\":\"https:\/\/www.spirit-us.eu\/#\/schema\/logo\/image\/\",\"url\":\"https:\/\/www.spirit-us.eu\/wp-content\/uploads\/2025\/11\/logo-regarde-linterlocutrice-sans-arrriere-plan.jpg\",\"contentUrl\":\"https:\/\/www.spirit-us.eu\/wp-content\/uploads\/2025\/11\/logo-regarde-linterlocutrice-sans-arrriere-plan.jpg\",\"width\":1080,\"height\":1080,\"caption\":\"Spirit-US\"},\"image\":{\"@id\":\"https:\/\/www.spirit-us.eu\/#\/schema\/logo\/image\/\"},\"sameAs\":[\"https:\/\/www.facebook.com\/spirit.us.deum\"]}]}<\/script>\n<!-- \/ Yoast SEO plugin. -->","yoast_head_json":{"title":"Br\u00fble-encens en laiton dor\u00e9 \u00e0 poser - Spirit-US","robots":{"index":"index","follow":"follow","max-snippet":"max-snippet:-1","max-image-preview":"max-image-preview:large","max-video-preview":"max-video-preview:-1"},"canonical":"https:\/\/www.spirit-us.eu\/index.php\/produit\/brule-encens-en-laiton-dore-et-grand-manche-de-bois-itinerant\/","og_locale":"fr_FR","og_type":"article","og_title":"Br\u00fble-encens en laiton dor\u00e9 \u00e0 poser - Spirit-US","og_description":"Encensoir tr\u00e8s pratique en laiton dor\u00e9 : de petite dimension, il se pose sur une chemin\u00e9e, un support ignifug\u00e9, il est dimensionn\u00e9 pour contenir un charbon unique et des grains d'encens \u00e0 profusion.  Br\u00fbleur encens laiton dor\u00e9 brillant h 8 cm. Br\u00fbleur d'encens avec couvercle d\u00e9coratif pointu, r\u00e9alis\u00e9 en laiton dor\u00e9 brillant. Mod\u00e8le de 8 cm de hauteur, petit et facile \u00e0 utiliser.","og_url":"https:\/\/www.spirit-us.eu\/index.php\/produit\/brule-encens-en-laiton-dore-et-grand-manche-de-bois-itinerant\/","og_site_name":"Spirit-US","article_publisher":"https:\/\/www.facebook.com\/spirit.us.deum","article_modified_time":"2025-04-15T12:34:00+00:00","og_image":[{"width":1080,"height":1080,"url":"https:\/\/www.spirit-us.eu\/wp-content\/uploads\/2025\/04\/encensoir-a-poser.png","type":"image\/png"}],"twitter_card":"summary_large_image","schema":{"@context":"https:\/\/schema.org","@graph":[{"@type":"WebPage","@id":"https:\/\/www.spirit-us.eu\/index.php\/produit\/brule-encens-en-laiton-dore-et-grand-manche-de-bois-itinerant\/","url":"https:\/\/www.spirit-us.eu\/index.php\/produit\/brule-encens-en-laiton-dore-et-grand-manche-de-bois-itinerant\/","name":"Br\u00fble-encens en laiton dor\u00e9 \u00e0 poser - Spirit-US","isPartOf":{"@id":"https:\/\/www.spirit-us.eu\/#website"},"primaryImageOfPage":{"@id":"https:\/\/www.spirit-us.eu\/index.php\/produit\/brule-encens-en-laiton-dore-et-grand-manche-de-bois-itinerant\/#primaryimage"},"image":{"@id":"https:\/\/www.spirit-us.eu\/index.php\/produit\/brule-encens-en-laiton-dore-et-grand-manche-de-bois-itinerant\/#primaryimage"},"thumbnailUrl":"https:\/\/www.spirit-us.eu\/wp-content\/uploads\/2025\/04\/encensoir-a-poser.png","datePublished":"2025-04-15T12:19:19+00:00","dateModified":"2025-04-15T12:34:00+00:00","breadcrumb":{"@id":"https:\/\/www.spirit-us.eu\/index.php\/produit\/brule-encens-en-laiton-dore-et-grand-manche-de-bois-itinerant\/#breadcrumb"},"inLanguage":"fr-FR","potentialAction":[{"@type":"ReadAction","target":["https:\/\/www.spirit-us.eu\/index.php\/produit\/brule-encens-en-laiton-dore-et-grand-manche-de-bois-itinerant\/"]}]},{"@type":"ImageObject","inLanguage":"fr-FR","@id":"https:\/\/www.spirit-us.eu\/index.php\/produit\/brule-encens-en-laiton-dore-et-grand-manche-de-bois-itinerant\/#primaryimage","url":"https:\/\/www.spirit-us.eu\/wp-content\/uploads\/2025\/04\/encensoir-a-poser.png","contentUrl":"https:\/\/www.spirit-us.eu\/wp-content\/uploads\/2025\/04\/encensoir-a-poser.png","width":1080,"height":1080},{"@type":"BreadcrumbList","@id":"https:\/\/www.spirit-us.eu\/index.php\/produit\/brule-encens-en-laiton-dore-et-grand-manche-de-bois-itinerant\/#breadcrumb","itemListElement":[{"@type":"ListItem","position":1,"name":"Accueil","item":"https:\/\/www.spirit-us.eu\/"},{"@type":"ListItem","position":2,"name":"Boutique","item":"https:\/\/www.spirit-us.eu\/index.php\/boutique\/"},{"@type":"ListItem","position":3,"name":"Br\u00fble-encens en laiton dor\u00e9 \u00e0 poser"}]},{"@type":"WebSite","@id":"https:\/\/www.spirit-us.eu\/#website","url":"https:\/\/www.spirit-us.eu\/","name":"Spirit-US","description":"","publisher":{"@id":"https:\/\/www.spirit-us.eu\/#organization"},"potentialAction":[{"@type":"SearchAction","target":{"@type":"EntryPoint","urlTemplate":"https:\/\/www.spirit-us.eu\/?s={search_term_string}"},"query-input":{"@type":"PropertyValueSpecification","valueRequired":true,"valueName":"search_term_string"}}],"inLanguage":"fr-FR"},{"@type":"Organization","@id":"https:\/\/www.spirit-us.eu\/#organization","name":"Spirit-US","url":"https:\/\/www.spirit-us.eu\/","logo":{"@type":"ImageObject","inLanguage":"fr-FR","@id":"https:\/\/www.spirit-us.eu\/#\/schema\/logo\/image\/","url":"https:\/\/www.spirit-us.eu\/wp-content\/uploads\/2025\/11\/logo-regarde-linterlocutrice-sans-arrriere-plan.jpg","contentUrl":"https:\/\/www.spirit-us.eu\/wp-content\/uploads\/2025\/11\/logo-regarde-linterlocutrice-sans-arrriere-plan.jpg","width":1080,"height":1080,"caption":"Spirit-US"},"image":{"@id":"https:\/\/www.spirit-us.eu\/#\/schema\/logo\/image\/"},"sameAs":["https:\/\/www.facebook.com\/spirit.us.deum"]}]}},"jetpack_sharing_enabled":true,"_links":{"self":[{"href":"https:\/\/www.spirit-us.eu\/index.php\/wp-json\/wp\/v2\/product\/838","targetHints":{"allow":["GET"]}}],"collection":[{"href":"https:\/\/www.spirit-us.eu\/index.php\/wp-json\/wp\/v2\/product"}],"about":[{"href":"https:\/\/www.spirit-us.eu\/index.php\/wp-json\/wp\/v2\/types\/product"}],"replies":[{"embeddable":true,"href":"https:\/\/www.spirit-us.eu\/index.php\/wp-json\/wp\/v2\/comments?post=838"}],"wp:featuredmedia":[{"embeddable":true,"href":"https:\/\/www.spirit-us.eu\/index.php\/wp-json\/wp\/v2\/media\/840"}],"wp:attachment":[{"href":"https:\/\/www.spirit-us.eu\/index.php\/wp-json\/wp\/v2\/media?parent=838"}],"wp:term":[{"taxonomy":"product_brand","embeddable":true,"href":"https:\/\/www.spirit-us.eu\/index.php\/wp-json\/wp\/v2\/product_brand?post=838"},{"taxonomy":"product_cat","embeddable":true,"href":"https:\/\/www.spirit-us.eu\/index.php\/wp-json\/wp\/v2\/product_cat?post=838"},{"taxonomy":"product_tag","embeddable":true,"href":"https:\/\/www.spirit-us.eu\/index.php\/wp-json\/wp\/v2\/product_tag?post=838"},{"taxonomy":"mwb_booking_cost","embeddable":true,"href":"https:\/\/www.spirit-us.eu\/index.php\/wp-json\/wp\/v2\/mwb_booking_cost?post=838"},{"taxonomy":"mwb_booking_service","embeddable":true,"href":"https:\/\/www.spirit-us.eu\/index.php\/wp-json\/wp\/v2\/mwb_booking_service?post=838"}],"curies":[{"name":"wp","href":"https:\/\/api.w.org\/{rel}","templated":true}]}}