{"id":757,"date":"2025-03-11T13:49:30","date_gmt":"2025-03-11T12:49:30","guid":{"rendered":"https:\/\/www.spirit-us.eu\/?post_type=product&#038;p=757"},"modified":"2025-12-20T10:45:04","modified_gmt":"2025-12-20T09:45:04","slug":"benediction-et-exorcisme-du-sel-rituelique","status":"publish","type":"product","link":"https:\/\/www.spirit-us.eu\/index.php\/produit\/benediction-et-exorcisme-du-sel-rituelique\/","title":{"rendered":"SEL BENI  &#8211; B\u00e9n\u00e9diction du SEL ritu\u00e9lique"},"content":{"rendered":"<p style=\"text-align: justify;\"><strong>Audio mp3<\/strong> : Antiques et secrets exorcisme &amp; b\u00e9n\u00e9diction du sel<\/p>\n<p style=\"text-align: justify;\"><strong>Dur\u00e9e<\/strong> : 15 minutes<\/p>\n<p style=\"text-align: justify;\"><strong>Sources<\/strong>\u00a0: Manuel des exorcismes de l\u2019\u00e9glise, \u00e9dition de Tournai (17<sup>\u00e8me<\/sup> si\u00e8cle) ; Livre secret des grands exorcismes inspir\u00e9s de Jean Semp\u00e9 et de Louys Ernest Houssay (Abb\u00e9 Julio, 19<sup>\u00e8me<\/sup> si\u00e8cle)<\/p>\n<p style=\"text-align: justify;\"><strong>Auteure de la compilation et du texte d\u00e9finitif<\/strong>\u00a0: Lola Lacroix<\/p>\n<p style=\"text-align: justify;\"><strong>Musique<\/strong> : audio mont\u00e9 avec musique sacr\u00e9e de 432 Hz (fr\u00e9quence de puret\u00e9 et de protection)\u00a0 &#8211; Peter Deunov &#8211; \u041b\u0438\u043a\u0443\u0432\u0430 \u0446\u044f\u043b\u0430\u0442\u0430 \u0437\u0435\u043c\u044f (Joie de la terre)<\/p>\n<p style=\"text-align: justify;\">Pour en savoir plus, voyez la vid\u00e9o\u00a0: <a href=\"https:\/\/www.youtube.com\/@exorciser-liberer-guerir\">https:\/\/www.youtube.com\/@exorciser-liberer-guerir<\/a><\/p>\n<p style=\"text-align: justify;\">Ce qui m\u2019a conduite \u00e0 mettre \u00e0 disposition de tous, les b\u00e9n\u00e9dictions les mieux con\u00e7ues pour les \u00e9l\u00e9ments de rituels et de b\u00e9n\u00e9dictions, trouve sa raison dans la grande \u00e9pid\u00e9mie de 2020. A cette \u00e9poque tous les lieux de cultes \u00e9taient ferm\u00e9s et il \u00e9tait devenu impossible de recueillir les \u00e9l\u00e9ments n\u00e9cessaires aux b\u00e9n\u00e9dictions du quotidien ou exceptionnelles.\u00a0 J\u2019ai re\u00e7u l\u2019autorisation de divulguer au plus grand nombre ces exorcismes.<\/p>\n","protected":false},"excerpt":{"rendered":"<p style=\"text-align: justify;\">B\u00e9n\u00e9diction et purification du sel pour vos rituels.\u00a0 N\u2019en manquez jamais. Le sel a des propri\u00e9t\u00e9s conservatrices, protectrices et curatives si on le porte sur soi, il absorbe les mauvaises ondes et repousse les attaques spirituelles jusqu&rsquo;\u00e0 un certain point.\u00a0 Quand c&rsquo;est n\u00e9cessaire, c&rsquo;est l&rsquo;au b\u00e9nite qui prend le relais.\u00a0 Depuis les temps imm\u00e9moriaux, le sel est utilis\u00e9 dans les rituels et les offrandes destin\u00e9es au divin.\u00a0 Toute offrande doit \u00eatre sal\u00e9e.\u00a0 Avec cet audio, vous ne manquerez jamais de sel b\u00e9ni et vous pourrez consacrer la quantit\u00e9 que vous voudrez. L\u2019audio mp3 est livr\u00e9 avec une brochure explicative reprenant tous les conseils d\u2019utilisation : quel sel utiliser, quand le b\u00e9nir, comment l&rsquo;utiliser. Un livret explicatif reprenant les textes de pri\u00e8res et consignes d&rsquo;utilisation est fourni avec la c\u00e9r\u00e9monie de b\u00e9n\u00e9diction. L&rsquo;audio mp3 est mont\u00e9 sur une musique sacr\u00e9e : La Joie de la Terre. Cette b\u00e9n\u00e9diction est la plus compl\u00e8te qui soit, attach\u00e9e aux traditions ancestrales. Appropriez-vous les 7 pouvoirs du sel b\u00e9ni. Pour compl\u00e9ter votre savoir et l\u2019utilisation de ce sel, offrez-vous le Manuel explicatif que j\u2019ai \u00e9crit, nourri par 35 ann\u00e9es de travaux, par ce lien : <a href=\"https:\/\/www.spirit-us.eu\/index.php\/produit\/les-7-pouvoirs-du-sel-exorcise\/\" target=\"_blank\" rel=\"noopener\">https:\/\/www.spirit-us.eu\/index.php\/produit\/les-7-pouvoirs-du-sel-exorcise\/<\/a><\/p>\n","protected":false},"featured_media":758,"comment_status":"open","ping_status":"closed","template":"","meta":[],"product_brand":[],"product_cat":[166,17,504],"product_tag":[169,200,201],"mwb_booking_cost":[],"mwb_booking_service":[],"class_list":{"0":"post-757","1":"product","2":"type-product","3":"status-publish","4":"has-post-thumbnail","6":"product_cat-07-spiritualite-et-benedictions","7":"product_cat-tous-les-produits","8":"product_cat-01-univers-sacre-accueil","9":"product_tag-protection","10":"product_tag-rituel-du-sel","11":"product_tag-rituels","13":"first","14":"instock","15":"downloadable","16":"virtual","17":"purchasable","18":"product-type-simple"},"yoast_head":"<!-- This site is optimized with the Yoast SEO plugin v27.1.1 - https:\/\/yoast.com\/product\/yoast-seo-wordpress\/ -->\n<title>SEL BENI - B\u00e9n\u00e9diction du SEL ritu\u00e9lique - Spirit-US<\/title>\n<meta name=\"robots\" content=\"index, follow, max-snippet:-1, max-image-preview:large, max-video-preview:-1\" \/>\n<link rel=\"canonical\" href=\"https:\/\/www.spirit-us.eu\/index.php\/produit\/benediction-et-exorcisme-du-sel-rituelique\/\" \/>\n<meta property=\"og:locale\" content=\"fr_FR\" \/>\n<meta property=\"og:type\" content=\"article\" \/>\n<meta property=\"og:title\" content=\"SEL BENI - B\u00e9n\u00e9diction du SEL ritu\u00e9lique - Spirit-US\" \/>\n<meta property=\"og:description\" content=\"B\u00e9n\u00e9diction et purification du sel pour vos rituels.\u00a0 N\u2019en manquez jamais. Le sel a des propri\u00e9t\u00e9s conservatrices, protectrices et curatives si on le porte sur soi, il absorbe les mauvaises ondes et repousse les attaques spirituelles jusqu&#039;\u00e0 un certain point.\u00a0 Quand c&#039;est n\u00e9cessaire, c&#039;est l&#039;au b\u00e9nite qui prend le relais.\u00a0 Depuis les temps imm\u00e9moriaux, le sel est utilis\u00e9 dans les rituels et les offrandes destin\u00e9es au divin.\u00a0 Toute offrande doit \u00eatre sal\u00e9e.\u00a0 Avec cet audio, vous ne manquerez jamais de sel b\u00e9ni et vous pourrez consacrer la quantit\u00e9 que vous voudrez. L\u2019audio mp3 est livr\u00e9 avec une brochure explicative reprenant tous les conseils d\u2019utilisation : quel sel utiliser, quand le b\u00e9nir, comment l&#039;utiliser. Un livret explicatif reprenant les textes de pri\u00e8res et consignes d&#039;utilisation est fourni avec la c\u00e9r\u00e9monie de b\u00e9n\u00e9diction. L&#039;audio mp3 est mont\u00e9 sur une musique sacr\u00e9e : La Joie de la Terre. Cette b\u00e9n\u00e9diction est la plus compl\u00e8te qui soit, attach\u00e9e aux traditions ancestrales. Appropriez-vous les 7 pouvoirs du sel b\u00e9ni. Pour compl\u00e9ter votre savoir et l\u2019utilisation de ce sel, offrez-vous le Manuel explicatif que j\u2019ai \u00e9crit, nourri par 35 ann\u00e9es de travaux, par ce lien : https:\/\/www.spirit-us.eu\/index.php\/produit\/les-7-pouvoirs-du-sel-exorcise\/\" \/>\n<meta property=\"og:url\" content=\"https:\/\/www.spirit-us.eu\/index.php\/produit\/benediction-et-exorcisme-du-sel-rituelique\/\" \/>\n<meta property=\"og:site_name\" content=\"Spirit-US\" \/>\n<meta property=\"article:publisher\" content=\"https:\/\/www.facebook.com\/spirit.us.deum\" \/>\n<meta property=\"article:modified_time\" content=\"2025-12-20T09:45:04+00:00\" \/>\n<meta property=\"og:image\" content=\"https:\/\/www.spirit-us.eu\/wp-content\/uploads\/2025\/03\/fiche-boutique-sel.jpg\" \/>\n\t<meta property=\"og:image:width\" content=\"1080\" \/>\n\t<meta property=\"og:image:height\" content=\"1080\" \/>\n\t<meta property=\"og:image:type\" content=\"image\/jpeg\" \/>\n<meta name=\"twitter:card\" content=\"summary_large_image\" \/>\n<meta name=\"twitter:label1\" content=\"Dur\u00e9e de lecture estim\u00e9e\" \/>\n\t<meta name=\"twitter:data1\" content=\"1 minute\" \/>\n<script type=\"application\/ld+json\" class=\"yoast-schema-graph\">{\"@context\":\"https:\/\/schema.org\",\"@graph\":[{\"@type\":\"WebPage\",\"@id\":\"https:\/\/www.spirit-us.eu\/index.php\/produit\/benediction-et-exorcisme-du-sel-rituelique\/\",\"url\":\"https:\/\/www.spirit-us.eu\/index.php\/produit\/benediction-et-exorcisme-du-sel-rituelique\/\",\"name\":\"SEL BENI - B\u00e9n\u00e9diction du SEL ritu\u00e9lique - Spirit-US\",\"isPartOf\":{\"@id\":\"https:\/\/www.spirit-us.eu\/#website\"},\"primaryImageOfPage\":{\"@id\":\"https:\/\/www.spirit-us.eu\/index.php\/produit\/benediction-et-exorcisme-du-sel-rituelique\/#primaryimage\"},\"image\":{\"@id\":\"https:\/\/www.spirit-us.eu\/index.php\/produit\/benediction-et-exorcisme-du-sel-rituelique\/#primaryimage\"},\"thumbnailUrl\":\"https:\/\/www.spirit-us.eu\/wp-content\/uploads\/2025\/03\/fiche-boutique-sel.jpg\",\"datePublished\":\"2025-03-11T12:49:30+00:00\",\"dateModified\":\"2025-12-20T09:45:04+00:00\",\"breadcrumb\":{\"@id\":\"https:\/\/www.spirit-us.eu\/index.php\/produit\/benediction-et-exorcisme-du-sel-rituelique\/#breadcrumb\"},\"inLanguage\":\"fr-FR\",\"potentialAction\":[{\"@type\":\"ReadAction\",\"target\":[\"https:\/\/www.spirit-us.eu\/index.php\/produit\/benediction-et-exorcisme-du-sel-rituelique\/\"]}]},{\"@type\":\"ImageObject\",\"inLanguage\":\"fr-FR\",\"@id\":\"https:\/\/www.spirit-us.eu\/index.php\/produit\/benediction-et-exorcisme-du-sel-rituelique\/#primaryimage\",\"url\":\"https:\/\/www.spirit-us.eu\/wp-content\/uploads\/2025\/03\/fiche-boutique-sel.jpg\",\"contentUrl\":\"https:\/\/www.spirit-us.eu\/wp-content\/uploads\/2025\/03\/fiche-boutique-sel.jpg\",\"width\":1080,\"height\":1080},{\"@type\":\"BreadcrumbList\",\"@id\":\"https:\/\/www.spirit-us.eu\/index.php\/produit\/benediction-et-exorcisme-du-sel-rituelique\/#breadcrumb\",\"itemListElement\":[{\"@type\":\"ListItem\",\"position\":1,\"name\":\"Accueil\",\"item\":\"https:\/\/www.spirit-us.eu\/\"},{\"@type\":\"ListItem\",\"position\":2,\"name\":\"Boutique\",\"item\":\"https:\/\/www.spirit-us.eu\/index.php\/boutique\/\"},{\"@type\":\"ListItem\",\"position\":3,\"name\":\"SEL BENI &#8211; B\u00e9n\u00e9diction du SEL ritu\u00e9lique\"}]},{\"@type\":\"WebSite\",\"@id\":\"https:\/\/www.spirit-us.eu\/#website\",\"url\":\"https:\/\/www.spirit-us.eu\/\",\"name\":\"Spirit-US\",\"description\":\"\",\"publisher\":{\"@id\":\"https:\/\/www.spirit-us.eu\/#organization\"},\"potentialAction\":[{\"@type\":\"SearchAction\",\"target\":{\"@type\":\"EntryPoint\",\"urlTemplate\":\"https:\/\/www.spirit-us.eu\/?s={search_term_string}\"},\"query-input\":{\"@type\":\"PropertyValueSpecification\",\"valueRequired\":true,\"valueName\":\"search_term_string\"}}],\"inLanguage\":\"fr-FR\"},{\"@type\":\"Organization\",\"@id\":\"https:\/\/www.spirit-us.eu\/#organization\",\"name\":\"Spirit-US\",\"url\":\"https:\/\/www.spirit-us.eu\/\",\"logo\":{\"@type\":\"ImageObject\",\"inLanguage\":\"fr-FR\",\"@id\":\"https:\/\/www.spirit-us.eu\/#\/schema\/logo\/image\/\",\"url\":\"https:\/\/www.spirit-us.eu\/wp-content\/uploads\/2025\/11\/logo-regarde-linterlocutrice-sans-arrriere-plan.jpg\",\"contentUrl\":\"https:\/\/www.spirit-us.eu\/wp-content\/uploads\/2025\/11\/logo-regarde-linterlocutrice-sans-arrriere-plan.jpg\",\"width\":1080,\"height\":1080,\"caption\":\"Spirit-US\"},\"image\":{\"@id\":\"https:\/\/www.spirit-us.eu\/#\/schema\/logo\/image\/\"},\"sameAs\":[\"https:\/\/www.facebook.com\/spirit.us.deum\"]}]}<\/script>\n<!-- \/ Yoast SEO plugin. -->","yoast_head_json":{"title":"SEL BENI - B\u00e9n\u00e9diction du SEL ritu\u00e9lique - Spirit-US","robots":{"index":"index","follow":"follow","max-snippet":"max-snippet:-1","max-image-preview":"max-image-preview:large","max-video-preview":"max-video-preview:-1"},"canonical":"https:\/\/www.spirit-us.eu\/index.php\/produit\/benediction-et-exorcisme-du-sel-rituelique\/","og_locale":"fr_FR","og_type":"article","og_title":"SEL BENI - B\u00e9n\u00e9diction du SEL ritu\u00e9lique - Spirit-US","og_description":"B\u00e9n\u00e9diction et purification du sel pour vos rituels.\u00a0 N\u2019en manquez jamais. Le sel a des propri\u00e9t\u00e9s conservatrices, protectrices et curatives si on le porte sur soi, il absorbe les mauvaises ondes et repousse les attaques spirituelles jusqu'\u00e0 un certain point.\u00a0 Quand c'est n\u00e9cessaire, c'est l'au b\u00e9nite qui prend le relais.\u00a0 Depuis les temps imm\u00e9moriaux, le sel est utilis\u00e9 dans les rituels et les offrandes destin\u00e9es au divin.\u00a0 Toute offrande doit \u00eatre sal\u00e9e.\u00a0 Avec cet audio, vous ne manquerez jamais de sel b\u00e9ni et vous pourrez consacrer la quantit\u00e9 que vous voudrez. L\u2019audio mp3 est livr\u00e9 avec une brochure explicative reprenant tous les conseils d\u2019utilisation : quel sel utiliser, quand le b\u00e9nir, comment l'utiliser. Un livret explicatif reprenant les textes de pri\u00e8res et consignes d'utilisation est fourni avec la c\u00e9r\u00e9monie de b\u00e9n\u00e9diction. L'audio mp3 est mont\u00e9 sur une musique sacr\u00e9e : La Joie de la Terre. Cette b\u00e9n\u00e9diction est la plus compl\u00e8te qui soit, attach\u00e9e aux traditions ancestrales. Appropriez-vous les 7 pouvoirs du sel b\u00e9ni. Pour compl\u00e9ter votre savoir et l\u2019utilisation de ce sel, offrez-vous le Manuel explicatif que j\u2019ai \u00e9crit, nourri par 35 ann\u00e9es de travaux, par ce lien : https:\/\/www.spirit-us.eu\/index.php\/produit\/les-7-pouvoirs-du-sel-exorcise\/","og_url":"https:\/\/www.spirit-us.eu\/index.php\/produit\/benediction-et-exorcisme-du-sel-rituelique\/","og_site_name":"Spirit-US","article_publisher":"https:\/\/www.facebook.com\/spirit.us.deum","article_modified_time":"2025-12-20T09:45:04+00:00","og_image":[{"width":1080,"height":1080,"url":"https:\/\/www.spirit-us.eu\/wp-content\/uploads\/2025\/03\/fiche-boutique-sel.jpg","type":"image\/jpeg"}],"twitter_card":"summary_large_image","twitter_misc":{"Dur\u00e9e de lecture estim\u00e9e":"1 minute"},"schema":{"@context":"https:\/\/schema.org","@graph":[{"@type":"WebPage","@id":"https:\/\/www.spirit-us.eu\/index.php\/produit\/benediction-et-exorcisme-du-sel-rituelique\/","url":"https:\/\/www.spirit-us.eu\/index.php\/produit\/benediction-et-exorcisme-du-sel-rituelique\/","name":"SEL BENI - B\u00e9n\u00e9diction du SEL ritu\u00e9lique - Spirit-US","isPartOf":{"@id":"https:\/\/www.spirit-us.eu\/#website"},"primaryImageOfPage":{"@id":"https:\/\/www.spirit-us.eu\/index.php\/produit\/benediction-et-exorcisme-du-sel-rituelique\/#primaryimage"},"image":{"@id":"https:\/\/www.spirit-us.eu\/index.php\/produit\/benediction-et-exorcisme-du-sel-rituelique\/#primaryimage"},"thumbnailUrl":"https:\/\/www.spirit-us.eu\/wp-content\/uploads\/2025\/03\/fiche-boutique-sel.jpg","datePublished":"2025-03-11T12:49:30+00:00","dateModified":"2025-12-20T09:45:04+00:00","breadcrumb":{"@id":"https:\/\/www.spirit-us.eu\/index.php\/produit\/benediction-et-exorcisme-du-sel-rituelique\/#breadcrumb"},"inLanguage":"fr-FR","potentialAction":[{"@type":"ReadAction","target":["https:\/\/www.spirit-us.eu\/index.php\/produit\/benediction-et-exorcisme-du-sel-rituelique\/"]}]},{"@type":"ImageObject","inLanguage":"fr-FR","@id":"https:\/\/www.spirit-us.eu\/index.php\/produit\/benediction-et-exorcisme-du-sel-rituelique\/#primaryimage","url":"https:\/\/www.spirit-us.eu\/wp-content\/uploads\/2025\/03\/fiche-boutique-sel.jpg","contentUrl":"https:\/\/www.spirit-us.eu\/wp-content\/uploads\/2025\/03\/fiche-boutique-sel.jpg","width":1080,"height":1080},{"@type":"BreadcrumbList","@id":"https:\/\/www.spirit-us.eu\/index.php\/produit\/benediction-et-exorcisme-du-sel-rituelique\/#breadcrumb","itemListElement":[{"@type":"ListItem","position":1,"name":"Accueil","item":"https:\/\/www.spirit-us.eu\/"},{"@type":"ListItem","position":2,"name":"Boutique","item":"https:\/\/www.spirit-us.eu\/index.php\/boutique\/"},{"@type":"ListItem","position":3,"name":"SEL BENI &#8211; B\u00e9n\u00e9diction du SEL ritu\u00e9lique"}]},{"@type":"WebSite","@id":"https:\/\/www.spirit-us.eu\/#website","url":"https:\/\/www.spirit-us.eu\/","name":"Spirit-US","description":"","publisher":{"@id":"https:\/\/www.spirit-us.eu\/#organization"},"potentialAction":[{"@type":"SearchAction","target":{"@type":"EntryPoint","urlTemplate":"https:\/\/www.spirit-us.eu\/?s={search_term_string}"},"query-input":{"@type":"PropertyValueSpecification","valueRequired":true,"valueName":"search_term_string"}}],"inLanguage":"fr-FR"},{"@type":"Organization","@id":"https:\/\/www.spirit-us.eu\/#organization","name":"Spirit-US","url":"https:\/\/www.spirit-us.eu\/","logo":{"@type":"ImageObject","inLanguage":"fr-FR","@id":"https:\/\/www.spirit-us.eu\/#\/schema\/logo\/image\/","url":"https:\/\/www.spirit-us.eu\/wp-content\/uploads\/2025\/11\/logo-regarde-linterlocutrice-sans-arrriere-plan.jpg","contentUrl":"https:\/\/www.spirit-us.eu\/wp-content\/uploads\/2025\/11\/logo-regarde-linterlocutrice-sans-arrriere-plan.jpg","width":1080,"height":1080,"caption":"Spirit-US"},"image":{"@id":"https:\/\/www.spirit-us.eu\/#\/schema\/logo\/image\/"},"sameAs":["https:\/\/www.facebook.com\/spirit.us.deum"]}]}},"jetpack_sharing_enabled":true,"_links":{"self":[{"href":"https:\/\/www.spirit-us.eu\/index.php\/wp-json\/wp\/v2\/product\/757","targetHints":{"allow":["GET"]}}],"collection":[{"href":"https:\/\/www.spirit-us.eu\/index.php\/wp-json\/wp\/v2\/product"}],"about":[{"href":"https:\/\/www.spirit-us.eu\/index.php\/wp-json\/wp\/v2\/types\/product"}],"replies":[{"embeddable":true,"href":"https:\/\/www.spirit-us.eu\/index.php\/wp-json\/wp\/v2\/comments?post=757"}],"wp:featuredmedia":[{"embeddable":true,"href":"https:\/\/www.spirit-us.eu\/index.php\/wp-json\/wp\/v2\/media\/758"}],"wp:attachment":[{"href":"https:\/\/www.spirit-us.eu\/index.php\/wp-json\/wp\/v2\/media?parent=757"}],"wp:term":[{"taxonomy":"product_brand","embeddable":true,"href":"https:\/\/www.spirit-us.eu\/index.php\/wp-json\/wp\/v2\/product_brand?post=757"},{"taxonomy":"product_cat","embeddable":true,"href":"https:\/\/www.spirit-us.eu\/index.php\/wp-json\/wp\/v2\/product_cat?post=757"},{"taxonomy":"product_tag","embeddable":true,"href":"https:\/\/www.spirit-us.eu\/index.php\/wp-json\/wp\/v2\/product_tag?post=757"},{"taxonomy":"mwb_booking_cost","embeddable":true,"href":"https:\/\/www.spirit-us.eu\/index.php\/wp-json\/wp\/v2\/mwb_booking_cost?post=757"},{"taxonomy":"mwb_booking_service","embeddable":true,"href":"https:\/\/www.spirit-us.eu\/index.php\/wp-json\/wp\/v2\/mwb_booking_service?post=757"}],"curies":[{"name":"wp","href":"https:\/\/api.w.org\/{rel}","templated":true}]}}