{"id":752,"date":"2025-03-11T13:20:30","date_gmt":"2025-03-11T12:20:30","guid":{"rendered":"https:\/\/www.spirit-us.eu\/?post_type=product&#038;p=752"},"modified":"2025-12-20T10:45:31","modified_gmt":"2025-12-20T09:45:31","slug":"eau-benite-benir-leau-chez-soi","status":"publish","type":"product","link":"https:\/\/www.spirit-us.eu\/index.php\/produit\/eau-benite-benir-leau-chez-soi\/","title":{"rendered":"EAU BENITE &#8211; b\u00e9nir l&rsquo;eau chez soi"},"content":{"rendered":"<p><span style=\"color: #000080;\"><strong>DESCRIPTION<\/strong><\/span><\/p>\n<p><span style=\"color: #000080;\"><strong>Audio mp3<\/strong>\u00a0: Antiques et secrets exorcisme &amp; b\u00e9n\u00e9diction de l\u2019eau<\/span><\/p>\n<p><span style=\"color: #000080;\"><strong>Dur\u00e9e<\/strong>\u00a0: 18 minutes<\/span><\/p>\n<p><span style=\"color: #000080;\"><strong>Sources<\/strong>\u00a0: Manuel des exorcismes de l\u2019\u00e9glise, \u00e9dition de Tournai (17<sup>\u00e8me<\/sup> si\u00e8cle)\u00a0; Livre secret des grands exorcismes inspir\u00e9s de Jean Semp\u00e9 et de louys Ernest Houssay\u00a0(19<sup>\u00e8me<\/sup> si\u00e8cle)<\/span><\/p>\n<p><span style=\"color: #000080;\"><strong>Auteure de la compilation et du texte d\u00e9finitif<\/strong>\u00a0: Lola Lacroix<\/span><\/p>\n<p><span style=\"color: #000080;\"><strong>Musique<\/strong>\u00a0: audio mont\u00e9 avec musique sacr\u00e9e de 432 Hz (fr\u00e9quence de puret\u00e9 et de perfection) Haendel, Musique de l\u2019eau, 1733, Angleterre.<\/span><\/p>\n<p><span style=\"color: #000080;\">Pour en savoir plus, voyez la vid\u00e9o\u00a0: <a style=\"color: #000080;\" href=\"https:\/\/www.youtube.com\/@exorciser-liberer-guerir\">https:\/\/www.youtube.com\/@exorciser-liberer-guerir<\/a><\/span><\/p>\n<p><span style=\"color: #000080;\">Ce qui m\u2019a conduite \u00e0 mettre \u00e0 disposition de tous, les b\u00e9n\u00e9dictions les mieux con\u00e7ues pour les \u00e9l\u00e9ments de rituels et de b\u00e9n\u00e9dictions, trouve sa raison dans la grande \u00e9pid\u00e9mie de 2020. A cette \u00e9poque tous les lieux de cultes \u00e9taient ferm\u00e9s et il \u00e9tait devenu impossible de recueillir les \u00e9l\u00e9ments n\u00e9cessaires aux b\u00e9n\u00e9dictions du quotidien ou exceptionnelles.\u00a0 J\u2019ai re\u00e7u l\u2019autorisation de divulguer au plus grand nombre ces exorcismes.<\/span><\/p>\n","protected":false},"excerpt":{"rendered":"<p><span style=\"color: #333399;\">Antique et secr\u00e8te b\u00e9n\u00e9diction de l\u2019eau, exorcisme pour en chasser les ondes n\u00e9gatives, pri\u00e8re transcendantale de purification spirituelle.<\/span><\/p>\n<p><span style=\"color: #333399;\">Ne manquez jamais d\u2019eau b\u00e9nite chez vous ou en quelque lieu que vous soyez. L\u2019audio mp3 est une c\u00e9r\u00e9monie compl\u00e8te, \u00e0 \u00e9couter en pr\u00e9sence de l\u2019eau que vous allez b\u00e9nir.\u00a0 A la fin de la c\u00e9r\u00e9monie, vous disposerez d\u2019eau b\u00e9nite dans les r\u00e8gles de l\u2019art, et vous pourrez disposer de la quantit\u00e9 dont vous avez besoin en toute circonstance. B\u00e9nir une maison ou un terrain requiert \u00e9norm\u00e9ment d\u2019eau exorcis\u00e9e.<\/span><\/p>\n<p><span style=\"color: #333399;\">L\u2019audio de b\u00e9n\u00e9diction est livr\u00e9 avec un livret complet reprenant\u00a0: la pri\u00e8re, toutes les utilisations de l\u2019eau b\u00e9nite, les r\u00e8gles de fonctionnement et le type d\u2019eau \u00e0 utiliser lorsqu\u2019on b\u00e9nit soi-m\u00eame l\u2019eau rituelle.<\/span><\/p>\n","protected":false},"featured_media":753,"comment_status":"open","ping_status":"closed","template":"","meta":[],"product_brand":[],"product_cat":[507,17,504],"product_tag":[],"mwb_booking_cost":[],"mwb_booking_service":[],"class_list":{"0":"post-752","1":"product","2":"type-product","3":"status-publish","4":"has-post-thumbnail","6":"product_cat-003-eau-benitiers","7":"product_cat-tous-les-produits","8":"product_cat-01-univers-sacre-accueil","10":"first","11":"instock","12":"downloadable","13":"virtual","14":"purchasable","15":"product-type-simple"},"yoast_head":"<!-- This site is optimized with the Yoast SEO plugin v27.1.1 - https:\/\/yoast.com\/product\/yoast-seo-wordpress\/ -->\n<title>EAU BENITE - b\u00e9nir l&#039;eau chez soi - Spirit-US<\/title>\n<meta name=\"robots\" content=\"index, follow, max-snippet:-1, max-image-preview:large, max-video-preview:-1\" \/>\n<link rel=\"canonical\" href=\"https:\/\/www.spirit-us.eu\/index.php\/produit\/eau-benite-benir-leau-chez-soi\/\" \/>\n<meta property=\"og:locale\" content=\"fr_FR\" \/>\n<meta property=\"og:type\" content=\"article\" \/>\n<meta property=\"og:title\" content=\"EAU BENITE - b\u00e9nir l&#039;eau chez soi - Spirit-US\" \/>\n<meta property=\"og:description\" content=\"Antique et secr\u00e8te b\u00e9n\u00e9diction de l\u2019eau, exorcisme pour en chasser les ondes n\u00e9gatives, pri\u00e8re transcendantale de purification spirituelle.  Ne manquez jamais d\u2019eau b\u00e9nite chez vous ou en quelque lieu que vous soyez. L\u2019audio mp3 est une c\u00e9r\u00e9monie compl\u00e8te, \u00e0 \u00e9couter en pr\u00e9sence de l\u2019eau que vous allez b\u00e9nir.\u00a0 A la fin de la c\u00e9r\u00e9monie, vous disposerez d\u2019eau b\u00e9nite dans les r\u00e8gles de l\u2019art, et vous pourrez disposer de la quantit\u00e9 dont vous avez besoin en toute circonstance. B\u00e9nir une maison ou un terrain requiert \u00e9norm\u00e9ment d\u2019eau exorcis\u00e9e.  L\u2019audio de b\u00e9n\u00e9diction est livr\u00e9 avec un livret complet reprenant\u00a0: la pri\u00e8re, toutes les utilisations de l\u2019eau b\u00e9nite, les r\u00e8gles de fonctionnement et le type d\u2019eau \u00e0 utiliser lorsqu\u2019on b\u00e9nit soi-m\u00eame l\u2019eau rituelle.\" \/>\n<meta property=\"og:url\" content=\"https:\/\/www.spirit-us.eu\/index.php\/produit\/eau-benite-benir-leau-chez-soi\/\" \/>\n<meta property=\"og:site_name\" content=\"Spirit-US\" \/>\n<meta property=\"article:publisher\" content=\"https:\/\/www.facebook.com\/spirit.us.deum\" \/>\n<meta property=\"article:modified_time\" content=\"2025-12-20T09:45:31+00:00\" \/>\n<meta property=\"og:image\" content=\"https:\/\/www.spirit-us.eu\/wp-content\/uploads\/2025\/03\/eau-image-produit.png\" \/>\n\t<meta property=\"og:image:width\" content=\"1080\" \/>\n\t<meta property=\"og:image:height\" content=\"1080\" \/>\n\t<meta property=\"og:image:type\" content=\"image\/png\" \/>\n<meta name=\"twitter:card\" content=\"summary_large_image\" \/>\n<meta name=\"twitter:label1\" content=\"Dur\u00e9e de lecture estim\u00e9e\" \/>\n\t<meta name=\"twitter:data1\" content=\"1 minute\" \/>\n<script type=\"application\/ld+json\" class=\"yoast-schema-graph\">{\"@context\":\"https:\/\/schema.org\",\"@graph\":[{\"@type\":\"WebPage\",\"@id\":\"https:\/\/www.spirit-us.eu\/index.php\/produit\/eau-benite-benir-leau-chez-soi\/\",\"url\":\"https:\/\/www.spirit-us.eu\/index.php\/produit\/eau-benite-benir-leau-chez-soi\/\",\"name\":\"EAU BENITE - b\u00e9nir l'eau chez soi - Spirit-US\",\"isPartOf\":{\"@id\":\"https:\/\/www.spirit-us.eu\/#website\"},\"primaryImageOfPage\":{\"@id\":\"https:\/\/www.spirit-us.eu\/index.php\/produit\/eau-benite-benir-leau-chez-soi\/#primaryimage\"},\"image\":{\"@id\":\"https:\/\/www.spirit-us.eu\/index.php\/produit\/eau-benite-benir-leau-chez-soi\/#primaryimage\"},\"thumbnailUrl\":\"https:\/\/www.spirit-us.eu\/wp-content\/uploads\/2025\/03\/eau-image-produit.png\",\"datePublished\":\"2025-03-11T12:20:30+00:00\",\"dateModified\":\"2025-12-20T09:45:31+00:00\",\"breadcrumb\":{\"@id\":\"https:\/\/www.spirit-us.eu\/index.php\/produit\/eau-benite-benir-leau-chez-soi\/#breadcrumb\"},\"inLanguage\":\"fr-FR\",\"potentialAction\":[{\"@type\":\"ReadAction\",\"target\":[\"https:\/\/www.spirit-us.eu\/index.php\/produit\/eau-benite-benir-leau-chez-soi\/\"]}]},{\"@type\":\"ImageObject\",\"inLanguage\":\"fr-FR\",\"@id\":\"https:\/\/www.spirit-us.eu\/index.php\/produit\/eau-benite-benir-leau-chez-soi\/#primaryimage\",\"url\":\"https:\/\/www.spirit-us.eu\/wp-content\/uploads\/2025\/03\/eau-image-produit.png\",\"contentUrl\":\"https:\/\/www.spirit-us.eu\/wp-content\/uploads\/2025\/03\/eau-image-produit.png\",\"width\":1080,\"height\":1080},{\"@type\":\"BreadcrumbList\",\"@id\":\"https:\/\/www.spirit-us.eu\/index.php\/produit\/eau-benite-benir-leau-chez-soi\/#breadcrumb\",\"itemListElement\":[{\"@type\":\"ListItem\",\"position\":1,\"name\":\"Accueil\",\"item\":\"https:\/\/www.spirit-us.eu\/\"},{\"@type\":\"ListItem\",\"position\":2,\"name\":\"Boutique\",\"item\":\"https:\/\/www.spirit-us.eu\/index.php\/boutique\/\"},{\"@type\":\"ListItem\",\"position\":3,\"name\":\"EAU BENITE &#8211; b\u00e9nir l&rsquo;eau chez soi\"}]},{\"@type\":\"WebSite\",\"@id\":\"https:\/\/www.spirit-us.eu\/#website\",\"url\":\"https:\/\/www.spirit-us.eu\/\",\"name\":\"Spirit-US\",\"description\":\"\",\"publisher\":{\"@id\":\"https:\/\/www.spirit-us.eu\/#organization\"},\"potentialAction\":[{\"@type\":\"SearchAction\",\"target\":{\"@type\":\"EntryPoint\",\"urlTemplate\":\"https:\/\/www.spirit-us.eu\/?s={search_term_string}\"},\"query-input\":{\"@type\":\"PropertyValueSpecification\",\"valueRequired\":true,\"valueName\":\"search_term_string\"}}],\"inLanguage\":\"fr-FR\"},{\"@type\":\"Organization\",\"@id\":\"https:\/\/www.spirit-us.eu\/#organization\",\"name\":\"Spirit-US\",\"url\":\"https:\/\/www.spirit-us.eu\/\",\"logo\":{\"@type\":\"ImageObject\",\"inLanguage\":\"fr-FR\",\"@id\":\"https:\/\/www.spirit-us.eu\/#\/schema\/logo\/image\/\",\"url\":\"https:\/\/www.spirit-us.eu\/wp-content\/uploads\/2025\/11\/logo-regarde-linterlocutrice-sans-arrriere-plan.jpg\",\"contentUrl\":\"https:\/\/www.spirit-us.eu\/wp-content\/uploads\/2025\/11\/logo-regarde-linterlocutrice-sans-arrriere-plan.jpg\",\"width\":1080,\"height\":1080,\"caption\":\"Spirit-US\"},\"image\":{\"@id\":\"https:\/\/www.spirit-us.eu\/#\/schema\/logo\/image\/\"},\"sameAs\":[\"https:\/\/www.facebook.com\/spirit.us.deum\"]}]}<\/script>\n<!-- \/ Yoast SEO plugin. -->","yoast_head_json":{"title":"EAU BENITE - b\u00e9nir l'eau chez soi - Spirit-US","robots":{"index":"index","follow":"follow","max-snippet":"max-snippet:-1","max-image-preview":"max-image-preview:large","max-video-preview":"max-video-preview:-1"},"canonical":"https:\/\/www.spirit-us.eu\/index.php\/produit\/eau-benite-benir-leau-chez-soi\/","og_locale":"fr_FR","og_type":"article","og_title":"EAU BENITE - b\u00e9nir l'eau chez soi - Spirit-US","og_description":"Antique et secr\u00e8te b\u00e9n\u00e9diction de l\u2019eau, exorcisme pour en chasser les ondes n\u00e9gatives, pri\u00e8re transcendantale de purification spirituelle.  Ne manquez jamais d\u2019eau b\u00e9nite chez vous ou en quelque lieu que vous soyez. L\u2019audio mp3 est une c\u00e9r\u00e9monie compl\u00e8te, \u00e0 \u00e9couter en pr\u00e9sence de l\u2019eau que vous allez b\u00e9nir.\u00a0 A la fin de la c\u00e9r\u00e9monie, vous disposerez d\u2019eau b\u00e9nite dans les r\u00e8gles de l\u2019art, et vous pourrez disposer de la quantit\u00e9 dont vous avez besoin en toute circonstance. B\u00e9nir une maison ou un terrain requiert \u00e9norm\u00e9ment d\u2019eau exorcis\u00e9e.  L\u2019audio de b\u00e9n\u00e9diction est livr\u00e9 avec un livret complet reprenant\u00a0: la pri\u00e8re, toutes les utilisations de l\u2019eau b\u00e9nite, les r\u00e8gles de fonctionnement et le type d\u2019eau \u00e0 utiliser lorsqu\u2019on b\u00e9nit soi-m\u00eame l\u2019eau rituelle.","og_url":"https:\/\/www.spirit-us.eu\/index.php\/produit\/eau-benite-benir-leau-chez-soi\/","og_site_name":"Spirit-US","article_publisher":"https:\/\/www.facebook.com\/spirit.us.deum","article_modified_time":"2025-12-20T09:45:31+00:00","og_image":[{"width":1080,"height":1080,"url":"https:\/\/www.spirit-us.eu\/wp-content\/uploads\/2025\/03\/eau-image-produit.png","type":"image\/png"}],"twitter_card":"summary_large_image","twitter_misc":{"Dur\u00e9e de lecture estim\u00e9e":"1 minute"},"schema":{"@context":"https:\/\/schema.org","@graph":[{"@type":"WebPage","@id":"https:\/\/www.spirit-us.eu\/index.php\/produit\/eau-benite-benir-leau-chez-soi\/","url":"https:\/\/www.spirit-us.eu\/index.php\/produit\/eau-benite-benir-leau-chez-soi\/","name":"EAU BENITE - b\u00e9nir l'eau chez soi - Spirit-US","isPartOf":{"@id":"https:\/\/www.spirit-us.eu\/#website"},"primaryImageOfPage":{"@id":"https:\/\/www.spirit-us.eu\/index.php\/produit\/eau-benite-benir-leau-chez-soi\/#primaryimage"},"image":{"@id":"https:\/\/www.spirit-us.eu\/index.php\/produit\/eau-benite-benir-leau-chez-soi\/#primaryimage"},"thumbnailUrl":"https:\/\/www.spirit-us.eu\/wp-content\/uploads\/2025\/03\/eau-image-produit.png","datePublished":"2025-03-11T12:20:30+00:00","dateModified":"2025-12-20T09:45:31+00:00","breadcrumb":{"@id":"https:\/\/www.spirit-us.eu\/index.php\/produit\/eau-benite-benir-leau-chez-soi\/#breadcrumb"},"inLanguage":"fr-FR","potentialAction":[{"@type":"ReadAction","target":["https:\/\/www.spirit-us.eu\/index.php\/produit\/eau-benite-benir-leau-chez-soi\/"]}]},{"@type":"ImageObject","inLanguage":"fr-FR","@id":"https:\/\/www.spirit-us.eu\/index.php\/produit\/eau-benite-benir-leau-chez-soi\/#primaryimage","url":"https:\/\/www.spirit-us.eu\/wp-content\/uploads\/2025\/03\/eau-image-produit.png","contentUrl":"https:\/\/www.spirit-us.eu\/wp-content\/uploads\/2025\/03\/eau-image-produit.png","width":1080,"height":1080},{"@type":"BreadcrumbList","@id":"https:\/\/www.spirit-us.eu\/index.php\/produit\/eau-benite-benir-leau-chez-soi\/#breadcrumb","itemListElement":[{"@type":"ListItem","position":1,"name":"Accueil","item":"https:\/\/www.spirit-us.eu\/"},{"@type":"ListItem","position":2,"name":"Boutique","item":"https:\/\/www.spirit-us.eu\/index.php\/boutique\/"},{"@type":"ListItem","position":3,"name":"EAU BENITE &#8211; b\u00e9nir l&rsquo;eau chez soi"}]},{"@type":"WebSite","@id":"https:\/\/www.spirit-us.eu\/#website","url":"https:\/\/www.spirit-us.eu\/","name":"Spirit-US","description":"","publisher":{"@id":"https:\/\/www.spirit-us.eu\/#organization"},"potentialAction":[{"@type":"SearchAction","target":{"@type":"EntryPoint","urlTemplate":"https:\/\/www.spirit-us.eu\/?s={search_term_string}"},"query-input":{"@type":"PropertyValueSpecification","valueRequired":true,"valueName":"search_term_string"}}],"inLanguage":"fr-FR"},{"@type":"Organization","@id":"https:\/\/www.spirit-us.eu\/#organization","name":"Spirit-US","url":"https:\/\/www.spirit-us.eu\/","logo":{"@type":"ImageObject","inLanguage":"fr-FR","@id":"https:\/\/www.spirit-us.eu\/#\/schema\/logo\/image\/","url":"https:\/\/www.spirit-us.eu\/wp-content\/uploads\/2025\/11\/logo-regarde-linterlocutrice-sans-arrriere-plan.jpg","contentUrl":"https:\/\/www.spirit-us.eu\/wp-content\/uploads\/2025\/11\/logo-regarde-linterlocutrice-sans-arrriere-plan.jpg","width":1080,"height":1080,"caption":"Spirit-US"},"image":{"@id":"https:\/\/www.spirit-us.eu\/#\/schema\/logo\/image\/"},"sameAs":["https:\/\/www.facebook.com\/spirit.us.deum"]}]}},"jetpack_sharing_enabled":true,"_links":{"self":[{"href":"https:\/\/www.spirit-us.eu\/index.php\/wp-json\/wp\/v2\/product\/752","targetHints":{"allow":["GET"]}}],"collection":[{"href":"https:\/\/www.spirit-us.eu\/index.php\/wp-json\/wp\/v2\/product"}],"about":[{"href":"https:\/\/www.spirit-us.eu\/index.php\/wp-json\/wp\/v2\/types\/product"}],"replies":[{"embeddable":true,"href":"https:\/\/www.spirit-us.eu\/index.php\/wp-json\/wp\/v2\/comments?post=752"}],"wp:featuredmedia":[{"embeddable":true,"href":"https:\/\/www.spirit-us.eu\/index.php\/wp-json\/wp\/v2\/media\/753"}],"wp:attachment":[{"href":"https:\/\/www.spirit-us.eu\/index.php\/wp-json\/wp\/v2\/media?parent=752"}],"wp:term":[{"taxonomy":"product_brand","embeddable":true,"href":"https:\/\/www.spirit-us.eu\/index.php\/wp-json\/wp\/v2\/product_brand?post=752"},{"taxonomy":"product_cat","embeddable":true,"href":"https:\/\/www.spirit-us.eu\/index.php\/wp-json\/wp\/v2\/product_cat?post=752"},{"taxonomy":"product_tag","embeddable":true,"href":"https:\/\/www.spirit-us.eu\/index.php\/wp-json\/wp\/v2\/product_tag?post=752"},{"taxonomy":"mwb_booking_cost","embeddable":true,"href":"https:\/\/www.spirit-us.eu\/index.php\/wp-json\/wp\/v2\/mwb_booking_cost?post=752"},{"taxonomy":"mwb_booking_service","embeddable":true,"href":"https:\/\/www.spirit-us.eu\/index.php\/wp-json\/wp\/v2\/mwb_booking_service?post=752"}],"curies":[{"name":"wp","href":"https:\/\/api.w.org\/{rel}","templated":true}]}}