{"id":749,"date":"2025-02-25T12:44:29","date_gmt":"2025-02-25T11:44:29","guid":{"rendered":"https:\/\/www.spirit-us.eu\/?post_type=product&#038;p=749"},"modified":"2025-04-15T23:00:46","modified_gmt":"2025-04-15T21:00:46","slug":"les-7-pouvoirs-du-sel-exorcise","status":"publish","type":"product","link":"https:\/\/www.spirit-us.eu\/index.php\/produit\/les-7-pouvoirs-du-sel-exorcise\/","title":{"rendered":"Les 7 POUVOIRS du SEL EXORCISE"},"content":{"rendered":"<p><u>Description technique <\/u><\/p>\n<p><strong>Nombre de pages<\/strong> : 501<\/p>\n<p><strong>Auteure<\/strong> : Lola Lacroix<\/p>\n<p><strong>Editions<\/strong> : Les Energies d&rsquo;Or<\/p>\n<p><strong>Nombre de pages<\/strong> : 501 pages<\/p>\n<p><strong>Langue<\/strong>\u00a0:\u00a0 Fran\u00e7ais<\/p>\n<p><strong>Date de publication\u00a0: <\/strong>26 novembre 2023<\/p>\n<p><strong>Dimensions\u00a0: <\/strong>12.85 x 2.87 x 19.84 cm<\/p>\n<p><strong>ISBN-13<\/strong>\u00a0: 979-8371422309<\/p>\n<p><u>Pour aller plus loin :\u00a0<\/u><\/p>\n<p>Procurez-vous la c\u00e9r\u00e9monie de b\u00e9n\u00e9diction du sel par ce lien, c&rsquo;est un investissement \u00e0 vie qui vous permettra de ne jamais manquer de sel b\u00e9ni : <a href=\"https:\/\/www.spirit-us.eu\/index.php\/produit\/benediction-et-exorcisme-du-sel-rituelique\/\" target=\"_blank\" rel=\"noopener\">https:\/\/www.spirit-us.eu\/index.php\/produit\/benediction-et-exorcisme-du-sel-rituelique\/<\/a><\/p>\n<p>Depuis longtemps, on consacre les petits-enfants avec du sel et de l\u2019eau elle-m\u00eame consacr\u00e9e et sal\u00e9e. C\u2019est une fa\u00e7on d\u2019\u00e9carter d\u2019eux les d\u00e9mons et autres h\u00f4tes toxiques du monde astral et de les remettre dans la protection divine. <em>Vous \u00eates le sel de la Terre, dira J\u00e9sus-Christ \u00e0 ses ami.es. <\/em>Dans cet ouvrage, vous apprendrez quels sont les sept Pouvoirs du sel et comment les utiliser pour r\u00e9pandre dans votre vie et autour de vous, protection, bien-\u00eatre, bonne sant\u00e9 \u00e9nerg\u00e9tique, b\u00e9n\u00e9dictions et protection. De plus, le sel consacr\u00e9 poss\u00e8de 7 pouvoirs qu\u2019il faut utiliser \u00e0 bon escient. Vous pourrez apprendre la nature de ces pouvoirs et les 49 rituels de sel, sacr\u00e9s, anciens o\u00f9 on l\u2019utilise en grande quantit\u00e9; tout comme il d\u00e9crit ceux qui, tout nouveaux, ont \u00e9t\u00e9 cr\u00e9\u00e9s par l\u2019auteure et adapt\u00e9s \u00e0 la vie actuelle, o\u00f9 on envo\u00fbte m\u00eame les moyens de communication, les ondes, les ordinateurs, les t\u00e9l\u00e9phones, les \u00e9missions de t\u00e9l\u00e9vision, les musiques.<br \/>\nComment donner des ordres \u00e0 la terre, aux esprits de la nature ? Comment faire fuir les d\u00e9mons et les \u00e2mes errantes ? Comment faire prosp\u00e9rer un commerce, faire revenir une client\u00e8le perdue, contrer les langues venimeuses ? Comment retrouver, pas \u00e0 pas, la prosp\u00e9rit\u00e9, l\u2019abondance positive en toute chose ? Comment dissoudre tout mal ?<br \/>\nCe livre est la r\u00e9f\u00e9rence la plus actuelle pour apprendre \u00e0 utiliser les sept pouvoirs du sel consacr\u00e9 : conservation, protection contre les attaques mat\u00e9rielles ou immat\u00e9rielles, dissolution de tout blocage, mat\u00e9riel comme psychique. Le sel conf\u00e8re aussi le pouvoir du commandement, c\u2019est historique. Il permet de soutenir et d\u2019augmenter les dons de voyance, de clairaudience, de clair-sapience. Il est enfin l\u2019outil d\u2019ascension spirituelle, un<\/p>\n","protected":false},"excerpt":{"rendered":"<p>Manuel d&rsquo;utilisation du sel exorcis\u00e9, faisant suite \u00e0 la b\u00e9n\u00e9diction du sel pour purifier toutes les \u00e9nergies corporelles, spirituelles, celles de la maison, de tout endroit ayant besoin de protection et de purification.\u00a0 \u00a0Aujourd\u2019hui, un commerce florissant se fait autour du sel et pourtant, les offrandes se doivent d\u2019\u00eatre \u00e0 la port\u00e9e de tous. Une offrande doit \u00eatre tr\u00e8s bon march\u00e9, contrairement aux id\u00e9es re\u00e7ues. Comment d\u00e9m\u00ealer le vrai du faux ? Ce livre vous apporte toutes les r\u00e9ponses. Le sel est consid\u00e9r\u00e9 comme un \u00e9l\u00e9ment de pouvoir depuis la plus haute Antiquit\u00e9. Denr\u00e9e racer et ch\u00e8re, il servait \u00e0 payer les soldats lors des grandes campagnes guerri\u00e8res. Par s nature, le sel a des vertus puissantes : il d\u00e9sinfecte et caut\u00e9rise, il purifie, conserve, soigne, \u00e9carte les insectes nuisibles, etc. Il faut aussi mentionner qu\u2019il donne bon go\u00fbt aux aliments, qu\u2019il conserve \u00e9galement. C\u2019\u00e9tait d\u2019ailleurs la seule fa\u00e7on de garder les aliments et d\u2019en \u00e9carter les bact\u00e9ries pendant de longs si\u00e8cles. Il semble logique que ses vertus attach\u00e9es au corps physique, soient \u00e9galement op\u00e9ratives sur les corps non visibles. Et pour b\u00e9nir le sel chez vous, c&rsquo;est par ici : <a href=\"https:\/\/www.spirit-us.eu\/index.php\/produit\/benediction-et-exorcisme-du-sel-rituelique\/\" target=\"_blank\" rel=\"noopener\">https:\/\/www.spirit-us.eu\/index.php\/produit\/benediction-et-exorcisme-du-sel-rituelique\/<\/a><\/p>\n","protected":false},"featured_media":750,"comment_status":"open","ping_status":"closed","template":"","meta":[],"product_brand":[],"product_cat":[159,17],"product_tag":[],"mwb_booking_cost":[],"mwb_booking_service":[],"class_list":{"0":"post-749","1":"product","2":"type-product","3":"status-publish","4":"has-post-thumbnail","6":"product_cat-08-livres","7":"product_cat-tous-les-produits","9":"first","10":"instock","11":"shipping-taxable","12":"purchasable","13":"product-type-simple"},"yoast_head":"<!-- This site is optimized with the Yoast SEO plugin v27.1.1 - https:\/\/yoast.com\/product\/yoast-seo-wordpress\/ -->\n<title>Les 7 POUVOIRS du SEL EXORCISE - Spirit-US<\/title>\n<meta name=\"robots\" content=\"index, follow, max-snippet:-1, max-image-preview:large, max-video-preview:-1\" \/>\n<link rel=\"canonical\" href=\"https:\/\/www.spirit-us.eu\/index.php\/produit\/les-7-pouvoirs-du-sel-exorcise\/\" \/>\n<meta property=\"og:locale\" content=\"fr_FR\" \/>\n<meta property=\"og:type\" content=\"article\" \/>\n<meta property=\"og:title\" content=\"Les 7 POUVOIRS du SEL EXORCISE - Spirit-US\" \/>\n<meta property=\"og:description\" content=\"Manuel d&#039;utilisation du sel exorcis\u00e9, faisant suite \u00e0 la b\u00e9n\u00e9diction du sel pour purifier toutes les \u00e9nergies corporelles, spirituelles, celles de la maison, de tout endroit ayant besoin de protection et de purification.\u00a0 \u00a0Aujourd\u2019hui, un commerce florissant se fait autour du sel et pourtant, les offrandes se doivent d\u2019\u00eatre \u00e0 la port\u00e9e de tous. Une offrande doit \u00eatre tr\u00e8s bon march\u00e9, contrairement aux id\u00e9es re\u00e7ues. Comment d\u00e9m\u00ealer le vrai du faux ? Ce livre vous apporte toutes les r\u00e9ponses. Le sel est consid\u00e9r\u00e9 comme un \u00e9l\u00e9ment de pouvoir depuis la plus haute Antiquit\u00e9. Denr\u00e9e racer et ch\u00e8re, il servait \u00e0 payer les soldats lors des grandes campagnes guerri\u00e8res. Par s nature, le sel a des vertus puissantes : il d\u00e9sinfecte et caut\u00e9rise, il purifie, conserve, soigne, \u00e9carte les insectes nuisibles, etc. Il faut aussi mentionner qu\u2019il donne bon go\u00fbt aux aliments, qu\u2019il conserve \u00e9galement. C\u2019\u00e9tait d\u2019ailleurs la seule fa\u00e7on de garder les aliments et d\u2019en \u00e9carter les bact\u00e9ries pendant de longs si\u00e8cles. Il semble logique que ses vertus attach\u00e9es au corps physique, soient \u00e9galement op\u00e9ratives sur les corps non visibles. Et pour b\u00e9nir le sel chez vous, c&#039;est par ici : https:\/\/www.spirit-us.eu\/index.php\/produit\/benediction-et-exorcisme-du-sel-rituelique\/\" \/>\n<meta property=\"og:url\" content=\"https:\/\/www.spirit-us.eu\/index.php\/produit\/les-7-pouvoirs-du-sel-exorcise\/\" \/>\n<meta property=\"og:site_name\" content=\"Spirit-US\" \/>\n<meta property=\"article:publisher\" content=\"https:\/\/www.facebook.com\/spirit.us.deum\" \/>\n<meta property=\"article:modified_time\" content=\"2025-04-15T21:00:46+00:00\" \/>\n<meta property=\"og:image\" content=\"https:\/\/www.spirit-us.eu\/wp-content\/uploads\/2025\/02\/sel-image-produit.png\" \/>\n\t<meta property=\"og:image:width\" content=\"1890\" \/>\n\t<meta property=\"og:image:height\" content=\"1890\" \/>\n\t<meta property=\"og:image:type\" content=\"image\/png\" \/>\n<meta name=\"twitter:card\" content=\"summary_large_image\" \/>\n<meta name=\"twitter:label1\" content=\"Dur\u00e9e de lecture estim\u00e9e\" \/>\n\t<meta name=\"twitter:data1\" content=\"2 minutes\" \/>\n<script type=\"application\/ld+json\" class=\"yoast-schema-graph\">{\"@context\":\"https:\/\/schema.org\",\"@graph\":[{\"@type\":\"WebPage\",\"@id\":\"https:\/\/www.spirit-us.eu\/index.php\/produit\/les-7-pouvoirs-du-sel-exorcise\/\",\"url\":\"https:\/\/www.spirit-us.eu\/index.php\/produit\/les-7-pouvoirs-du-sel-exorcise\/\",\"name\":\"Les 7 POUVOIRS du SEL EXORCISE - Spirit-US\",\"isPartOf\":{\"@id\":\"https:\/\/www.spirit-us.eu\/#website\"},\"primaryImageOfPage\":{\"@id\":\"https:\/\/www.spirit-us.eu\/index.php\/produit\/les-7-pouvoirs-du-sel-exorcise\/#primaryimage\"},\"image\":{\"@id\":\"https:\/\/www.spirit-us.eu\/index.php\/produit\/les-7-pouvoirs-du-sel-exorcise\/#primaryimage\"},\"thumbnailUrl\":\"https:\/\/www.spirit-us.eu\/wp-content\/uploads\/2025\/02\/sel-image-produit.png\",\"datePublished\":\"2025-02-25T11:44:29+00:00\",\"dateModified\":\"2025-04-15T21:00:46+00:00\",\"breadcrumb\":{\"@id\":\"https:\/\/www.spirit-us.eu\/index.php\/produit\/les-7-pouvoirs-du-sel-exorcise\/#breadcrumb\"},\"inLanguage\":\"fr-FR\",\"potentialAction\":[{\"@type\":\"ReadAction\",\"target\":[\"https:\/\/www.spirit-us.eu\/index.php\/produit\/les-7-pouvoirs-du-sel-exorcise\/\"]}]},{\"@type\":\"ImageObject\",\"inLanguage\":\"fr-FR\",\"@id\":\"https:\/\/www.spirit-us.eu\/index.php\/produit\/les-7-pouvoirs-du-sel-exorcise\/#primaryimage\",\"url\":\"https:\/\/www.spirit-us.eu\/wp-content\/uploads\/2025\/02\/sel-image-produit.png\",\"contentUrl\":\"https:\/\/www.spirit-us.eu\/wp-content\/uploads\/2025\/02\/sel-image-produit.png\",\"width\":1890,\"height\":1890},{\"@type\":\"BreadcrumbList\",\"@id\":\"https:\/\/www.spirit-us.eu\/index.php\/produit\/les-7-pouvoirs-du-sel-exorcise\/#breadcrumb\",\"itemListElement\":[{\"@type\":\"ListItem\",\"position\":1,\"name\":\"Accueil\",\"item\":\"https:\/\/www.spirit-us.eu\/\"},{\"@type\":\"ListItem\",\"position\":2,\"name\":\"Boutique\",\"item\":\"https:\/\/www.spirit-us.eu\/index.php\/boutique\/\"},{\"@type\":\"ListItem\",\"position\":3,\"name\":\"Les 7 POUVOIRS du SEL EXORCISE\"}]},{\"@type\":\"WebSite\",\"@id\":\"https:\/\/www.spirit-us.eu\/#website\",\"url\":\"https:\/\/www.spirit-us.eu\/\",\"name\":\"Spirit-US\",\"description\":\"\",\"publisher\":{\"@id\":\"https:\/\/www.spirit-us.eu\/#organization\"},\"potentialAction\":[{\"@type\":\"SearchAction\",\"target\":{\"@type\":\"EntryPoint\",\"urlTemplate\":\"https:\/\/www.spirit-us.eu\/?s={search_term_string}\"},\"query-input\":{\"@type\":\"PropertyValueSpecification\",\"valueRequired\":true,\"valueName\":\"search_term_string\"}}],\"inLanguage\":\"fr-FR\"},{\"@type\":\"Organization\",\"@id\":\"https:\/\/www.spirit-us.eu\/#organization\",\"name\":\"Spirit-US\",\"url\":\"https:\/\/www.spirit-us.eu\/\",\"logo\":{\"@type\":\"ImageObject\",\"inLanguage\":\"fr-FR\",\"@id\":\"https:\/\/www.spirit-us.eu\/#\/schema\/logo\/image\/\",\"url\":\"https:\/\/www.spirit-us.eu\/wp-content\/uploads\/2025\/11\/logo-regarde-linterlocutrice-sans-arrriere-plan.jpg\",\"contentUrl\":\"https:\/\/www.spirit-us.eu\/wp-content\/uploads\/2025\/11\/logo-regarde-linterlocutrice-sans-arrriere-plan.jpg\",\"width\":1080,\"height\":1080,\"caption\":\"Spirit-US\"},\"image\":{\"@id\":\"https:\/\/www.spirit-us.eu\/#\/schema\/logo\/image\/\"},\"sameAs\":[\"https:\/\/www.facebook.com\/spirit.us.deum\"]}]}<\/script>\n<!-- \/ Yoast SEO plugin. -->","yoast_head_json":{"title":"Les 7 POUVOIRS du SEL EXORCISE - Spirit-US","robots":{"index":"index","follow":"follow","max-snippet":"max-snippet:-1","max-image-preview":"max-image-preview:large","max-video-preview":"max-video-preview:-1"},"canonical":"https:\/\/www.spirit-us.eu\/index.php\/produit\/les-7-pouvoirs-du-sel-exorcise\/","og_locale":"fr_FR","og_type":"article","og_title":"Les 7 POUVOIRS du SEL EXORCISE - Spirit-US","og_description":"Manuel d'utilisation du sel exorcis\u00e9, faisant suite \u00e0 la b\u00e9n\u00e9diction du sel pour purifier toutes les \u00e9nergies corporelles, spirituelles, celles de la maison, de tout endroit ayant besoin de protection et de purification.\u00a0 \u00a0Aujourd\u2019hui, un commerce florissant se fait autour du sel et pourtant, les offrandes se doivent d\u2019\u00eatre \u00e0 la port\u00e9e de tous. Une offrande doit \u00eatre tr\u00e8s bon march\u00e9, contrairement aux id\u00e9es re\u00e7ues. Comment d\u00e9m\u00ealer le vrai du faux ? Ce livre vous apporte toutes les r\u00e9ponses. Le sel est consid\u00e9r\u00e9 comme un \u00e9l\u00e9ment de pouvoir depuis la plus haute Antiquit\u00e9. Denr\u00e9e racer et ch\u00e8re, il servait \u00e0 payer les soldats lors des grandes campagnes guerri\u00e8res. Par s nature, le sel a des vertus puissantes : il d\u00e9sinfecte et caut\u00e9rise, il purifie, conserve, soigne, \u00e9carte les insectes nuisibles, etc. Il faut aussi mentionner qu\u2019il donne bon go\u00fbt aux aliments, qu\u2019il conserve \u00e9galement. C\u2019\u00e9tait d\u2019ailleurs la seule fa\u00e7on de garder les aliments et d\u2019en \u00e9carter les bact\u00e9ries pendant de longs si\u00e8cles. Il semble logique que ses vertus attach\u00e9es au corps physique, soient \u00e9galement op\u00e9ratives sur les corps non visibles. Et pour b\u00e9nir le sel chez vous, c'est par ici : https:\/\/www.spirit-us.eu\/index.php\/produit\/benediction-et-exorcisme-du-sel-rituelique\/","og_url":"https:\/\/www.spirit-us.eu\/index.php\/produit\/les-7-pouvoirs-du-sel-exorcise\/","og_site_name":"Spirit-US","article_publisher":"https:\/\/www.facebook.com\/spirit.us.deum","article_modified_time":"2025-04-15T21:00:46+00:00","og_image":[{"width":1890,"height":1890,"url":"https:\/\/www.spirit-us.eu\/wp-content\/uploads\/2025\/02\/sel-image-produit.png","type":"image\/png"}],"twitter_card":"summary_large_image","twitter_misc":{"Dur\u00e9e de lecture estim\u00e9e":"2 minutes"},"schema":{"@context":"https:\/\/schema.org","@graph":[{"@type":"WebPage","@id":"https:\/\/www.spirit-us.eu\/index.php\/produit\/les-7-pouvoirs-du-sel-exorcise\/","url":"https:\/\/www.spirit-us.eu\/index.php\/produit\/les-7-pouvoirs-du-sel-exorcise\/","name":"Les 7 POUVOIRS du SEL EXORCISE - Spirit-US","isPartOf":{"@id":"https:\/\/www.spirit-us.eu\/#website"},"primaryImageOfPage":{"@id":"https:\/\/www.spirit-us.eu\/index.php\/produit\/les-7-pouvoirs-du-sel-exorcise\/#primaryimage"},"image":{"@id":"https:\/\/www.spirit-us.eu\/index.php\/produit\/les-7-pouvoirs-du-sel-exorcise\/#primaryimage"},"thumbnailUrl":"https:\/\/www.spirit-us.eu\/wp-content\/uploads\/2025\/02\/sel-image-produit.png","datePublished":"2025-02-25T11:44:29+00:00","dateModified":"2025-04-15T21:00:46+00:00","breadcrumb":{"@id":"https:\/\/www.spirit-us.eu\/index.php\/produit\/les-7-pouvoirs-du-sel-exorcise\/#breadcrumb"},"inLanguage":"fr-FR","potentialAction":[{"@type":"ReadAction","target":["https:\/\/www.spirit-us.eu\/index.php\/produit\/les-7-pouvoirs-du-sel-exorcise\/"]}]},{"@type":"ImageObject","inLanguage":"fr-FR","@id":"https:\/\/www.spirit-us.eu\/index.php\/produit\/les-7-pouvoirs-du-sel-exorcise\/#primaryimage","url":"https:\/\/www.spirit-us.eu\/wp-content\/uploads\/2025\/02\/sel-image-produit.png","contentUrl":"https:\/\/www.spirit-us.eu\/wp-content\/uploads\/2025\/02\/sel-image-produit.png","width":1890,"height":1890},{"@type":"BreadcrumbList","@id":"https:\/\/www.spirit-us.eu\/index.php\/produit\/les-7-pouvoirs-du-sel-exorcise\/#breadcrumb","itemListElement":[{"@type":"ListItem","position":1,"name":"Accueil","item":"https:\/\/www.spirit-us.eu\/"},{"@type":"ListItem","position":2,"name":"Boutique","item":"https:\/\/www.spirit-us.eu\/index.php\/boutique\/"},{"@type":"ListItem","position":3,"name":"Les 7 POUVOIRS du SEL EXORCISE"}]},{"@type":"WebSite","@id":"https:\/\/www.spirit-us.eu\/#website","url":"https:\/\/www.spirit-us.eu\/","name":"Spirit-US","description":"","publisher":{"@id":"https:\/\/www.spirit-us.eu\/#organization"},"potentialAction":[{"@type":"SearchAction","target":{"@type":"EntryPoint","urlTemplate":"https:\/\/www.spirit-us.eu\/?s={search_term_string}"},"query-input":{"@type":"PropertyValueSpecification","valueRequired":true,"valueName":"search_term_string"}}],"inLanguage":"fr-FR"},{"@type":"Organization","@id":"https:\/\/www.spirit-us.eu\/#organization","name":"Spirit-US","url":"https:\/\/www.spirit-us.eu\/","logo":{"@type":"ImageObject","inLanguage":"fr-FR","@id":"https:\/\/www.spirit-us.eu\/#\/schema\/logo\/image\/","url":"https:\/\/www.spirit-us.eu\/wp-content\/uploads\/2025\/11\/logo-regarde-linterlocutrice-sans-arrriere-plan.jpg","contentUrl":"https:\/\/www.spirit-us.eu\/wp-content\/uploads\/2025\/11\/logo-regarde-linterlocutrice-sans-arrriere-plan.jpg","width":1080,"height":1080,"caption":"Spirit-US"},"image":{"@id":"https:\/\/www.spirit-us.eu\/#\/schema\/logo\/image\/"},"sameAs":["https:\/\/www.facebook.com\/spirit.us.deum"]}]}},"jetpack_sharing_enabled":true,"_links":{"self":[{"href":"https:\/\/www.spirit-us.eu\/index.php\/wp-json\/wp\/v2\/product\/749","targetHints":{"allow":["GET"]}}],"collection":[{"href":"https:\/\/www.spirit-us.eu\/index.php\/wp-json\/wp\/v2\/product"}],"about":[{"href":"https:\/\/www.spirit-us.eu\/index.php\/wp-json\/wp\/v2\/types\/product"}],"replies":[{"embeddable":true,"href":"https:\/\/www.spirit-us.eu\/index.php\/wp-json\/wp\/v2\/comments?post=749"}],"wp:featuredmedia":[{"embeddable":true,"href":"https:\/\/www.spirit-us.eu\/index.php\/wp-json\/wp\/v2\/media\/750"}],"wp:attachment":[{"href":"https:\/\/www.spirit-us.eu\/index.php\/wp-json\/wp\/v2\/media?parent=749"}],"wp:term":[{"taxonomy":"product_brand","embeddable":true,"href":"https:\/\/www.spirit-us.eu\/index.php\/wp-json\/wp\/v2\/product_brand?post=749"},{"taxonomy":"product_cat","embeddable":true,"href":"https:\/\/www.spirit-us.eu\/index.php\/wp-json\/wp\/v2\/product_cat?post=749"},{"taxonomy":"product_tag","embeddable":true,"href":"https:\/\/www.spirit-us.eu\/index.php\/wp-json\/wp\/v2\/product_tag?post=749"},{"taxonomy":"mwb_booking_cost","embeddable":true,"href":"https:\/\/www.spirit-us.eu\/index.php\/wp-json\/wp\/v2\/mwb_booking_cost?post=749"},{"taxonomy":"mwb_booking_service","embeddable":true,"href":"https:\/\/www.spirit-us.eu\/index.php\/wp-json\/wp\/v2\/mwb_booking_service?post=749"}],"curies":[{"name":"wp","href":"https:\/\/api.w.org\/{rel}","templated":true}]}}