{"id":741,"date":"2025-02-25T11:46:55","date_gmt":"2025-02-25T10:46:55","guid":{"rendered":"https:\/\/www.spirit-us.eu\/?post_type=product&#038;p=741"},"modified":"2025-03-01T00:04:50","modified_gmt":"2025-02-28T23:04:50","slug":"manule-deducation-financiere-a-lusage-de-ma-fille","status":"publish","type":"product","link":"https:\/\/www.spirit-us.eu\/index.php\/produit\/manule-deducation-financiere-a-lusage-de-ma-fille\/","title":{"rendered":"MANUEL D&rsquo;EDUCATION FINANCIERE &#8211; \u00e0 l&rsquo;usage de ma fille"},"content":{"rendered":"<p><strong>Ann\u00e9e<\/strong> : 2025<\/p>\n<p><strong>Auteure<\/strong> : Lola Lacroix<\/p>\n<p><strong>Editions<\/strong> Les \u00e9nergies d&rsquo;or<\/p>\n<p><strong>Nombre de pages<\/strong> :<\/p>\n","protected":false},"excerpt":{"rendered":"<p>Guide tr\u00e8s pratique et outils pr\u00e9cis pour la cr\u00e9ation, la gestion, la protection, la croissance et l&rsquo;information financi\u00e8res.\u00a0 Cet ouvrage pratique part du constat que l&rsquo;\u00e9cole et la famille ne transmettent pas un savoir financier qui permet \u00e0 tout un chacun d&rsquo;affronter la dimension financi\u00e8re de la vie de fa\u00e7on \u00e9clair\u00e9e.\u00a0 Les femmes en particulier, qui n&rsquo;ont eu de libre acc\u00e8s aux comptes bancaires qu&rsquo;en 1962, n&rsquo;ont pas re\u00e7u l&rsquo;\u00e9ducation \u00e0 l&rsquo;usage de cet outil, qui peut se r\u00e9v\u00e9ler tr\u00e8s dangereux.\u00a0 A fortiori \u00e0 l&rsquo;\u00e9poque actuelle, o\u00f9 l&rsquo;ing\u00e9nirie financi\u00e8re est devenus plus complexe que les calculs de l&rsquo;astrophysique, lorsqu&rsquo;il s&rsquo;agit de vous faire acheter des produits d\u00e9riv\u00e9s de la finance, comme des assurances sur la vie, la participation \u00e0 des fonds d&rsquo;investissements et autres produits visant \u00e0 retirer l&rsquo;argent de votre poche et n&rsquo;offrant aucune garantie d&rsquo;en mettre par la suite, dans votre poche.<\/p>\n","protected":false},"featured_media":742,"comment_status":"open","ping_status":"closed","template":"","meta":[],"product_brand":[],"product_cat":[159,17],"product_tag":[],"mwb_booking_cost":[],"mwb_booking_service":[],"class_list":{"0":"post-741","1":"product","2":"type-product","3":"status-publish","4":"has-post-thumbnail","6":"product_cat-08-livres","7":"product_cat-tous-les-produits","9":"first","10":"instock","11":"shipping-taxable","12":"purchasable","13":"product-type-simple"},"yoast_head":"<!-- This site is optimized with the Yoast SEO plugin v27.1.1 - https:\/\/yoast.com\/product\/yoast-seo-wordpress\/ -->\n<title>MANUEL D&#039;EDUCATION FINANCIERE - \u00e0 l&#039;usage de ma fille - Spirit-US<\/title>\n<meta name=\"robots\" content=\"index, follow, max-snippet:-1, max-image-preview:large, max-video-preview:-1\" \/>\n<link rel=\"canonical\" href=\"https:\/\/www.spirit-us.eu\/index.php\/produit\/manule-deducation-financiere-a-lusage-de-ma-fille\/\" \/>\n<meta property=\"og:locale\" content=\"fr_FR\" \/>\n<meta property=\"og:type\" content=\"article\" \/>\n<meta property=\"og:title\" content=\"MANUEL D&#039;EDUCATION FINANCIERE - \u00e0 l&#039;usage de ma fille - Spirit-US\" \/>\n<meta property=\"og:description\" content=\"Guide tr\u00e8s pratique et outils pr\u00e9cis pour la cr\u00e9ation, la gestion, la protection, la croissance et l&#039;information financi\u00e8res.\u00a0 Cet ouvrage pratique part du constat que l&#039;\u00e9cole et la famille ne transmettent pas un savoir financier qui permet \u00e0 tout un chacun d&#039;affronter la dimension financi\u00e8re de la vie de fa\u00e7on \u00e9clair\u00e9e.\u00a0 Les femmes en particulier, qui n&#039;ont eu de libre acc\u00e8s aux comptes bancaires qu&#039;en 1962, n&#039;ont pas re\u00e7u l&#039;\u00e9ducation \u00e0 l&#039;usage de cet outil, qui peut se r\u00e9v\u00e9ler tr\u00e8s dangereux.\u00a0 A fortiori \u00e0 l&#039;\u00e9poque actuelle, o\u00f9 l&#039;ing\u00e9nirie financi\u00e8re est devenus plus complexe que les calculs de l&#039;astrophysique, lorsqu&#039;il s&#039;agit de vous faire acheter des produits d\u00e9riv\u00e9s de la finance, comme des assurances sur la vie, la participation \u00e0 des fonds d&#039;investissements et autres produits visant \u00e0 retirer l&#039;argent de votre poche et n&#039;offrant aucune garantie d&#039;en mettre par la suite, dans votre poche.\" \/>\n<meta property=\"og:url\" content=\"https:\/\/www.spirit-us.eu\/index.php\/produit\/manule-deducation-financiere-a-lusage-de-ma-fille\/\" \/>\n<meta property=\"og:site_name\" content=\"Spirit-US\" \/>\n<meta property=\"article:publisher\" content=\"https:\/\/www.facebook.com\/spirit.us.deum\" \/>\n<meta property=\"article:modified_time\" content=\"2025-02-28T23:04:50+00:00\" \/>\n<meta property=\"og:image\" content=\"https:\/\/www.spirit-us.eu\/wp-content\/uploads\/2025\/02\/manuel-deducation-financiere-image-produit-1024x1024.png\" \/>\n\t<meta property=\"og:image:width\" content=\"1024\" \/>\n\t<meta property=\"og:image:height\" content=\"1024\" \/>\n\t<meta property=\"og:image:type\" content=\"image\/png\" \/>\n<meta name=\"twitter:card\" content=\"summary_large_image\" \/>\n<script type=\"application\/ld+json\" class=\"yoast-schema-graph\">{\"@context\":\"https:\/\/schema.org\",\"@graph\":[{\"@type\":\"WebPage\",\"@id\":\"https:\/\/www.spirit-us.eu\/index.php\/produit\/manule-deducation-financiere-a-lusage-de-ma-fille\/\",\"url\":\"https:\/\/www.spirit-us.eu\/index.php\/produit\/manule-deducation-financiere-a-lusage-de-ma-fille\/\",\"name\":\"MANUEL D'EDUCATION FINANCIERE - \u00e0 l'usage de ma fille - Spirit-US\",\"isPartOf\":{\"@id\":\"https:\/\/www.spirit-us.eu\/#website\"},\"primaryImageOfPage\":{\"@id\":\"https:\/\/www.spirit-us.eu\/index.php\/produit\/manule-deducation-financiere-a-lusage-de-ma-fille\/#primaryimage\"},\"image\":{\"@id\":\"https:\/\/www.spirit-us.eu\/index.php\/produit\/manule-deducation-financiere-a-lusage-de-ma-fille\/#primaryimage\"},\"thumbnailUrl\":\"https:\/\/www.spirit-us.eu\/wp-content\/uploads\/2025\/02\/manuel-deducation-financiere-image-produit.png\",\"datePublished\":\"2025-02-25T10:46:55+00:00\",\"dateModified\":\"2025-02-28T23:04:50+00:00\",\"breadcrumb\":{\"@id\":\"https:\/\/www.spirit-us.eu\/index.php\/produit\/manule-deducation-financiere-a-lusage-de-ma-fille\/#breadcrumb\"},\"inLanguage\":\"fr-FR\",\"potentialAction\":[{\"@type\":\"ReadAction\",\"target\":[\"https:\/\/www.spirit-us.eu\/index.php\/produit\/manule-deducation-financiere-a-lusage-de-ma-fille\/\"]}]},{\"@type\":\"ImageObject\",\"inLanguage\":\"fr-FR\",\"@id\":\"https:\/\/www.spirit-us.eu\/index.php\/produit\/manule-deducation-financiere-a-lusage-de-ma-fille\/#primaryimage\",\"url\":\"https:\/\/www.spirit-us.eu\/wp-content\/uploads\/2025\/02\/manuel-deducation-financiere-image-produit.png\",\"contentUrl\":\"https:\/\/www.spirit-us.eu\/wp-content\/uploads\/2025\/02\/manuel-deducation-financiere-image-produit.png\",\"width\":2295,\"height\":2295},{\"@type\":\"BreadcrumbList\",\"@id\":\"https:\/\/www.spirit-us.eu\/index.php\/produit\/manule-deducation-financiere-a-lusage-de-ma-fille\/#breadcrumb\",\"itemListElement\":[{\"@type\":\"ListItem\",\"position\":1,\"name\":\"Accueil\",\"item\":\"https:\/\/www.spirit-us.eu\/\"},{\"@type\":\"ListItem\",\"position\":2,\"name\":\"Boutique\",\"item\":\"https:\/\/www.spirit-us.eu\/index.php\/boutique\/\"},{\"@type\":\"ListItem\",\"position\":3,\"name\":\"MANUEL D&rsquo;EDUCATION FINANCIERE &#8211; \u00e0 l&rsquo;usage de ma fille\"}]},{\"@type\":\"WebSite\",\"@id\":\"https:\/\/www.spirit-us.eu\/#website\",\"url\":\"https:\/\/www.spirit-us.eu\/\",\"name\":\"Spirit-US\",\"description\":\"\",\"publisher\":{\"@id\":\"https:\/\/www.spirit-us.eu\/#organization\"},\"potentialAction\":[{\"@type\":\"SearchAction\",\"target\":{\"@type\":\"EntryPoint\",\"urlTemplate\":\"https:\/\/www.spirit-us.eu\/?s={search_term_string}\"},\"query-input\":{\"@type\":\"PropertyValueSpecification\",\"valueRequired\":true,\"valueName\":\"search_term_string\"}}],\"inLanguage\":\"fr-FR\"},{\"@type\":\"Organization\",\"@id\":\"https:\/\/www.spirit-us.eu\/#organization\",\"name\":\"Spirit-US\",\"url\":\"https:\/\/www.spirit-us.eu\/\",\"logo\":{\"@type\":\"ImageObject\",\"inLanguage\":\"fr-FR\",\"@id\":\"https:\/\/www.spirit-us.eu\/#\/schema\/logo\/image\/\",\"url\":\"https:\/\/www.spirit-us.eu\/wp-content\/uploads\/2025\/11\/logo-regarde-linterlocutrice-sans-arrriere-plan.jpg\",\"contentUrl\":\"https:\/\/www.spirit-us.eu\/wp-content\/uploads\/2025\/11\/logo-regarde-linterlocutrice-sans-arrriere-plan.jpg\",\"width\":1080,\"height\":1080,\"caption\":\"Spirit-US\"},\"image\":{\"@id\":\"https:\/\/www.spirit-us.eu\/#\/schema\/logo\/image\/\"},\"sameAs\":[\"https:\/\/www.facebook.com\/spirit.us.deum\"]}]}<\/script>\n<!-- \/ Yoast SEO plugin. -->","yoast_head_json":{"title":"MANUEL D'EDUCATION FINANCIERE - \u00e0 l'usage de ma fille - Spirit-US","robots":{"index":"index","follow":"follow","max-snippet":"max-snippet:-1","max-image-preview":"max-image-preview:large","max-video-preview":"max-video-preview:-1"},"canonical":"https:\/\/www.spirit-us.eu\/index.php\/produit\/manule-deducation-financiere-a-lusage-de-ma-fille\/","og_locale":"fr_FR","og_type":"article","og_title":"MANUEL D'EDUCATION FINANCIERE - \u00e0 l'usage de ma fille - Spirit-US","og_description":"Guide tr\u00e8s pratique et outils pr\u00e9cis pour la cr\u00e9ation, la gestion, la protection, la croissance et l'information financi\u00e8res.\u00a0 Cet ouvrage pratique part du constat que l'\u00e9cole et la famille ne transmettent pas un savoir financier qui permet \u00e0 tout un chacun d'affronter la dimension financi\u00e8re de la vie de fa\u00e7on \u00e9clair\u00e9e.\u00a0 Les femmes en particulier, qui n'ont eu de libre acc\u00e8s aux comptes bancaires qu'en 1962, n'ont pas re\u00e7u l'\u00e9ducation \u00e0 l'usage de cet outil, qui peut se r\u00e9v\u00e9ler tr\u00e8s dangereux.\u00a0 A fortiori \u00e0 l'\u00e9poque actuelle, o\u00f9 l'ing\u00e9nirie financi\u00e8re est devenus plus complexe que les calculs de l'astrophysique, lorsqu'il s'agit de vous faire acheter des produits d\u00e9riv\u00e9s de la finance, comme des assurances sur la vie, la participation \u00e0 des fonds d'investissements et autres produits visant \u00e0 retirer l'argent de votre poche et n'offrant aucune garantie d'en mettre par la suite, dans votre poche.","og_url":"https:\/\/www.spirit-us.eu\/index.php\/produit\/manule-deducation-financiere-a-lusage-de-ma-fille\/","og_site_name":"Spirit-US","article_publisher":"https:\/\/www.facebook.com\/spirit.us.deum","article_modified_time":"2025-02-28T23:04:50+00:00","og_image":[{"width":1024,"height":1024,"url":"https:\/\/www.spirit-us.eu\/wp-content\/uploads\/2025\/02\/manuel-deducation-financiere-image-produit-1024x1024.png","type":"image\/png"}],"twitter_card":"summary_large_image","schema":{"@context":"https:\/\/schema.org","@graph":[{"@type":"WebPage","@id":"https:\/\/www.spirit-us.eu\/index.php\/produit\/manule-deducation-financiere-a-lusage-de-ma-fille\/","url":"https:\/\/www.spirit-us.eu\/index.php\/produit\/manule-deducation-financiere-a-lusage-de-ma-fille\/","name":"MANUEL D'EDUCATION FINANCIERE - \u00e0 l'usage de ma fille - Spirit-US","isPartOf":{"@id":"https:\/\/www.spirit-us.eu\/#website"},"primaryImageOfPage":{"@id":"https:\/\/www.spirit-us.eu\/index.php\/produit\/manule-deducation-financiere-a-lusage-de-ma-fille\/#primaryimage"},"image":{"@id":"https:\/\/www.spirit-us.eu\/index.php\/produit\/manule-deducation-financiere-a-lusage-de-ma-fille\/#primaryimage"},"thumbnailUrl":"https:\/\/www.spirit-us.eu\/wp-content\/uploads\/2025\/02\/manuel-deducation-financiere-image-produit.png","datePublished":"2025-02-25T10:46:55+00:00","dateModified":"2025-02-28T23:04:50+00:00","breadcrumb":{"@id":"https:\/\/www.spirit-us.eu\/index.php\/produit\/manule-deducation-financiere-a-lusage-de-ma-fille\/#breadcrumb"},"inLanguage":"fr-FR","potentialAction":[{"@type":"ReadAction","target":["https:\/\/www.spirit-us.eu\/index.php\/produit\/manule-deducation-financiere-a-lusage-de-ma-fille\/"]}]},{"@type":"ImageObject","inLanguage":"fr-FR","@id":"https:\/\/www.spirit-us.eu\/index.php\/produit\/manule-deducation-financiere-a-lusage-de-ma-fille\/#primaryimage","url":"https:\/\/www.spirit-us.eu\/wp-content\/uploads\/2025\/02\/manuel-deducation-financiere-image-produit.png","contentUrl":"https:\/\/www.spirit-us.eu\/wp-content\/uploads\/2025\/02\/manuel-deducation-financiere-image-produit.png","width":2295,"height":2295},{"@type":"BreadcrumbList","@id":"https:\/\/www.spirit-us.eu\/index.php\/produit\/manule-deducation-financiere-a-lusage-de-ma-fille\/#breadcrumb","itemListElement":[{"@type":"ListItem","position":1,"name":"Accueil","item":"https:\/\/www.spirit-us.eu\/"},{"@type":"ListItem","position":2,"name":"Boutique","item":"https:\/\/www.spirit-us.eu\/index.php\/boutique\/"},{"@type":"ListItem","position":3,"name":"MANUEL D&rsquo;EDUCATION FINANCIERE &#8211; \u00e0 l&rsquo;usage de ma fille"}]},{"@type":"WebSite","@id":"https:\/\/www.spirit-us.eu\/#website","url":"https:\/\/www.spirit-us.eu\/","name":"Spirit-US","description":"","publisher":{"@id":"https:\/\/www.spirit-us.eu\/#organization"},"potentialAction":[{"@type":"SearchAction","target":{"@type":"EntryPoint","urlTemplate":"https:\/\/www.spirit-us.eu\/?s={search_term_string}"},"query-input":{"@type":"PropertyValueSpecification","valueRequired":true,"valueName":"search_term_string"}}],"inLanguage":"fr-FR"},{"@type":"Organization","@id":"https:\/\/www.spirit-us.eu\/#organization","name":"Spirit-US","url":"https:\/\/www.spirit-us.eu\/","logo":{"@type":"ImageObject","inLanguage":"fr-FR","@id":"https:\/\/www.spirit-us.eu\/#\/schema\/logo\/image\/","url":"https:\/\/www.spirit-us.eu\/wp-content\/uploads\/2025\/11\/logo-regarde-linterlocutrice-sans-arrriere-plan.jpg","contentUrl":"https:\/\/www.spirit-us.eu\/wp-content\/uploads\/2025\/11\/logo-regarde-linterlocutrice-sans-arrriere-plan.jpg","width":1080,"height":1080,"caption":"Spirit-US"},"image":{"@id":"https:\/\/www.spirit-us.eu\/#\/schema\/logo\/image\/"},"sameAs":["https:\/\/www.facebook.com\/spirit.us.deum"]}]}},"jetpack_sharing_enabled":true,"_links":{"self":[{"href":"https:\/\/www.spirit-us.eu\/index.php\/wp-json\/wp\/v2\/product\/741","targetHints":{"allow":["GET"]}}],"collection":[{"href":"https:\/\/www.spirit-us.eu\/index.php\/wp-json\/wp\/v2\/product"}],"about":[{"href":"https:\/\/www.spirit-us.eu\/index.php\/wp-json\/wp\/v2\/types\/product"}],"replies":[{"embeddable":true,"href":"https:\/\/www.spirit-us.eu\/index.php\/wp-json\/wp\/v2\/comments?post=741"}],"wp:featuredmedia":[{"embeddable":true,"href":"https:\/\/www.spirit-us.eu\/index.php\/wp-json\/wp\/v2\/media\/742"}],"wp:attachment":[{"href":"https:\/\/www.spirit-us.eu\/index.php\/wp-json\/wp\/v2\/media?parent=741"}],"wp:term":[{"taxonomy":"product_brand","embeddable":true,"href":"https:\/\/www.spirit-us.eu\/index.php\/wp-json\/wp\/v2\/product_brand?post=741"},{"taxonomy":"product_cat","embeddable":true,"href":"https:\/\/www.spirit-us.eu\/index.php\/wp-json\/wp\/v2\/product_cat?post=741"},{"taxonomy":"product_tag","embeddable":true,"href":"https:\/\/www.spirit-us.eu\/index.php\/wp-json\/wp\/v2\/product_tag?post=741"},{"taxonomy":"mwb_booking_cost","embeddable":true,"href":"https:\/\/www.spirit-us.eu\/index.php\/wp-json\/wp\/v2\/mwb_booking_cost?post=741"},{"taxonomy":"mwb_booking_service","embeddable":true,"href":"https:\/\/www.spirit-us.eu\/index.php\/wp-json\/wp\/v2\/mwb_booking_service?post=741"}],"curies":[{"name":"wp","href":"https:\/\/api.w.org\/{rel}","templated":true}]}}