{"id":4451,"date":"2026-03-15T16:22:41","date_gmt":"2026-03-15T15:22:41","guid":{"rendered":"https:\/\/www.spirit-us.eu\/?post_type=product&#038;p=4451"},"modified":"2026-03-15T17:20:01","modified_gmt":"2026-03-15T16:20:01","slug":"calmer-la-fibromyalgie","status":"publish","type":"product","link":"https:\/\/www.spirit-us.eu\/index.php\/produit\/calmer-la-fibromyalgie\/","title":{"rendered":"CALMER LA FIBROMYALGIE (ancrage kinesth\u00e9sique et autohypnose)"},"content":{"rendered":"<p><strong>Auteure<\/strong>\u00a0: Lola LACROIX<\/p>\n<p><strong>Sonorit\u00e9s\u00a0<\/strong>: musique binaurale &#8211; 328 Hz<\/p>\n<p><strong>R\u00f4le de la musique binaurale<\/strong> :<\/p>\n<ul>\n<li>2 sons de fr\u00e9quences l\u00e9g\u00e8rement diff\u00e9rentes sont diffus\u00e9s dans chaque oreille, amenant le cerveau \u00e0 cr\u00e9er une troisi\u00e8me fr\u00e9quence<\/li>\n<li>couramment utilis\u00e9e pour r\u00e9duire l&rsquo;anxi\u00e9t\u00e9, am\u00e9liorer le sommeil, produire des endorphines et favoriser la m\u00e9ditation<\/li>\n<li><strong>l<\/strong>&lsquo;\u00e9coute au casque est n\u00e9cessaire pour un effet optimal.<\/li>\n<\/ul>\n<p><strong>Objectifs<\/strong> : favoriser l&rsquo;autonomie pour calmer et soulager les douleurs dues \u00e0 la fibromyalgie, ou toute douleur chronique apparent\u00e9e<\/p>\n<p><strong>Dur\u00e9e de l\u2019audio mp3<\/strong> :\u00a0 \u00a047 minutes<\/p>\n<p><strong>Montage<\/strong>\u00a0<strong>&amp; cr\u00e9ation<\/strong>\u00a0: Lola LACROIX<\/p>\n<p><strong>El\u00e9ments de ce soin<\/strong>\u00a0:<\/p>\n<ol>\n<li>l\u2019audio mp3 mont\u00e9 avec sonorit\u00e9s<\/li>\n<li>le livret au format pdf<\/li>\n<\/ol>\n<p><strong>Avertissement :\u00a0<\/strong><\/p>\n<ul>\n<li>il est imp\u00e9ratif de lire le livret joint avant d&rsquo;entreprendre le soin<\/li>\n<li>les informations contenues dans ce document sont uniquement destin\u00e9es \u00e0 des fins \u00e9ducatives. Aucune garantie n&rsquo;est exprim\u00e9e ou implicite. L&rsquo;auteure ne s&rsquo;engage pas \u00e0 donner des conseils m\u00e9dicaux ou professionnels.<\/li>\n<\/ul>\n<p>Certifi\u00e9 \u00ab\u00a0<strong>100% production humaine<\/strong> \u00bb : le texte, le montage, l\u2019enregistrement des sons.<\/p>\n<p>T\u00e9l\u00e9chargeable et accessible imm\u00e9diatement. Les droits d&rsquo;auteure s&rsquo;appliquent sur l&rsquo;ensemble des \u00e9l\u00e9ments constituant ce soin.<\/p>\n","protected":false},"excerpt":{"rendered":"<p style=\"text-align: justify;\">La fibromyalgie est une affection qui provoque des douleurs dans les muscles et les tissus mous de l&rsquo;ensemble du corps. Il s&rsquo;agit d&rsquo;un \u00e9tat permanent (chronique). Elle peut affecter le cou, les \u00e9paules, le dos, la poitrine, les hanches, les bras et les jambes. Parfois, la douleur peut durer toute la journ\u00e9e. La douleur peut \u00eatre aggrav\u00e9e par l&rsquo;activit\u00e9, le temps froid ou humide, l&rsquo;anxi\u00e9t\u00e9 et le stress chronique. \u00a0Ce soin s\u2019av\u00e8re efficace pour apaiser les sympt\u00f4mes, car il permet de prendre en compte les racines \u00e9motionnelles de la douleur qui s\u2019exprime physiquement. Il va vous permettre d\u2019apaiser naturellement les points physiques douloureux \u2013 c\u2019est un traitement des effets et pas des causes \u2013 via des gestes d\u2019autosoin (acupression), une visualisation sereine et un approfondissement de l\u2019\u00e9tat de conscience, qui am\u00e8ne le subconscient \u00e0 int\u00e9grer le respect des limites et des besoins primordiaux.\u00a0 Ceci va amener \u00e0 restaurer des sensations de confort dans tout le corps, l\u2019amour de soi, pour programmer un mieux-\u00eatre durable.<\/p>\n","protected":false},"featured_media":4452,"comment_status":"open","ping_status":"closed","template":"","meta":[],"product_brand":[],"product_cat":[155,17],"product_tag":[383,382,384],"mwb_booking_cost":[],"mwb_booking_service":[],"class_list":{"0":"post-4451","1":"product","2":"type-product","3":"status-publish","4":"has-post-thumbnail","6":"product_cat-02-soins-accueil","7":"product_cat-tous-les-produits","8":"product_tag-anneau-gastrique","9":"product_tag-minceur","10":"product_tag-protocole-minceur","12":"first","13":"instock","14":"downloadable","15":"virtual","16":"purchasable","17":"product-type-simple"},"yoast_head":"<!-- This site is optimized with the Yoast SEO plugin v27.4 - https:\/\/yoast.com\/product\/yoast-seo-wordpress\/ -->\n<title>CALMER LA FIBROMYALGIE (ancrage kinesth\u00e9sique et autohypnose) - Spirit-US CALMER LA FIBROMYALGIE (ancrage kinesth\u00e9sique et autohypnose)<\/title>\n<meta name=\"description\" content=\"S\u00e9ance d&#039;autohypnose et de gestes d&#039;autosoins (acupression) pour calmer la fibromyalgie et peu \u00e0 peu parvenir \u00e0 g\u00e9rer les douleurs chroniques.\" \/>\n<meta name=\"robots\" content=\"index, follow, max-snippet:-1, max-image-preview:large, max-video-preview:-1\" \/>\n<link rel=\"canonical\" href=\"https:\/\/www.spirit-us.eu\/index.php\/produit\/calmer-la-fibromyalgie\/\" \/>\n<meta property=\"og:locale\" content=\"fr_FR\" \/>\n<meta property=\"og:type\" content=\"article\" \/>\n<meta property=\"og:title\" content=\"CALMER LA FIBROMYALGIE (ancrage kinesth\u00e9sique et autohypnose) - Spirit-US CALMER LA FIBROMYALGIE (ancrage kinesth\u00e9sique et autohypnose)\" \/>\n<meta property=\"og:description\" content=\"S\u00e9ance d&#039;autohypnose et de gestes d&#039;autosoins (acupression) pour calmer la fibromyalgie et peu \u00e0 peu parvenir \u00e0 g\u00e9rer les douleurs chroniques.\" \/>\n<meta property=\"og:url\" content=\"https:\/\/www.spirit-us.eu\/index.php\/produit\/calmer-la-fibromyalgie\/\" \/>\n<meta property=\"og:site_name\" content=\"Spirit-US\" \/>\n<meta property=\"article:publisher\" content=\"https:\/\/www.facebook.com\/spirit.us.deum\" \/>\n<meta property=\"article:modified_time\" content=\"2026-03-15T16:20:01+00:00\" \/>\n<meta property=\"og:image\" content=\"https:\/\/www.spirit-us.eu\/wp-content\/uploads\/2026\/03\/image-produit-1024x1024.png\" \/>\n\t<meta property=\"og:image:width\" content=\"1024\" \/>\n\t<meta property=\"og:image:height\" content=\"1024\" \/>\n\t<meta property=\"og:image:type\" content=\"image\/png\" \/>\n<meta name=\"twitter:card\" content=\"summary_large_image\" \/>\n<meta name=\"twitter:label1\" content=\"Dur\u00e9e de lecture estim\u00e9e\" \/>\n\t<meta name=\"twitter:data1\" content=\"2 minutes\" \/>\n<script type=\"application\/ld+json\" class=\"yoast-schema-graph\">{\"@context\":\"https:\\\/\\\/schema.org\",\"@graph\":[{\"@type\":\"WebPage\",\"@id\":\"https:\\\/\\\/www.spirit-us.eu\\\/index.php\\\/produit\\\/calmer-la-fibromyalgie\\\/\",\"url\":\"https:\\\/\\\/www.spirit-us.eu\\\/index.php\\\/produit\\\/calmer-la-fibromyalgie\\\/\",\"name\":\"CALMER LA FIBROMYALGIE (ancrage kinesth\u00e9sique et autohypnose) - Spirit-US CALMER LA FIBROMYALGIE (ancrage kinesth\u00e9sique et autohypnose)\",\"isPartOf\":{\"@id\":\"https:\\\/\\\/www.spirit-us.eu\\\/#website\"},\"primaryImageOfPage\":{\"@id\":\"https:\\\/\\\/www.spirit-us.eu\\\/index.php\\\/produit\\\/calmer-la-fibromyalgie\\\/#primaryimage\"},\"image\":{\"@id\":\"https:\\\/\\\/www.spirit-us.eu\\\/index.php\\\/produit\\\/calmer-la-fibromyalgie\\\/#primaryimage\"},\"thumbnailUrl\":\"https:\\\/\\\/www.spirit-us.eu\\\/wp-content\\\/uploads\\\/2026\\\/03\\\/image-produit.png\",\"datePublished\":\"2026-03-15T15:22:41+00:00\",\"dateModified\":\"2026-03-15T16:20:01+00:00\",\"description\":\"S\u00e9ance d'autohypnose et de gestes d'autosoins (acupression) pour calmer la fibromyalgie et peu \u00e0 peu parvenir \u00e0 g\u00e9rer les douleurs chroniques.\",\"breadcrumb\":{\"@id\":\"https:\\\/\\\/www.spirit-us.eu\\\/index.php\\\/produit\\\/calmer-la-fibromyalgie\\\/#breadcrumb\"},\"inLanguage\":\"fr-FR\",\"potentialAction\":[{\"@type\":\"ReadAction\",\"target\":[\"https:\\\/\\\/www.spirit-us.eu\\\/index.php\\\/produit\\\/calmer-la-fibromyalgie\\\/\"]}]},{\"@type\":\"ImageObject\",\"inLanguage\":\"fr-FR\",\"@id\":\"https:\\\/\\\/www.spirit-us.eu\\\/index.php\\\/produit\\\/calmer-la-fibromyalgie\\\/#primaryimage\",\"url\":\"https:\\\/\\\/www.spirit-us.eu\\\/wp-content\\\/uploads\\\/2026\\\/03\\\/image-produit.png\",\"contentUrl\":\"https:\\\/\\\/www.spirit-us.eu\\\/wp-content\\\/uploads\\\/2026\\\/03\\\/image-produit.png\",\"width\":2430,\"height\":2430},{\"@type\":\"BreadcrumbList\",\"@id\":\"https:\\\/\\\/www.spirit-us.eu\\\/index.php\\\/produit\\\/calmer-la-fibromyalgie\\\/#breadcrumb\",\"itemListElement\":[{\"@type\":\"ListItem\",\"position\":1,\"name\":\"Accueil\",\"item\":\"https:\\\/\\\/www.spirit-us.eu\\\/\"},{\"@type\":\"ListItem\",\"position\":2,\"name\":\"Boutique\",\"item\":\"https:\\\/\\\/www.spirit-us.eu\\\/index.php\\\/boutique\\\/\"},{\"@type\":\"ListItem\",\"position\":3,\"name\":\"CALMER LA FIBROMYALGIE (ancrage kinesth\u00e9sique et autohypnose)\"}]},{\"@type\":\"WebSite\",\"@id\":\"https:\\\/\\\/www.spirit-us.eu\\\/#website\",\"url\":\"https:\\\/\\\/www.spirit-us.eu\\\/\",\"name\":\"Spirit-US\",\"description\":\"\",\"publisher\":{\"@id\":\"https:\\\/\\\/www.spirit-us.eu\\\/#organization\"},\"potentialAction\":[{\"@type\":\"SearchAction\",\"target\":{\"@type\":\"EntryPoint\",\"urlTemplate\":\"https:\\\/\\\/www.spirit-us.eu\\\/?s={search_term_string}\"},\"query-input\":{\"@type\":\"PropertyValueSpecification\",\"valueRequired\":true,\"valueName\":\"search_term_string\"}}],\"inLanguage\":\"fr-FR\"},{\"@type\":\"Organization\",\"@id\":\"https:\\\/\\\/www.spirit-us.eu\\\/#organization\",\"name\":\"Spirit-US\",\"url\":\"https:\\\/\\\/www.spirit-us.eu\\\/\",\"logo\":{\"@type\":\"ImageObject\",\"inLanguage\":\"fr-FR\",\"@id\":\"https:\\\/\\\/www.spirit-us.eu\\\/#\\\/schema\\\/logo\\\/image\\\/\",\"url\":\"https:\\\/\\\/www.spirit-us.eu\\\/wp-content\\\/uploads\\\/2025\\\/11\\\/logo-regarde-linterlocutrice-sans-arrriere-plan.jpg\",\"contentUrl\":\"https:\\\/\\\/www.spirit-us.eu\\\/wp-content\\\/uploads\\\/2025\\\/11\\\/logo-regarde-linterlocutrice-sans-arrriere-plan.jpg\",\"width\":1080,\"height\":1080,\"caption\":\"Spirit-US\"},\"image\":{\"@id\":\"https:\\\/\\\/www.spirit-us.eu\\\/#\\\/schema\\\/logo\\\/image\\\/\"},\"sameAs\":[\"https:\\\/\\\/www.facebook.com\\\/spirit.us.deum\"]}]}<\/script>\n<!-- \/ Yoast SEO plugin. -->","yoast_head_json":{"title":"CALMER LA FIBROMYALGIE (ancrage kinesth\u00e9sique et autohypnose) - Spirit-US CALMER LA FIBROMYALGIE (ancrage kinesth\u00e9sique et autohypnose)","description":"S\u00e9ance d'autohypnose et de gestes d'autosoins (acupression) pour calmer la fibromyalgie et peu \u00e0 peu parvenir \u00e0 g\u00e9rer les douleurs chroniques.","robots":{"index":"index","follow":"follow","max-snippet":"max-snippet:-1","max-image-preview":"max-image-preview:large","max-video-preview":"max-video-preview:-1"},"canonical":"https:\/\/www.spirit-us.eu\/index.php\/produit\/calmer-la-fibromyalgie\/","og_locale":"fr_FR","og_type":"article","og_title":"CALMER LA FIBROMYALGIE (ancrage kinesth\u00e9sique et autohypnose) - Spirit-US CALMER LA FIBROMYALGIE (ancrage kinesth\u00e9sique et autohypnose)","og_description":"S\u00e9ance d'autohypnose et de gestes d'autosoins (acupression) pour calmer la fibromyalgie et peu \u00e0 peu parvenir \u00e0 g\u00e9rer les douleurs chroniques.","og_url":"https:\/\/www.spirit-us.eu\/index.php\/produit\/calmer-la-fibromyalgie\/","og_site_name":"Spirit-US","article_publisher":"https:\/\/www.facebook.com\/spirit.us.deum","article_modified_time":"2026-03-15T16:20:01+00:00","og_image":[{"width":1024,"height":1024,"url":"https:\/\/www.spirit-us.eu\/wp-content\/uploads\/2026\/03\/image-produit-1024x1024.png","type":"image\/png"}],"twitter_card":"summary_large_image","twitter_misc":{"Dur\u00e9e de lecture estim\u00e9e":"2 minutes"},"schema":{"@context":"https:\/\/schema.org","@graph":[{"@type":"WebPage","@id":"https:\/\/www.spirit-us.eu\/index.php\/produit\/calmer-la-fibromyalgie\/","url":"https:\/\/www.spirit-us.eu\/index.php\/produit\/calmer-la-fibromyalgie\/","name":"CALMER LA FIBROMYALGIE (ancrage kinesth\u00e9sique et autohypnose) - Spirit-US CALMER LA FIBROMYALGIE (ancrage kinesth\u00e9sique et autohypnose)","isPartOf":{"@id":"https:\/\/www.spirit-us.eu\/#website"},"primaryImageOfPage":{"@id":"https:\/\/www.spirit-us.eu\/index.php\/produit\/calmer-la-fibromyalgie\/#primaryimage"},"image":{"@id":"https:\/\/www.spirit-us.eu\/index.php\/produit\/calmer-la-fibromyalgie\/#primaryimage"},"thumbnailUrl":"https:\/\/www.spirit-us.eu\/wp-content\/uploads\/2026\/03\/image-produit.png","datePublished":"2026-03-15T15:22:41+00:00","dateModified":"2026-03-15T16:20:01+00:00","description":"S\u00e9ance d'autohypnose et de gestes d'autosoins (acupression) pour calmer la fibromyalgie et peu \u00e0 peu parvenir \u00e0 g\u00e9rer les douleurs chroniques.","breadcrumb":{"@id":"https:\/\/www.spirit-us.eu\/index.php\/produit\/calmer-la-fibromyalgie\/#breadcrumb"},"inLanguage":"fr-FR","potentialAction":[{"@type":"ReadAction","target":["https:\/\/www.spirit-us.eu\/index.php\/produit\/calmer-la-fibromyalgie\/"]}]},{"@type":"ImageObject","inLanguage":"fr-FR","@id":"https:\/\/www.spirit-us.eu\/index.php\/produit\/calmer-la-fibromyalgie\/#primaryimage","url":"https:\/\/www.spirit-us.eu\/wp-content\/uploads\/2026\/03\/image-produit.png","contentUrl":"https:\/\/www.spirit-us.eu\/wp-content\/uploads\/2026\/03\/image-produit.png","width":2430,"height":2430},{"@type":"BreadcrumbList","@id":"https:\/\/www.spirit-us.eu\/index.php\/produit\/calmer-la-fibromyalgie\/#breadcrumb","itemListElement":[{"@type":"ListItem","position":1,"name":"Accueil","item":"https:\/\/www.spirit-us.eu\/"},{"@type":"ListItem","position":2,"name":"Boutique","item":"https:\/\/www.spirit-us.eu\/index.php\/boutique\/"},{"@type":"ListItem","position":3,"name":"CALMER LA FIBROMYALGIE (ancrage kinesth\u00e9sique et autohypnose)"}]},{"@type":"WebSite","@id":"https:\/\/www.spirit-us.eu\/#website","url":"https:\/\/www.spirit-us.eu\/","name":"Spirit-US","description":"","publisher":{"@id":"https:\/\/www.spirit-us.eu\/#organization"},"potentialAction":[{"@type":"SearchAction","target":{"@type":"EntryPoint","urlTemplate":"https:\/\/www.spirit-us.eu\/?s={search_term_string}"},"query-input":{"@type":"PropertyValueSpecification","valueRequired":true,"valueName":"search_term_string"}}],"inLanguage":"fr-FR"},{"@type":"Organization","@id":"https:\/\/www.spirit-us.eu\/#organization","name":"Spirit-US","url":"https:\/\/www.spirit-us.eu\/","logo":{"@type":"ImageObject","inLanguage":"fr-FR","@id":"https:\/\/www.spirit-us.eu\/#\/schema\/logo\/image\/","url":"https:\/\/www.spirit-us.eu\/wp-content\/uploads\/2025\/11\/logo-regarde-linterlocutrice-sans-arrriere-plan.jpg","contentUrl":"https:\/\/www.spirit-us.eu\/wp-content\/uploads\/2025\/11\/logo-regarde-linterlocutrice-sans-arrriere-plan.jpg","width":1080,"height":1080,"caption":"Spirit-US"},"image":{"@id":"https:\/\/www.spirit-us.eu\/#\/schema\/logo\/image\/"},"sameAs":["https:\/\/www.facebook.com\/spirit.us.deum"]}]}},"jetpack_sharing_enabled":true,"_links":{"self":[{"href":"https:\/\/www.spirit-us.eu\/index.php\/wp-json\/wp\/v2\/product\/4451","targetHints":{"allow":["GET"]}}],"collection":[{"href":"https:\/\/www.spirit-us.eu\/index.php\/wp-json\/wp\/v2\/product"}],"about":[{"href":"https:\/\/www.spirit-us.eu\/index.php\/wp-json\/wp\/v2\/types\/product"}],"replies":[{"embeddable":true,"href":"https:\/\/www.spirit-us.eu\/index.php\/wp-json\/wp\/v2\/comments?post=4451"}],"wp:featuredmedia":[{"embeddable":true,"href":"https:\/\/www.spirit-us.eu\/index.php\/wp-json\/wp\/v2\/media\/4452"}],"wp:attachment":[{"href":"https:\/\/www.spirit-us.eu\/index.php\/wp-json\/wp\/v2\/media?parent=4451"}],"wp:term":[{"taxonomy":"product_brand","embeddable":true,"href":"https:\/\/www.spirit-us.eu\/index.php\/wp-json\/wp\/v2\/product_brand?post=4451"},{"taxonomy":"product_cat","embeddable":true,"href":"https:\/\/www.spirit-us.eu\/index.php\/wp-json\/wp\/v2\/product_cat?post=4451"},{"taxonomy":"product_tag","embeddable":true,"href":"https:\/\/www.spirit-us.eu\/index.php\/wp-json\/wp\/v2\/product_tag?post=4451"},{"taxonomy":"mwb_booking_cost","embeddable":true,"href":"https:\/\/www.spirit-us.eu\/index.php\/wp-json\/wp\/v2\/mwb_booking_cost?post=4451"},{"taxonomy":"mwb_booking_service","embeddable":true,"href":"https:\/\/www.spirit-us.eu\/index.php\/wp-json\/wp\/v2\/mwb_booking_service?post=4451"}],"curies":[{"name":"wp","href":"https:\/\/api.w.org\/{rel}","templated":true}]}}