{"id":4178,"date":"2026-02-05T08:19:01","date_gmt":"2026-02-05T07:19:01","guid":{"rendered":"https:\/\/www.spirit-us.eu\/?post_type=product&#038;p=4178"},"modified":"2026-02-05T08:29:11","modified_gmt":"2026-02-05T07:29:11","slug":"pendentif-en-pierre-de-lune-goutte-enchassee","status":"publish","type":"product","link":"https:\/\/www.spirit-us.eu\/index.php\/produit\/pendentif-en-pierre-de-lune-goutte-enchassee\/","title":{"rendered":"PENDENTIF en PIERRE DE LUNE &#8211; goutte ench\u00e2ss\u00e9e"},"content":{"rendered":"<p>Bijou en forme de goutte en pierre de lune, sertie de m\u00e9tal argent\u00e9.<\/p>\n<p><strong>Dimensions\u00a0<\/strong>: hauteur 2 cm \/ largeur 1,11 cm \/ \u00e9paisseur 0,5<\/p>\n<p><strong>Mat\u00e9riaux\u00a0<\/strong>: acier inoxydable argent\u00e9 et pierre de lune<\/p>\n<p><strong>Couleurs<\/strong> :<\/p>\n<ul>\n<li>argent\u00e9 pour les motifs ench\u00e2ssant la pierre, ainsi que pour la cha\u00eene argent\u00e9e<\/li>\n<li>translucide bleut\u00e9 variant avec la lumi\u00e8re<\/li>\n<\/ul>\n<p><strong>Livr\u00e9 avec la cha\u00eene<\/strong> : 40-45 cm, m\u00e9tal argent\u00e9<\/p>\n<p><strong>Emballage<\/strong> : joli \u00e9crin de couleur<\/p>\n","protected":false},"excerpt":{"rendered":"<p style=\"text-align: justify;\">Adorable bijou \u00e0 offrir et \u00e0 porter lorsqu&rsquo;on aime la douceur et la beaut\u00e9 de la pierre de lune, ou lorsqu&rsquo;on travailler particuli\u00e8rement avec les \u00e9nergies des phases lunaires.\u00a0 La couleur de la pierre varie en fonction de la lumi\u00e8re \u00e0 laquelle elle est expos\u00e9e.\u00a0 Taill\u00e9e en forme de goutte, elle est joliment ench\u00e2ss\u00e9e dans du m\u00e9tal argent\u00e9 aux motifs d&rsquo;arabesques rappelant les circonvolution du triskel : cela apporte une touche particuli\u00e8re et druidique \u00e0 ce tr\u00e8s joli bijou fantaisie et ritu\u00e9lique.<\/p>\n","protected":false},"featured_media":4183,"comment_status":"open","ping_status":"closed","template":"","meta":[],"product_brand":[],"product_cat":[156,463,17],"product_tag":[471],"mwb_booking_cost":[],"mwb_booking_service":[],"class_list":{"0":"post-4178","1":"product","2":"type-product","3":"status-publish","4":"has-post-thumbnail","6":"product_cat-04-bijoux","7":"product_cat-pendentif","8":"product_cat-tous-les-produits","9":"product_tag-pierre-de-lune","11":"first","12":"instock","13":"shipping-taxable","14":"purchasable","15":"product-type-simple"},"yoast_head":"<!-- This site is optimized with the Yoast SEO plugin v27.1.1 - https:\/\/yoast.com\/product\/yoast-seo-wordpress\/ -->\n<title>PENDENTIF en PIERRE DE LUNE - goutte ench\u00e2ss\u00e9e - Spirit-US<\/title>\n<meta name=\"description\" content=\"Collier, pendentif femme, tr\u00e8s joli en pierre de lune. Bijou \u00e9l\u00e9gant pour toute circonstance. Quotidien ou Cadeaux anniversaire, saint Valentin.\" \/>\n<meta name=\"robots\" content=\"index, follow, max-snippet:-1, max-image-preview:large, max-video-preview:-1\" \/>\n<link rel=\"canonical\" href=\"https:\/\/www.spirit-us.eu\/index.php\/produit\/pendentif-en-pierre-de-lune-goutte-enchassee\/\" \/>\n<meta property=\"og:locale\" content=\"fr_FR\" \/>\n<meta property=\"og:type\" content=\"article\" \/>\n<meta property=\"og:title\" content=\"PENDENTIF en PIERRE DE LUNE - goutte ench\u00e2ss\u00e9e - Spirit-US\" \/>\n<meta property=\"og:description\" content=\"Collier, pendentif femme, tr\u00e8s joli en pierre de lune. Bijou \u00e9l\u00e9gant pour toute circonstance. Quotidien ou Cadeaux anniversaire, saint Valentin.\" \/>\n<meta property=\"og:url\" content=\"https:\/\/www.spirit-us.eu\/index.php\/produit\/pendentif-en-pierre-de-lune-goutte-enchassee\/\" \/>\n<meta property=\"og:site_name\" content=\"Spirit-US\" \/>\n<meta property=\"article:publisher\" content=\"https:\/\/www.facebook.com\/spirit.us.deum\" \/>\n<meta property=\"article:modified_time\" content=\"2026-02-05T07:29:11+00:00\" \/>\n<meta property=\"og:image\" content=\"https:\/\/www.spirit-us.eu\/wp-content\/uploads\/2026\/02\/goutte-pierre-de-lune-baroque.png\" \/>\n\t<meta property=\"og:image:width\" content=\"1080\" \/>\n\t<meta property=\"og:image:height\" content=\"1080\" \/>\n\t<meta property=\"og:image:type\" content=\"image\/png\" \/>\n<meta name=\"twitter:card\" content=\"summary_large_image\" \/>\n<meta name=\"twitter:label1\" content=\"Dur\u00e9e de lecture estim\u00e9e\" \/>\n\t<meta name=\"twitter:data1\" content=\"1 minute\" \/>\n<script type=\"application\/ld+json\" class=\"yoast-schema-graph\">{\"@context\":\"https:\/\/schema.org\",\"@graph\":[{\"@type\":\"WebPage\",\"@id\":\"https:\/\/www.spirit-us.eu\/index.php\/produit\/pendentif-en-pierre-de-lune-goutte-enchassee\/\",\"url\":\"https:\/\/www.spirit-us.eu\/index.php\/produit\/pendentif-en-pierre-de-lune-goutte-enchassee\/\",\"name\":\"PENDENTIF en PIERRE DE LUNE - goutte ench\u00e2ss\u00e9e - Spirit-US\",\"isPartOf\":{\"@id\":\"https:\/\/www.spirit-us.eu\/#website\"},\"primaryImageOfPage\":{\"@id\":\"https:\/\/www.spirit-us.eu\/index.php\/produit\/pendentif-en-pierre-de-lune-goutte-enchassee\/#primaryimage\"},\"image\":{\"@id\":\"https:\/\/www.spirit-us.eu\/index.php\/produit\/pendentif-en-pierre-de-lune-goutte-enchassee\/#primaryimage\"},\"thumbnailUrl\":\"https:\/\/www.spirit-us.eu\/wp-content\/uploads\/2026\/02\/goutte-pierre-de-lune-baroque.png\",\"datePublished\":\"2026-02-05T07:19:01+00:00\",\"dateModified\":\"2026-02-05T07:29:11+00:00\",\"description\":\"Collier, pendentif femme, tr\u00e8s joli en pierre de lune. Bijou \u00e9l\u00e9gant pour toute circonstance. Quotidien ou Cadeaux anniversaire, saint Valentin.\",\"breadcrumb\":{\"@id\":\"https:\/\/www.spirit-us.eu\/index.php\/produit\/pendentif-en-pierre-de-lune-goutte-enchassee\/#breadcrumb\"},\"inLanguage\":\"fr-FR\",\"potentialAction\":[{\"@type\":\"ReadAction\",\"target\":[\"https:\/\/www.spirit-us.eu\/index.php\/produit\/pendentif-en-pierre-de-lune-goutte-enchassee\/\"]}]},{\"@type\":\"ImageObject\",\"inLanguage\":\"fr-FR\",\"@id\":\"https:\/\/www.spirit-us.eu\/index.php\/produit\/pendentif-en-pierre-de-lune-goutte-enchassee\/#primaryimage\",\"url\":\"https:\/\/www.spirit-us.eu\/wp-content\/uploads\/2026\/02\/goutte-pierre-de-lune-baroque.png\",\"contentUrl\":\"https:\/\/www.spirit-us.eu\/wp-content\/uploads\/2026\/02\/goutte-pierre-de-lune-baroque.png\",\"width\":1080,\"height\":1080},{\"@type\":\"BreadcrumbList\",\"@id\":\"https:\/\/www.spirit-us.eu\/index.php\/produit\/pendentif-en-pierre-de-lune-goutte-enchassee\/#breadcrumb\",\"itemListElement\":[{\"@type\":\"ListItem\",\"position\":1,\"name\":\"Accueil\",\"item\":\"https:\/\/www.spirit-us.eu\/\"},{\"@type\":\"ListItem\",\"position\":2,\"name\":\"Boutique\",\"item\":\"https:\/\/www.spirit-us.eu\/index.php\/boutique\/\"},{\"@type\":\"ListItem\",\"position\":3,\"name\":\"PENDENTIF en PIERRE DE LUNE &#8211; goutte ench\u00e2ss\u00e9e\"}]},{\"@type\":\"WebSite\",\"@id\":\"https:\/\/www.spirit-us.eu\/#website\",\"url\":\"https:\/\/www.spirit-us.eu\/\",\"name\":\"Spirit-US\",\"description\":\"\",\"publisher\":{\"@id\":\"https:\/\/www.spirit-us.eu\/#organization\"},\"potentialAction\":[{\"@type\":\"SearchAction\",\"target\":{\"@type\":\"EntryPoint\",\"urlTemplate\":\"https:\/\/www.spirit-us.eu\/?s={search_term_string}\"},\"query-input\":{\"@type\":\"PropertyValueSpecification\",\"valueRequired\":true,\"valueName\":\"search_term_string\"}}],\"inLanguage\":\"fr-FR\"},{\"@type\":\"Organization\",\"@id\":\"https:\/\/www.spirit-us.eu\/#organization\",\"name\":\"Spirit-US\",\"url\":\"https:\/\/www.spirit-us.eu\/\",\"logo\":{\"@type\":\"ImageObject\",\"inLanguage\":\"fr-FR\",\"@id\":\"https:\/\/www.spirit-us.eu\/#\/schema\/logo\/image\/\",\"url\":\"https:\/\/www.spirit-us.eu\/wp-content\/uploads\/2025\/11\/logo-regarde-linterlocutrice-sans-arrriere-plan.jpg\",\"contentUrl\":\"https:\/\/www.spirit-us.eu\/wp-content\/uploads\/2025\/11\/logo-regarde-linterlocutrice-sans-arrriere-plan.jpg\",\"width\":1080,\"height\":1080,\"caption\":\"Spirit-US\"},\"image\":{\"@id\":\"https:\/\/www.spirit-us.eu\/#\/schema\/logo\/image\/\"},\"sameAs\":[\"https:\/\/www.facebook.com\/spirit.us.deum\"]}]}<\/script>\n<!-- \/ Yoast SEO plugin. -->","yoast_head_json":{"title":"PENDENTIF en PIERRE DE LUNE - goutte ench\u00e2ss\u00e9e - Spirit-US","description":"Collier, pendentif femme, tr\u00e8s joli en pierre de lune. Bijou \u00e9l\u00e9gant pour toute circonstance. Quotidien ou Cadeaux anniversaire, saint Valentin.","robots":{"index":"index","follow":"follow","max-snippet":"max-snippet:-1","max-image-preview":"max-image-preview:large","max-video-preview":"max-video-preview:-1"},"canonical":"https:\/\/www.spirit-us.eu\/index.php\/produit\/pendentif-en-pierre-de-lune-goutte-enchassee\/","og_locale":"fr_FR","og_type":"article","og_title":"PENDENTIF en PIERRE DE LUNE - goutte ench\u00e2ss\u00e9e - Spirit-US","og_description":"Collier, pendentif femme, tr\u00e8s joli en pierre de lune. Bijou \u00e9l\u00e9gant pour toute circonstance. Quotidien ou Cadeaux anniversaire, saint Valentin.","og_url":"https:\/\/www.spirit-us.eu\/index.php\/produit\/pendentif-en-pierre-de-lune-goutte-enchassee\/","og_site_name":"Spirit-US","article_publisher":"https:\/\/www.facebook.com\/spirit.us.deum","article_modified_time":"2026-02-05T07:29:11+00:00","og_image":[{"width":1080,"height":1080,"url":"https:\/\/www.spirit-us.eu\/wp-content\/uploads\/2026\/02\/goutte-pierre-de-lune-baroque.png","type":"image\/png"}],"twitter_card":"summary_large_image","twitter_misc":{"Dur\u00e9e de lecture estim\u00e9e":"1 minute"},"schema":{"@context":"https:\/\/schema.org","@graph":[{"@type":"WebPage","@id":"https:\/\/www.spirit-us.eu\/index.php\/produit\/pendentif-en-pierre-de-lune-goutte-enchassee\/","url":"https:\/\/www.spirit-us.eu\/index.php\/produit\/pendentif-en-pierre-de-lune-goutte-enchassee\/","name":"PENDENTIF en PIERRE DE LUNE - goutte ench\u00e2ss\u00e9e - Spirit-US","isPartOf":{"@id":"https:\/\/www.spirit-us.eu\/#website"},"primaryImageOfPage":{"@id":"https:\/\/www.spirit-us.eu\/index.php\/produit\/pendentif-en-pierre-de-lune-goutte-enchassee\/#primaryimage"},"image":{"@id":"https:\/\/www.spirit-us.eu\/index.php\/produit\/pendentif-en-pierre-de-lune-goutte-enchassee\/#primaryimage"},"thumbnailUrl":"https:\/\/www.spirit-us.eu\/wp-content\/uploads\/2026\/02\/goutte-pierre-de-lune-baroque.png","datePublished":"2026-02-05T07:19:01+00:00","dateModified":"2026-02-05T07:29:11+00:00","description":"Collier, pendentif femme, tr\u00e8s joli en pierre de lune. Bijou \u00e9l\u00e9gant pour toute circonstance. Quotidien ou Cadeaux anniversaire, saint Valentin.","breadcrumb":{"@id":"https:\/\/www.spirit-us.eu\/index.php\/produit\/pendentif-en-pierre-de-lune-goutte-enchassee\/#breadcrumb"},"inLanguage":"fr-FR","potentialAction":[{"@type":"ReadAction","target":["https:\/\/www.spirit-us.eu\/index.php\/produit\/pendentif-en-pierre-de-lune-goutte-enchassee\/"]}]},{"@type":"ImageObject","inLanguage":"fr-FR","@id":"https:\/\/www.spirit-us.eu\/index.php\/produit\/pendentif-en-pierre-de-lune-goutte-enchassee\/#primaryimage","url":"https:\/\/www.spirit-us.eu\/wp-content\/uploads\/2026\/02\/goutte-pierre-de-lune-baroque.png","contentUrl":"https:\/\/www.spirit-us.eu\/wp-content\/uploads\/2026\/02\/goutte-pierre-de-lune-baroque.png","width":1080,"height":1080},{"@type":"BreadcrumbList","@id":"https:\/\/www.spirit-us.eu\/index.php\/produit\/pendentif-en-pierre-de-lune-goutte-enchassee\/#breadcrumb","itemListElement":[{"@type":"ListItem","position":1,"name":"Accueil","item":"https:\/\/www.spirit-us.eu\/"},{"@type":"ListItem","position":2,"name":"Boutique","item":"https:\/\/www.spirit-us.eu\/index.php\/boutique\/"},{"@type":"ListItem","position":3,"name":"PENDENTIF en PIERRE DE LUNE &#8211; goutte ench\u00e2ss\u00e9e"}]},{"@type":"WebSite","@id":"https:\/\/www.spirit-us.eu\/#website","url":"https:\/\/www.spirit-us.eu\/","name":"Spirit-US","description":"","publisher":{"@id":"https:\/\/www.spirit-us.eu\/#organization"},"potentialAction":[{"@type":"SearchAction","target":{"@type":"EntryPoint","urlTemplate":"https:\/\/www.spirit-us.eu\/?s={search_term_string}"},"query-input":{"@type":"PropertyValueSpecification","valueRequired":true,"valueName":"search_term_string"}}],"inLanguage":"fr-FR"},{"@type":"Organization","@id":"https:\/\/www.spirit-us.eu\/#organization","name":"Spirit-US","url":"https:\/\/www.spirit-us.eu\/","logo":{"@type":"ImageObject","inLanguage":"fr-FR","@id":"https:\/\/www.spirit-us.eu\/#\/schema\/logo\/image\/","url":"https:\/\/www.spirit-us.eu\/wp-content\/uploads\/2025\/11\/logo-regarde-linterlocutrice-sans-arrriere-plan.jpg","contentUrl":"https:\/\/www.spirit-us.eu\/wp-content\/uploads\/2025\/11\/logo-regarde-linterlocutrice-sans-arrriere-plan.jpg","width":1080,"height":1080,"caption":"Spirit-US"},"image":{"@id":"https:\/\/www.spirit-us.eu\/#\/schema\/logo\/image\/"},"sameAs":["https:\/\/www.facebook.com\/spirit.us.deum"]}]}},"jetpack_sharing_enabled":true,"_links":{"self":[{"href":"https:\/\/www.spirit-us.eu\/index.php\/wp-json\/wp\/v2\/product\/4178","targetHints":{"allow":["GET"]}}],"collection":[{"href":"https:\/\/www.spirit-us.eu\/index.php\/wp-json\/wp\/v2\/product"}],"about":[{"href":"https:\/\/www.spirit-us.eu\/index.php\/wp-json\/wp\/v2\/types\/product"}],"replies":[{"embeddable":true,"href":"https:\/\/www.spirit-us.eu\/index.php\/wp-json\/wp\/v2\/comments?post=4178"}],"wp:featuredmedia":[{"embeddable":true,"href":"https:\/\/www.spirit-us.eu\/index.php\/wp-json\/wp\/v2\/media\/4183"}],"wp:attachment":[{"href":"https:\/\/www.spirit-us.eu\/index.php\/wp-json\/wp\/v2\/media?parent=4178"}],"wp:term":[{"taxonomy":"product_brand","embeddable":true,"href":"https:\/\/www.spirit-us.eu\/index.php\/wp-json\/wp\/v2\/product_brand?post=4178"},{"taxonomy":"product_cat","embeddable":true,"href":"https:\/\/www.spirit-us.eu\/index.php\/wp-json\/wp\/v2\/product_cat?post=4178"},{"taxonomy":"product_tag","embeddable":true,"href":"https:\/\/www.spirit-us.eu\/index.php\/wp-json\/wp\/v2\/product_tag?post=4178"},{"taxonomy":"mwb_booking_cost","embeddable":true,"href":"https:\/\/www.spirit-us.eu\/index.php\/wp-json\/wp\/v2\/mwb_booking_cost?post=4178"},{"taxonomy":"mwb_booking_service","embeddable":true,"href":"https:\/\/www.spirit-us.eu\/index.php\/wp-json\/wp\/v2\/mwb_booking_service?post=4178"}],"curies":[{"name":"wp","href":"https:\/\/api.w.org\/{rel}","templated":true}]}}