{"id":3323,"date":"2025-12-17T13:06:29","date_gmt":"2025-12-17T12:06:29","guid":{"rendered":"https:\/\/www.spirit-us.eu\/?post_type=product&#038;p=3323"},"modified":"2025-12-17T13:19:51","modified_gmt":"2025-12-17T12:19:51","slug":"broche-arbre-de-vie-en-perles-et-emaux-verts","status":"publish","type":"product","link":"https:\/\/www.spirit-us.eu\/index.php\/produit\/broche-arbre-de-vie-en-perles-et-emaux-verts\/","title":{"rendered":"BROCHE ARBRE DE VIE &#8211; en perles et \u00e9maux verts"},"content":{"rendered":"<p><strong>Dimensions<\/strong> :<\/p>\n<ul>\n<li>hauteur de la broche 3,4 cm<\/li>\n<li>largeur de la broche 3,7 cm<\/li>\n<\/ul>\n<p><strong>Couleurs<\/strong> : dor\u00e9, \u00e9maux verts printaniers, perles nacr\u00e9es blanches<\/p>\n<p><strong>Mat\u00e9riaux<\/strong> : laiton dor\u00e9, perles et \u00e9maux<\/p>\n<p><strong>Fermoir<\/strong> : \u00e9pingle<\/p>\n<p><strong>Pr\u00e9sentation<\/strong> : dans un coffret satin\u00e9 \/ int\u00e9rieur velours noir<\/p>\n","protected":false},"excerpt":{"rendered":"<p style=\"text-align: justify;\">Broche adorable au motif de l&rsquo;arbre de vie. Les broches sont hyper tendance cette ann\u00e9e.\u00a0 Celle-ci allie tendance et intemporalit\u00e9, car l&rsquo;arbre de vie repr\u00e9sente l&rsquo;\u00e9nergie vitale heureuse, f\u00e9conde, prosp\u00e8re.\u00a0 Un tr\u00e8s beau cadeau \u00e0 faire \u00e0 quelqu&rsquo;un qu&rsquo;on aime, branch\u00e9 spiritualit\u00e9; ou \u00e0 se faire si on aime la th\u00e9matique de l&rsquo;arbre de vie ou si on souhaite se conc\u00e9der ses bienfaits spirituels.\u00a0 L&rsquo;arbre du jardin d&rsquo;Eden, ici d\u00e9clin\u00e9 dans les couleurs du printemps et de l&rsquo;\u00e9t\u00e9.<\/p>\n","protected":false},"featured_media":3324,"comment_status":"open","ping_status":"closed","template":"","meta":[],"product_brand":[],"product_cat":[156,465,17],"product_tag":[273,476,485,481],"mwb_booking_cost":[],"mwb_booking_service":[],"class_list":{"0":"post-3323","1":"product","2":"type-product","3":"status-publish","4":"has-post-thumbnail","6":"product_cat-04-bijoux","7":"product_cat-broches","8":"product_cat-tous-les-produits","9":"product_tag-arbre-de-vie","10":"product_tag-broches","11":"product_tag-energie-vitale","12":"product_tag-motif-floral","14":"first","15":"instock","16":"shipping-taxable","17":"purchasable","18":"product-type-simple"},"yoast_head":"<!-- This site is optimized with the Yoast SEO plugin v27.1.1 - https:\/\/yoast.com\/product\/yoast-seo-wordpress\/ -->\n<title>BROCHE ARBRE DE VIE - en perles et \u00e9maux verts - Spirit-US<\/title>\n<meta name=\"robots\" content=\"index, follow, max-snippet:-1, max-image-preview:large, max-video-preview:-1\" \/>\n<link rel=\"canonical\" href=\"https:\/\/www.spirit-us.eu\/index.php\/produit\/broche-arbre-de-vie-en-perles-et-emaux-verts\/\" \/>\n<meta property=\"og:locale\" content=\"fr_FR\" \/>\n<meta property=\"og:type\" content=\"article\" \/>\n<meta property=\"og:title\" content=\"BROCHE ARBRE DE VIE - en perles et \u00e9maux verts - Spirit-US\" \/>\n<meta property=\"og:description\" content=\"Broche adorable au motif de l&#039;arbre de vie. Les broches sont hyper tendance cette ann\u00e9e.\u00a0 Celle-ci allie tendance et intemporalit\u00e9, car l&#039;arbre de vie repr\u00e9sente l&#039;\u00e9nergie vitale heureuse, f\u00e9conde, prosp\u00e8re.\u00a0 Un tr\u00e8s beau cadeau \u00e0 faire \u00e0 quelqu&#039;un qu&#039;on aime, branch\u00e9 spiritualit\u00e9; ou \u00e0 se faire si on aime la th\u00e9matique de l&#039;arbre de vie ou si on souhaite se conc\u00e9der ses bienfaits spirituels.\u00a0 L&#039;arbre du jardin d&#039;Eden, ici d\u00e9clin\u00e9 dans les couleurs du printemps et de l&#039;\u00e9t\u00e9.\" \/>\n<meta property=\"og:url\" content=\"https:\/\/www.spirit-us.eu\/index.php\/produit\/broche-arbre-de-vie-en-perles-et-emaux-verts\/\" \/>\n<meta property=\"og:site_name\" content=\"Spirit-US\" \/>\n<meta property=\"article:publisher\" content=\"https:\/\/www.facebook.com\/spirit.us.deum\" \/>\n<meta property=\"article:modified_time\" content=\"2025-12-17T12:19:51+00:00\" \/>\n<meta property=\"og:image\" content=\"https:\/\/www.spirit-us.eu\/wp-content\/uploads\/2025\/12\/arbre-de-vie-vert-et-blanc.png\" \/>\n\t<meta property=\"og:image:width\" content=\"1080\" \/>\n\t<meta property=\"og:image:height\" content=\"1080\" \/>\n\t<meta property=\"og:image:type\" content=\"image\/png\" \/>\n<meta name=\"twitter:card\" content=\"summary_large_image\" \/>\n<meta name=\"twitter:label1\" content=\"Dur\u00e9e de lecture estim\u00e9e\" \/>\n\t<meta name=\"twitter:data1\" content=\"1 minute\" \/>\n<script type=\"application\/ld+json\" class=\"yoast-schema-graph\">{\"@context\":\"https:\/\/schema.org\",\"@graph\":[{\"@type\":\"WebPage\",\"@id\":\"https:\/\/www.spirit-us.eu\/index.php\/produit\/broche-arbre-de-vie-en-perles-et-emaux-verts\/\",\"url\":\"https:\/\/www.spirit-us.eu\/index.php\/produit\/broche-arbre-de-vie-en-perles-et-emaux-verts\/\",\"name\":\"BROCHE ARBRE DE VIE - en perles et \u00e9maux verts - Spirit-US\",\"isPartOf\":{\"@id\":\"https:\/\/www.spirit-us.eu\/#website\"},\"primaryImageOfPage\":{\"@id\":\"https:\/\/www.spirit-us.eu\/index.php\/produit\/broche-arbre-de-vie-en-perles-et-emaux-verts\/#primaryimage\"},\"image\":{\"@id\":\"https:\/\/www.spirit-us.eu\/index.php\/produit\/broche-arbre-de-vie-en-perles-et-emaux-verts\/#primaryimage\"},\"thumbnailUrl\":\"https:\/\/www.spirit-us.eu\/wp-content\/uploads\/2025\/12\/arbre-de-vie-vert-et-blanc.png\",\"datePublished\":\"2025-12-17T12:06:29+00:00\",\"dateModified\":\"2025-12-17T12:19:51+00:00\",\"breadcrumb\":{\"@id\":\"https:\/\/www.spirit-us.eu\/index.php\/produit\/broche-arbre-de-vie-en-perles-et-emaux-verts\/#breadcrumb\"},\"inLanguage\":\"fr-FR\",\"potentialAction\":[{\"@type\":\"ReadAction\",\"target\":[\"https:\/\/www.spirit-us.eu\/index.php\/produit\/broche-arbre-de-vie-en-perles-et-emaux-verts\/\"]}]},{\"@type\":\"ImageObject\",\"inLanguage\":\"fr-FR\",\"@id\":\"https:\/\/www.spirit-us.eu\/index.php\/produit\/broche-arbre-de-vie-en-perles-et-emaux-verts\/#primaryimage\",\"url\":\"https:\/\/www.spirit-us.eu\/wp-content\/uploads\/2025\/12\/arbre-de-vie-vert-et-blanc.png\",\"contentUrl\":\"https:\/\/www.spirit-us.eu\/wp-content\/uploads\/2025\/12\/arbre-de-vie-vert-et-blanc.png\",\"width\":1080,\"height\":1080},{\"@type\":\"BreadcrumbList\",\"@id\":\"https:\/\/www.spirit-us.eu\/index.php\/produit\/broche-arbre-de-vie-en-perles-et-emaux-verts\/#breadcrumb\",\"itemListElement\":[{\"@type\":\"ListItem\",\"position\":1,\"name\":\"Accueil\",\"item\":\"https:\/\/www.spirit-us.eu\/\"},{\"@type\":\"ListItem\",\"position\":2,\"name\":\"Boutique\",\"item\":\"https:\/\/www.spirit-us.eu\/index.php\/boutique\/\"},{\"@type\":\"ListItem\",\"position\":3,\"name\":\"BROCHE ARBRE DE VIE &#8211; en perles et \u00e9maux verts\"}]},{\"@type\":\"WebSite\",\"@id\":\"https:\/\/www.spirit-us.eu\/#website\",\"url\":\"https:\/\/www.spirit-us.eu\/\",\"name\":\"Spirit-US\",\"description\":\"\",\"publisher\":{\"@id\":\"https:\/\/www.spirit-us.eu\/#organization\"},\"potentialAction\":[{\"@type\":\"SearchAction\",\"target\":{\"@type\":\"EntryPoint\",\"urlTemplate\":\"https:\/\/www.spirit-us.eu\/?s={search_term_string}\"},\"query-input\":{\"@type\":\"PropertyValueSpecification\",\"valueRequired\":true,\"valueName\":\"search_term_string\"}}],\"inLanguage\":\"fr-FR\"},{\"@type\":\"Organization\",\"@id\":\"https:\/\/www.spirit-us.eu\/#organization\",\"name\":\"Spirit-US\",\"url\":\"https:\/\/www.spirit-us.eu\/\",\"logo\":{\"@type\":\"ImageObject\",\"inLanguage\":\"fr-FR\",\"@id\":\"https:\/\/www.spirit-us.eu\/#\/schema\/logo\/image\/\",\"url\":\"https:\/\/www.spirit-us.eu\/wp-content\/uploads\/2025\/11\/logo-regarde-linterlocutrice-sans-arrriere-plan.jpg\",\"contentUrl\":\"https:\/\/www.spirit-us.eu\/wp-content\/uploads\/2025\/11\/logo-regarde-linterlocutrice-sans-arrriere-plan.jpg\",\"width\":1080,\"height\":1080,\"caption\":\"Spirit-US\"},\"image\":{\"@id\":\"https:\/\/www.spirit-us.eu\/#\/schema\/logo\/image\/\"},\"sameAs\":[\"https:\/\/www.facebook.com\/spirit.us.deum\"]}]}<\/script>\n<!-- \/ Yoast SEO plugin. -->","yoast_head_json":{"title":"BROCHE ARBRE DE VIE - en perles et \u00e9maux verts - Spirit-US","robots":{"index":"index","follow":"follow","max-snippet":"max-snippet:-1","max-image-preview":"max-image-preview:large","max-video-preview":"max-video-preview:-1"},"canonical":"https:\/\/www.spirit-us.eu\/index.php\/produit\/broche-arbre-de-vie-en-perles-et-emaux-verts\/","og_locale":"fr_FR","og_type":"article","og_title":"BROCHE ARBRE DE VIE - en perles et \u00e9maux verts - Spirit-US","og_description":"Broche adorable au motif de l'arbre de vie. Les broches sont hyper tendance cette ann\u00e9e.\u00a0 Celle-ci allie tendance et intemporalit\u00e9, car l'arbre de vie repr\u00e9sente l'\u00e9nergie vitale heureuse, f\u00e9conde, prosp\u00e8re.\u00a0 Un tr\u00e8s beau cadeau \u00e0 faire \u00e0 quelqu'un qu'on aime, branch\u00e9 spiritualit\u00e9; ou \u00e0 se faire si on aime la th\u00e9matique de l'arbre de vie ou si on souhaite se conc\u00e9der ses bienfaits spirituels.\u00a0 L'arbre du jardin d'Eden, ici d\u00e9clin\u00e9 dans les couleurs du printemps et de l'\u00e9t\u00e9.","og_url":"https:\/\/www.spirit-us.eu\/index.php\/produit\/broche-arbre-de-vie-en-perles-et-emaux-verts\/","og_site_name":"Spirit-US","article_publisher":"https:\/\/www.facebook.com\/spirit.us.deum","article_modified_time":"2025-12-17T12:19:51+00:00","og_image":[{"width":1080,"height":1080,"url":"https:\/\/www.spirit-us.eu\/wp-content\/uploads\/2025\/12\/arbre-de-vie-vert-et-blanc.png","type":"image\/png"}],"twitter_card":"summary_large_image","twitter_misc":{"Dur\u00e9e de lecture estim\u00e9e":"1 minute"},"schema":{"@context":"https:\/\/schema.org","@graph":[{"@type":"WebPage","@id":"https:\/\/www.spirit-us.eu\/index.php\/produit\/broche-arbre-de-vie-en-perles-et-emaux-verts\/","url":"https:\/\/www.spirit-us.eu\/index.php\/produit\/broche-arbre-de-vie-en-perles-et-emaux-verts\/","name":"BROCHE ARBRE DE VIE - en perles et \u00e9maux verts - Spirit-US","isPartOf":{"@id":"https:\/\/www.spirit-us.eu\/#website"},"primaryImageOfPage":{"@id":"https:\/\/www.spirit-us.eu\/index.php\/produit\/broche-arbre-de-vie-en-perles-et-emaux-verts\/#primaryimage"},"image":{"@id":"https:\/\/www.spirit-us.eu\/index.php\/produit\/broche-arbre-de-vie-en-perles-et-emaux-verts\/#primaryimage"},"thumbnailUrl":"https:\/\/www.spirit-us.eu\/wp-content\/uploads\/2025\/12\/arbre-de-vie-vert-et-blanc.png","datePublished":"2025-12-17T12:06:29+00:00","dateModified":"2025-12-17T12:19:51+00:00","breadcrumb":{"@id":"https:\/\/www.spirit-us.eu\/index.php\/produit\/broche-arbre-de-vie-en-perles-et-emaux-verts\/#breadcrumb"},"inLanguage":"fr-FR","potentialAction":[{"@type":"ReadAction","target":["https:\/\/www.spirit-us.eu\/index.php\/produit\/broche-arbre-de-vie-en-perles-et-emaux-verts\/"]}]},{"@type":"ImageObject","inLanguage":"fr-FR","@id":"https:\/\/www.spirit-us.eu\/index.php\/produit\/broche-arbre-de-vie-en-perles-et-emaux-verts\/#primaryimage","url":"https:\/\/www.spirit-us.eu\/wp-content\/uploads\/2025\/12\/arbre-de-vie-vert-et-blanc.png","contentUrl":"https:\/\/www.spirit-us.eu\/wp-content\/uploads\/2025\/12\/arbre-de-vie-vert-et-blanc.png","width":1080,"height":1080},{"@type":"BreadcrumbList","@id":"https:\/\/www.spirit-us.eu\/index.php\/produit\/broche-arbre-de-vie-en-perles-et-emaux-verts\/#breadcrumb","itemListElement":[{"@type":"ListItem","position":1,"name":"Accueil","item":"https:\/\/www.spirit-us.eu\/"},{"@type":"ListItem","position":2,"name":"Boutique","item":"https:\/\/www.spirit-us.eu\/index.php\/boutique\/"},{"@type":"ListItem","position":3,"name":"BROCHE ARBRE DE VIE &#8211; en perles et \u00e9maux verts"}]},{"@type":"WebSite","@id":"https:\/\/www.spirit-us.eu\/#website","url":"https:\/\/www.spirit-us.eu\/","name":"Spirit-US","description":"","publisher":{"@id":"https:\/\/www.spirit-us.eu\/#organization"},"potentialAction":[{"@type":"SearchAction","target":{"@type":"EntryPoint","urlTemplate":"https:\/\/www.spirit-us.eu\/?s={search_term_string}"},"query-input":{"@type":"PropertyValueSpecification","valueRequired":true,"valueName":"search_term_string"}}],"inLanguage":"fr-FR"},{"@type":"Organization","@id":"https:\/\/www.spirit-us.eu\/#organization","name":"Spirit-US","url":"https:\/\/www.spirit-us.eu\/","logo":{"@type":"ImageObject","inLanguage":"fr-FR","@id":"https:\/\/www.spirit-us.eu\/#\/schema\/logo\/image\/","url":"https:\/\/www.spirit-us.eu\/wp-content\/uploads\/2025\/11\/logo-regarde-linterlocutrice-sans-arrriere-plan.jpg","contentUrl":"https:\/\/www.spirit-us.eu\/wp-content\/uploads\/2025\/11\/logo-regarde-linterlocutrice-sans-arrriere-plan.jpg","width":1080,"height":1080,"caption":"Spirit-US"},"image":{"@id":"https:\/\/www.spirit-us.eu\/#\/schema\/logo\/image\/"},"sameAs":["https:\/\/www.facebook.com\/spirit.us.deum"]}]}},"jetpack_sharing_enabled":true,"_links":{"self":[{"href":"https:\/\/www.spirit-us.eu\/index.php\/wp-json\/wp\/v2\/product\/3323","targetHints":{"allow":["GET"]}}],"collection":[{"href":"https:\/\/www.spirit-us.eu\/index.php\/wp-json\/wp\/v2\/product"}],"about":[{"href":"https:\/\/www.spirit-us.eu\/index.php\/wp-json\/wp\/v2\/types\/product"}],"replies":[{"embeddable":true,"href":"https:\/\/www.spirit-us.eu\/index.php\/wp-json\/wp\/v2\/comments?post=3323"}],"wp:featuredmedia":[{"embeddable":true,"href":"https:\/\/www.spirit-us.eu\/index.php\/wp-json\/wp\/v2\/media\/3324"}],"wp:attachment":[{"href":"https:\/\/www.spirit-us.eu\/index.php\/wp-json\/wp\/v2\/media?parent=3323"}],"wp:term":[{"taxonomy":"product_brand","embeddable":true,"href":"https:\/\/www.spirit-us.eu\/index.php\/wp-json\/wp\/v2\/product_brand?post=3323"},{"taxonomy":"product_cat","embeddable":true,"href":"https:\/\/www.spirit-us.eu\/index.php\/wp-json\/wp\/v2\/product_cat?post=3323"},{"taxonomy":"product_tag","embeddable":true,"href":"https:\/\/www.spirit-us.eu\/index.php\/wp-json\/wp\/v2\/product_tag?post=3323"},{"taxonomy":"mwb_booking_cost","embeddable":true,"href":"https:\/\/www.spirit-us.eu\/index.php\/wp-json\/wp\/v2\/mwb_booking_cost?post=3323"},{"taxonomy":"mwb_booking_service","embeddable":true,"href":"https:\/\/www.spirit-us.eu\/index.php\/wp-json\/wp\/v2\/mwb_booking_service?post=3323"}],"curies":[{"name":"wp","href":"https:\/\/api.w.org\/{rel}","templated":true}]}}