{"id":309,"date":"2025-01-29T15:40:16","date_gmt":"2025-01-29T14:40:16","guid":{"rendered":"https:\/\/www.spirit-us.eu\/?post_type=product&#038;p=309"},"modified":"2026-04-05T04:59:27","modified_gmt":"2026-04-05T02:59:27","slug":"encens-du-mont-athos-myrrhe","status":"publish","type":"product","link":"https:\/\/www.spirit-us.eu\/index.php\/produit\/encens-du-mont-athos-myrrhe\/","title":{"rendered":"Encens du Mont Athos &#8211; Myrrhe"},"content":{"rendered":"<p>Les encens du Mont Athos\u00a0parfument depuis des si\u00e8cles les pri\u00e8res et rituels sacr\u00e9s du monde chr\u00e9tien. Il se pr\u00e9sente en grains au parfum naturel, d\u00e9licat propice \u00e0 la connexion au divin et \u00e0 l&rsquo;accueil de la gr\u00e2ce de Dieu. Il est produit de mani\u00e8re traditionnelle sur le Mont Athos en Gr\u00e8ce. Issu de r\u00e9sines v\u00e9g\u00e9tales parfum\u00e9es, cet encens naturel est puissant pour accompagner la pri\u00e8re de purification et de lib\u00e9ration.<\/p>\n<p>Il est conforme aux instructions divines du livre de l\u2019Exode\u00a0: <em>Tu feras un autel pour br\u00fbler des parfums, tu le feras de bois d&rsquo;acacia<\/em>. <a href=\"https:\/\/saintebible.com\/exodus\/30-1.htm\">Exode 30:1<\/a><\/p>\n<p>Faites l&rsquo;acquisition et t\u00e9l\u00e9chargez la b\u00e9n\u00e9diction de l&rsquo;encens, pour un usage \u00e0 vie\u00a0 :<a href=\"https:\/\/www.spirit-us.eu\/index.php\/produit\/benediction-de-lencens\/\" target=\"_blank\" rel=\"noopener\"> https:\/\/www.spirit-us.eu\/index.php\/produit\/benediction-de-lencens\/<\/a><\/p>\n","protected":false},"excerpt":{"rendered":"<p>Livr\u00e9 par unit\u00e9s de 300g.\u00a0 Livraison par la poste dans le monde entier au tarif postal en vigueur.<\/p>\n<p>Envoy\u00e9 livr\u00e9 exorcis\u00e9. Encens grec de Mirrhe. Encens pur, grec, parfum\u00e9 \u00e0 la myrrhe du Mont Athos, vendu en morceaux dans un emballage de 300g. Encens d&rsquo;excellente qualit\u00e9.<br \/>\nUtilis\u00e9 pour parfumer en int\u00e9rieur, pour b\u00e9nir les lieux, les objets et les personnes.\u00a0 R\u00e9put\u00e9 pour \u00e9liminer les entit\u00e9s et les \u00e9nergies n\u00e9gatives.<\/p>\n","protected":false},"featured_media":332,"comment_status":"open","ping_status":"closed","template":"","meta":[],"product_brand":[],"product_cat":[165,17],"product_tag":[],"mwb_booking_cost":[],"mwb_booking_service":[],"class_list":{"0":"post-309","1":"product","2":"type-product","3":"status-publish","4":"has-post-thumbnail","6":"product_cat-10-encens","7":"product_cat-tous-les-produits","9":"first","10":"instock","11":"shipping-taxable","12":"purchasable","13":"product-type-simple"},"yoast_head":"<!-- This site is optimized with the Yoast SEO plugin v27.1.1 - https:\/\/yoast.com\/product\/yoast-seo-wordpress\/ -->\n<title>Encens du Mont Athos - Myrrhe - Spirit-US<\/title>\n<meta name=\"robots\" content=\"index, follow, max-snippet:-1, max-image-preview:large, max-video-preview:-1\" \/>\n<link rel=\"canonical\" href=\"https:\/\/www.spirit-us.eu\/index.php\/produit\/encens-du-mont-athos-myrrhe\/\" \/>\n<meta property=\"og:locale\" content=\"fr_FR\" \/>\n<meta property=\"og:type\" content=\"article\" \/>\n<meta property=\"og:title\" content=\"Encens du Mont Athos - Myrrhe - Spirit-US\" \/>\n<meta property=\"og:description\" content=\"Livr\u00e9 par unit\u00e9s de 300g.\u00a0 Livraison par la poste dans le monde entier au tarif postal en vigueur.  Envoy\u00e9 livr\u00e9 exorcis\u00e9. Encens grec de Mirrhe. Encens pur, grec, parfum\u00e9 \u00e0 la myrrhe du Mont Athos, vendu en morceaux dans un emballage de 300g. Encens d&#039;excellente qualit\u00e9. Utilis\u00e9 pour parfumer en int\u00e9rieur, pour b\u00e9nir les lieux, les objets et les personnes.\u00a0 R\u00e9put\u00e9 pour \u00e9liminer les entit\u00e9s et les \u00e9nergies n\u00e9gatives.\" \/>\n<meta property=\"og:url\" content=\"https:\/\/www.spirit-us.eu\/index.php\/produit\/encens-du-mont-athos-myrrhe\/\" \/>\n<meta property=\"og:site_name\" content=\"Spirit-US\" \/>\n<meta property=\"article:publisher\" content=\"https:\/\/www.facebook.com\/spirit.us.deum\" \/>\n<meta property=\"article:modified_time\" content=\"2026-04-05T02:59:27+00:00\" \/>\n<meta property=\"og:image\" content=\"https:\/\/www.spirit-us.eu\/wp-content\/uploads\/2025\/01\/encens-ma-photo.jpg\" \/>\n\t<meta property=\"og:image:width\" content=\"703\" \/>\n\t<meta property=\"og:image:height\" content=\"937\" \/>\n\t<meta property=\"og:image:type\" content=\"image\/jpeg\" \/>\n<meta name=\"twitter:card\" content=\"summary_large_image\" \/>\n<meta name=\"twitter:label1\" content=\"Dur\u00e9e de lecture estim\u00e9e\" \/>\n\t<meta name=\"twitter:data1\" content=\"1 minute\" \/>\n<script type=\"application\/ld+json\" class=\"yoast-schema-graph\">{\"@context\":\"https:\/\/schema.org\",\"@graph\":[{\"@type\":\"WebPage\",\"@id\":\"https:\/\/www.spirit-us.eu\/index.php\/produit\/encens-du-mont-athos-myrrhe\/\",\"url\":\"https:\/\/www.spirit-us.eu\/index.php\/produit\/encens-du-mont-athos-myrrhe\/\",\"name\":\"Encens du Mont Athos - Myrrhe - Spirit-US\",\"isPartOf\":{\"@id\":\"https:\/\/www.spirit-us.eu\/#website\"},\"primaryImageOfPage\":{\"@id\":\"https:\/\/www.spirit-us.eu\/index.php\/produit\/encens-du-mont-athos-myrrhe\/#primaryimage\"},\"image\":{\"@id\":\"https:\/\/www.spirit-us.eu\/index.php\/produit\/encens-du-mont-athos-myrrhe\/#primaryimage\"},\"thumbnailUrl\":\"https:\/\/www.spirit-us.eu\/wp-content\/uploads\/2025\/01\/encens-ma-photo.jpg\",\"datePublished\":\"2025-01-29T14:40:16+00:00\",\"dateModified\":\"2026-04-05T02:59:27+00:00\",\"breadcrumb\":{\"@id\":\"https:\/\/www.spirit-us.eu\/index.php\/produit\/encens-du-mont-athos-myrrhe\/#breadcrumb\"},\"inLanguage\":\"fr-FR\",\"potentialAction\":[{\"@type\":\"ReadAction\",\"target\":[\"https:\/\/www.spirit-us.eu\/index.php\/produit\/encens-du-mont-athos-myrrhe\/\"]}]},{\"@type\":\"ImageObject\",\"inLanguage\":\"fr-FR\",\"@id\":\"https:\/\/www.spirit-us.eu\/index.php\/produit\/encens-du-mont-athos-myrrhe\/#primaryimage\",\"url\":\"https:\/\/www.spirit-us.eu\/wp-content\/uploads\/2025\/01\/encens-ma-photo.jpg\",\"contentUrl\":\"https:\/\/www.spirit-us.eu\/wp-content\/uploads\/2025\/01\/encens-ma-photo.jpg\",\"width\":703,\"height\":937},{\"@type\":\"BreadcrumbList\",\"@id\":\"https:\/\/www.spirit-us.eu\/index.php\/produit\/encens-du-mont-athos-myrrhe\/#breadcrumb\",\"itemListElement\":[{\"@type\":\"ListItem\",\"position\":1,\"name\":\"Accueil\",\"item\":\"https:\/\/www.spirit-us.eu\/\"},{\"@type\":\"ListItem\",\"position\":2,\"name\":\"Boutique\",\"item\":\"https:\/\/www.spirit-us.eu\/index.php\/boutique\/\"},{\"@type\":\"ListItem\",\"position\":3,\"name\":\"Encens du Mont Athos &#8211; Myrrhe\"}]},{\"@type\":\"WebSite\",\"@id\":\"https:\/\/www.spirit-us.eu\/#website\",\"url\":\"https:\/\/www.spirit-us.eu\/\",\"name\":\"Spirit-US\",\"description\":\"\",\"publisher\":{\"@id\":\"https:\/\/www.spirit-us.eu\/#organization\"},\"potentialAction\":[{\"@type\":\"SearchAction\",\"target\":{\"@type\":\"EntryPoint\",\"urlTemplate\":\"https:\/\/www.spirit-us.eu\/?s={search_term_string}\"},\"query-input\":{\"@type\":\"PropertyValueSpecification\",\"valueRequired\":true,\"valueName\":\"search_term_string\"}}],\"inLanguage\":\"fr-FR\"},{\"@type\":\"Organization\",\"@id\":\"https:\/\/www.spirit-us.eu\/#organization\",\"name\":\"Spirit-US\",\"url\":\"https:\/\/www.spirit-us.eu\/\",\"logo\":{\"@type\":\"ImageObject\",\"inLanguage\":\"fr-FR\",\"@id\":\"https:\/\/www.spirit-us.eu\/#\/schema\/logo\/image\/\",\"url\":\"https:\/\/www.spirit-us.eu\/wp-content\/uploads\/2025\/11\/logo-regarde-linterlocutrice-sans-arrriere-plan.jpg\",\"contentUrl\":\"https:\/\/www.spirit-us.eu\/wp-content\/uploads\/2025\/11\/logo-regarde-linterlocutrice-sans-arrriere-plan.jpg\",\"width\":1080,\"height\":1080,\"caption\":\"Spirit-US\"},\"image\":{\"@id\":\"https:\/\/www.spirit-us.eu\/#\/schema\/logo\/image\/\"},\"sameAs\":[\"https:\/\/www.facebook.com\/spirit.us.deum\"]}]}<\/script>\n<!-- \/ Yoast SEO plugin. -->","yoast_head_json":{"title":"Encens du Mont Athos - Myrrhe - Spirit-US","robots":{"index":"index","follow":"follow","max-snippet":"max-snippet:-1","max-image-preview":"max-image-preview:large","max-video-preview":"max-video-preview:-1"},"canonical":"https:\/\/www.spirit-us.eu\/index.php\/produit\/encens-du-mont-athos-myrrhe\/","og_locale":"fr_FR","og_type":"article","og_title":"Encens du Mont Athos - Myrrhe - Spirit-US","og_description":"Livr\u00e9 par unit\u00e9s de 300g.\u00a0 Livraison par la poste dans le monde entier au tarif postal en vigueur.  Envoy\u00e9 livr\u00e9 exorcis\u00e9. Encens grec de Mirrhe. Encens pur, grec, parfum\u00e9 \u00e0 la myrrhe du Mont Athos, vendu en morceaux dans un emballage de 300g. Encens d'excellente qualit\u00e9. Utilis\u00e9 pour parfumer en int\u00e9rieur, pour b\u00e9nir les lieux, les objets et les personnes.\u00a0 R\u00e9put\u00e9 pour \u00e9liminer les entit\u00e9s et les \u00e9nergies n\u00e9gatives.","og_url":"https:\/\/www.spirit-us.eu\/index.php\/produit\/encens-du-mont-athos-myrrhe\/","og_site_name":"Spirit-US","article_publisher":"https:\/\/www.facebook.com\/spirit.us.deum","article_modified_time":"2026-04-05T02:59:27+00:00","og_image":[{"width":703,"height":937,"url":"https:\/\/www.spirit-us.eu\/wp-content\/uploads\/2025\/01\/encens-ma-photo.jpg","type":"image\/jpeg"}],"twitter_card":"summary_large_image","twitter_misc":{"Dur\u00e9e de lecture estim\u00e9e":"1 minute"},"schema":{"@context":"https:\/\/schema.org","@graph":[{"@type":"WebPage","@id":"https:\/\/www.spirit-us.eu\/index.php\/produit\/encens-du-mont-athos-myrrhe\/","url":"https:\/\/www.spirit-us.eu\/index.php\/produit\/encens-du-mont-athos-myrrhe\/","name":"Encens du Mont Athos - Myrrhe - Spirit-US","isPartOf":{"@id":"https:\/\/www.spirit-us.eu\/#website"},"primaryImageOfPage":{"@id":"https:\/\/www.spirit-us.eu\/index.php\/produit\/encens-du-mont-athos-myrrhe\/#primaryimage"},"image":{"@id":"https:\/\/www.spirit-us.eu\/index.php\/produit\/encens-du-mont-athos-myrrhe\/#primaryimage"},"thumbnailUrl":"https:\/\/www.spirit-us.eu\/wp-content\/uploads\/2025\/01\/encens-ma-photo.jpg","datePublished":"2025-01-29T14:40:16+00:00","dateModified":"2026-04-05T02:59:27+00:00","breadcrumb":{"@id":"https:\/\/www.spirit-us.eu\/index.php\/produit\/encens-du-mont-athos-myrrhe\/#breadcrumb"},"inLanguage":"fr-FR","potentialAction":[{"@type":"ReadAction","target":["https:\/\/www.spirit-us.eu\/index.php\/produit\/encens-du-mont-athos-myrrhe\/"]}]},{"@type":"ImageObject","inLanguage":"fr-FR","@id":"https:\/\/www.spirit-us.eu\/index.php\/produit\/encens-du-mont-athos-myrrhe\/#primaryimage","url":"https:\/\/www.spirit-us.eu\/wp-content\/uploads\/2025\/01\/encens-ma-photo.jpg","contentUrl":"https:\/\/www.spirit-us.eu\/wp-content\/uploads\/2025\/01\/encens-ma-photo.jpg","width":703,"height":937},{"@type":"BreadcrumbList","@id":"https:\/\/www.spirit-us.eu\/index.php\/produit\/encens-du-mont-athos-myrrhe\/#breadcrumb","itemListElement":[{"@type":"ListItem","position":1,"name":"Accueil","item":"https:\/\/www.spirit-us.eu\/"},{"@type":"ListItem","position":2,"name":"Boutique","item":"https:\/\/www.spirit-us.eu\/index.php\/boutique\/"},{"@type":"ListItem","position":3,"name":"Encens du Mont Athos &#8211; Myrrhe"}]},{"@type":"WebSite","@id":"https:\/\/www.spirit-us.eu\/#website","url":"https:\/\/www.spirit-us.eu\/","name":"Spirit-US","description":"","publisher":{"@id":"https:\/\/www.spirit-us.eu\/#organization"},"potentialAction":[{"@type":"SearchAction","target":{"@type":"EntryPoint","urlTemplate":"https:\/\/www.spirit-us.eu\/?s={search_term_string}"},"query-input":{"@type":"PropertyValueSpecification","valueRequired":true,"valueName":"search_term_string"}}],"inLanguage":"fr-FR"},{"@type":"Organization","@id":"https:\/\/www.spirit-us.eu\/#organization","name":"Spirit-US","url":"https:\/\/www.spirit-us.eu\/","logo":{"@type":"ImageObject","inLanguage":"fr-FR","@id":"https:\/\/www.spirit-us.eu\/#\/schema\/logo\/image\/","url":"https:\/\/www.spirit-us.eu\/wp-content\/uploads\/2025\/11\/logo-regarde-linterlocutrice-sans-arrriere-plan.jpg","contentUrl":"https:\/\/www.spirit-us.eu\/wp-content\/uploads\/2025\/11\/logo-regarde-linterlocutrice-sans-arrriere-plan.jpg","width":1080,"height":1080,"caption":"Spirit-US"},"image":{"@id":"https:\/\/www.spirit-us.eu\/#\/schema\/logo\/image\/"},"sameAs":["https:\/\/www.facebook.com\/spirit.us.deum"]}]}},"jetpack_sharing_enabled":true,"_links":{"self":[{"href":"https:\/\/www.spirit-us.eu\/index.php\/wp-json\/wp\/v2\/product\/309","targetHints":{"allow":["GET"]}}],"collection":[{"href":"https:\/\/www.spirit-us.eu\/index.php\/wp-json\/wp\/v2\/product"}],"about":[{"href":"https:\/\/www.spirit-us.eu\/index.php\/wp-json\/wp\/v2\/types\/product"}],"replies":[{"embeddable":true,"href":"https:\/\/www.spirit-us.eu\/index.php\/wp-json\/wp\/v2\/comments?post=309"}],"wp:featuredmedia":[{"embeddable":true,"href":"https:\/\/www.spirit-us.eu\/index.php\/wp-json\/wp\/v2\/media\/332"}],"wp:attachment":[{"href":"https:\/\/www.spirit-us.eu\/index.php\/wp-json\/wp\/v2\/media?parent=309"}],"wp:term":[{"taxonomy":"product_brand","embeddable":true,"href":"https:\/\/www.spirit-us.eu\/index.php\/wp-json\/wp\/v2\/product_brand?post=309"},{"taxonomy":"product_cat","embeddable":true,"href":"https:\/\/www.spirit-us.eu\/index.php\/wp-json\/wp\/v2\/product_cat?post=309"},{"taxonomy":"product_tag","embeddable":true,"href":"https:\/\/www.spirit-us.eu\/index.php\/wp-json\/wp\/v2\/product_tag?post=309"},{"taxonomy":"mwb_booking_cost","embeddable":true,"href":"https:\/\/www.spirit-us.eu\/index.php\/wp-json\/wp\/v2\/mwb_booking_cost?post=309"},{"taxonomy":"mwb_booking_service","embeddable":true,"href":"https:\/\/www.spirit-us.eu\/index.php\/wp-json\/wp\/v2\/mwb_booking_service?post=309"}],"curies":[{"name":"wp","href":"https:\/\/api.w.org\/{rel}","templated":true}]}}