{"id":2895,"date":"2025-12-09T11:25:19","date_gmt":"2025-12-09T10:25:19","guid":{"rendered":"https:\/\/www.spirit-us.eu\/?post_type=product&#038;p=2895"},"modified":"2025-12-17T14:41:09","modified_gmt":"2025-12-17T13:41:09","slug":"collier-ethnique-nacre-bois-coquillage","status":"publish","type":"product","link":"https:\/\/www.spirit-us.eu\/index.php\/produit\/collier-ethnique-nacre-bois-coquillage\/","title":{"rendered":"COLLIER Pirate chic &#8211; pierre de lune marron et dent de requin en nacre"},"content":{"rendered":"<p>Collier ethnique en nacre, perles de pierre de lune brune<\/p>\n<p><strong>Dimensions<\/strong> :<\/p>\n<ul>\n<li>collier 46 cm<\/li>\n<li>pendentif \u00ab\u00a0dent de requin\u00a0\u00bb 7 cm<\/li>\n<li>perles de pierre de lune brune 2 mm<\/li>\n<\/ul>\n<p><strong>Fermoir<\/strong> : bouton de pierre de lune brune<\/p>\n<p><strong>Une id\u00e9e de synergie<\/strong> ? Offrez ce bijou dans une bo\u00eete sculpt\u00e9e en pierre, aux motifs ethniques et animalier.<\/p>\n<p>La bo\u00eete s&rsquo;ach\u00e8te \u00e0 part, suivant ce lien : <a href=\"https:\/\/www.spirit-us.eu\/index.php\/produit\/boite-a-bijoux-motif-oiseau-exotique\/\" target=\"_blank\" rel=\"noopener\">https:\/\/www.spirit-us.eu\/index.php\/produit\/boite-a-bijoux-motif-oiseau-exotique\/<\/a><\/p>\n<p>Livr\u00e9 avec une pochette.<\/p>\n<p>&nbsp;<\/p>\n","protected":false},"excerpt":{"rendered":"<p style=\"text-align: justify;\">Envie d&rsquo;\u00eatre une pirate tr\u00e8s chic ? Ce collier rehauss\u00e9 d&rsquo;un coquillage taill\u00e9 en dent de requin est tr\u00e8s tendance et donnera une touche ethnique, naturelle, \u00e0 votre tenue. Il est compos\u00e9 de ce motif de nacre particulier, et d&rsquo;un triple rang de pierres de lune brunes : une vari\u00e9t\u00e9 de pierre de lune caract\u00e9ris\u00e9e par ses\u00a0 teintes brunes riches, profondes\u00a0 et un jeu de lumi\u00e8re connu sous le nom d&rsquo;adularescence, qui se manifeste par un \u00e9clat doux et brillant sur sa surface. Cette pierre naturelle est souvent associ\u00e9e \u00e0 l\u2019ancrage, \u00e0 la stabilit\u00e9 \u00e9motionnelle et \u00e0 la force int\u00e9rieure. On pense qu\u2019il am\u00e9liore l\u2019intuition et offre une protection, ce qui le rend populaire dans les pratiques m\u00e9taphysiques. La pierre de lune brune est \u00e9galement appr\u00e9ci\u00e9e pour son attrait esth\u00e9tique et est utilis\u00e9e dans diverses formes de bijoux. Sa couleur unique et ses propri\u00e9t\u00e9s mystiques en font un favori parmi les amateurs et qui aime les pierres naturelles.<\/p>\n<p>Envie de faire un cadeau exceptionnel \u00e0 une personne exceptionnelle, passionn\u00e9e de nature et un brin fantaisiste ? Cr\u00e9ez une synergie avec une bo\u00eete en pierre \u00e0 savon sculpt\u00e9e \u00e0 la main, d&rsquo;origine kenyane (voir la fiche descriptive ci-apr\u00e8s).<\/p>\n","protected":false},"featured_media":2893,"comment_status":"open","ping_status":"closed","template":"","meta":[],"product_brand":[],"product_cat":[156,462,17],"product_tag":[223,428,427,431,430],"mwb_booking_cost":[],"mwb_booking_service":[],"class_list":{"0":"post-2895","1":"product","2":"type-product","3":"status-publish","4":"has-post-thumbnail","6":"product_cat-04-bijoux","7":"product_cat-006-colliers","8":"product_cat-tous-les-produits","9":"product_tag-ancrage","10":"product_tag-durable","11":"product_tag-ethnique","12":"product_tag-nature","13":"product_tag-tendance","15":"first","16":"instock","17":"shipping-taxable","18":"purchasable","19":"product-type-simple"},"yoast_head":"<!-- This site is optimized with the Yoast SEO plugin v27.1.1 - https:\/\/yoast.com\/product\/yoast-seo-wordpress\/ -->\n<title>COLLIER Pirate chic - pierre de lune marron et dent de requin en nacre - Spirit-US<\/title>\n<meta name=\"robots\" content=\"index, follow, max-snippet:-1, max-image-preview:large, max-video-preview:-1\" \/>\n<link rel=\"canonical\" href=\"https:\/\/www.spirit-us.eu\/index.php\/produit\/collier-ethnique-nacre-bois-coquillage\/\" \/>\n<meta property=\"og:locale\" content=\"fr_FR\" \/>\n<meta property=\"og:type\" content=\"article\" \/>\n<meta property=\"og:title\" content=\"COLLIER Pirate chic - pierre de lune marron et dent de requin en nacre - Spirit-US\" \/>\n<meta property=\"og:description\" content=\"Envie d&#039;\u00eatre une pirate tr\u00e8s chic ? Ce collier rehauss\u00e9 d&#039;un coquillage taill\u00e9 en dent de requin est tr\u00e8s tendance et donnera une touche ethnique, naturelle, \u00e0 votre tenue. Il est compos\u00e9 de ce motif de nacre particulier, et d&#039;un triple rang de pierres de lune brunes : une vari\u00e9t\u00e9 de pierre de lune caract\u00e9ris\u00e9e par ses\u00a0 teintes brunes riches, profondes\u00a0 et un jeu de lumi\u00e8re connu sous le nom d&#039;adularescence, qui se manifeste par un \u00e9clat doux et brillant sur sa surface. Cette pierre naturelle est souvent associ\u00e9e \u00e0 l\u2019ancrage, \u00e0 la stabilit\u00e9 \u00e9motionnelle et \u00e0 la force int\u00e9rieure. On pense qu\u2019il am\u00e9liore l\u2019intuition et offre une protection, ce qui le rend populaire dans les pratiques m\u00e9taphysiques. La pierre de lune brune est \u00e9galement appr\u00e9ci\u00e9e pour son attrait esth\u00e9tique et est utilis\u00e9e dans diverses formes de bijoux. Sa couleur unique et ses propri\u00e9t\u00e9s mystiques en font un favori parmi les amateurs et qui aime les pierres naturelles. Envie de faire un cadeau exceptionnel \u00e0 une personne exceptionnelle, passionn\u00e9e de nature et un brin fantaisiste ? Cr\u00e9ez une synergie avec une bo\u00eete en pierre \u00e0 savon sculpt\u00e9e \u00e0 la main, d&#039;origine kenyane (voir la fiche descriptive ci-apr\u00e8s).\" \/>\n<meta property=\"og:url\" content=\"https:\/\/www.spirit-us.eu\/index.php\/produit\/collier-ethnique-nacre-bois-coquillage\/\" \/>\n<meta property=\"og:site_name\" content=\"Spirit-US\" \/>\n<meta property=\"article:publisher\" content=\"https:\/\/www.facebook.com\/spirit.us.deum\" \/>\n<meta property=\"article:modified_time\" content=\"2025-12-17T13:41:09+00:00\" \/>\n<meta property=\"og:image\" content=\"https:\/\/www.spirit-us.eu\/wp-content\/uploads\/2025\/12\/dente-de-requin-filtre-rayonnement-scaled.jpg\" \/>\n\t<meta property=\"og:image:width\" content=\"2385\" \/>\n\t<meta property=\"og:image:height\" content=\"2560\" \/>\n\t<meta property=\"og:image:type\" content=\"image\/jpeg\" \/>\n<meta name=\"twitter:card\" content=\"summary_large_image\" \/>\n<meta name=\"twitter:label1\" content=\"Dur\u00e9e de lecture estim\u00e9e\" \/>\n\t<meta name=\"twitter:data1\" content=\"1 minute\" \/>\n<script type=\"application\/ld+json\" class=\"yoast-schema-graph\">{\"@context\":\"https:\/\/schema.org\",\"@graph\":[{\"@type\":\"WebPage\",\"@id\":\"https:\/\/www.spirit-us.eu\/index.php\/produit\/collier-ethnique-nacre-bois-coquillage\/\",\"url\":\"https:\/\/www.spirit-us.eu\/index.php\/produit\/collier-ethnique-nacre-bois-coquillage\/\",\"name\":\"COLLIER Pirate chic - pierre de lune marron et dent de requin en nacre - Spirit-US\",\"isPartOf\":{\"@id\":\"https:\/\/www.spirit-us.eu\/#website\"},\"primaryImageOfPage\":{\"@id\":\"https:\/\/www.spirit-us.eu\/index.php\/produit\/collier-ethnique-nacre-bois-coquillage\/#primaryimage\"},\"image\":{\"@id\":\"https:\/\/www.spirit-us.eu\/index.php\/produit\/collier-ethnique-nacre-bois-coquillage\/#primaryimage\"},\"thumbnailUrl\":\"https:\/\/www.spirit-us.eu\/wp-content\/uploads\/2025\/12\/dente-de-requin-filtre-rayonnement-scaled.jpg\",\"datePublished\":\"2025-12-09T10:25:19+00:00\",\"dateModified\":\"2025-12-17T13:41:09+00:00\",\"breadcrumb\":{\"@id\":\"https:\/\/www.spirit-us.eu\/index.php\/produit\/collier-ethnique-nacre-bois-coquillage\/#breadcrumb\"},\"inLanguage\":\"fr-FR\",\"potentialAction\":[{\"@type\":\"ReadAction\",\"target\":[\"https:\/\/www.spirit-us.eu\/index.php\/produit\/collier-ethnique-nacre-bois-coquillage\/\"]}]},{\"@type\":\"ImageObject\",\"inLanguage\":\"fr-FR\",\"@id\":\"https:\/\/www.spirit-us.eu\/index.php\/produit\/collier-ethnique-nacre-bois-coquillage\/#primaryimage\",\"url\":\"https:\/\/www.spirit-us.eu\/wp-content\/uploads\/2025\/12\/dente-de-requin-filtre-rayonnement-scaled.jpg\",\"contentUrl\":\"https:\/\/www.spirit-us.eu\/wp-content\/uploads\/2025\/12\/dente-de-requin-filtre-rayonnement-scaled.jpg\",\"width\":2385,\"height\":2560},{\"@type\":\"BreadcrumbList\",\"@id\":\"https:\/\/www.spirit-us.eu\/index.php\/produit\/collier-ethnique-nacre-bois-coquillage\/#breadcrumb\",\"itemListElement\":[{\"@type\":\"ListItem\",\"position\":1,\"name\":\"Accueil\",\"item\":\"https:\/\/www.spirit-us.eu\/\"},{\"@type\":\"ListItem\",\"position\":2,\"name\":\"Boutique\",\"item\":\"https:\/\/www.spirit-us.eu\/index.php\/boutique\/\"},{\"@type\":\"ListItem\",\"position\":3,\"name\":\"COLLIER Pirate chic &#8211; pierre de lune marron et dent de requin en nacre\"}]},{\"@type\":\"WebSite\",\"@id\":\"https:\/\/www.spirit-us.eu\/#website\",\"url\":\"https:\/\/www.spirit-us.eu\/\",\"name\":\"Spirit-US\",\"description\":\"\",\"publisher\":{\"@id\":\"https:\/\/www.spirit-us.eu\/#organization\"},\"potentialAction\":[{\"@type\":\"SearchAction\",\"target\":{\"@type\":\"EntryPoint\",\"urlTemplate\":\"https:\/\/www.spirit-us.eu\/?s={search_term_string}\"},\"query-input\":{\"@type\":\"PropertyValueSpecification\",\"valueRequired\":true,\"valueName\":\"search_term_string\"}}],\"inLanguage\":\"fr-FR\"},{\"@type\":\"Organization\",\"@id\":\"https:\/\/www.spirit-us.eu\/#organization\",\"name\":\"Spirit-US\",\"url\":\"https:\/\/www.spirit-us.eu\/\",\"logo\":{\"@type\":\"ImageObject\",\"inLanguage\":\"fr-FR\",\"@id\":\"https:\/\/www.spirit-us.eu\/#\/schema\/logo\/image\/\",\"url\":\"https:\/\/www.spirit-us.eu\/wp-content\/uploads\/2025\/11\/logo-regarde-linterlocutrice-sans-arrriere-plan.jpg\",\"contentUrl\":\"https:\/\/www.spirit-us.eu\/wp-content\/uploads\/2025\/11\/logo-regarde-linterlocutrice-sans-arrriere-plan.jpg\",\"width\":1080,\"height\":1080,\"caption\":\"Spirit-US\"},\"image\":{\"@id\":\"https:\/\/www.spirit-us.eu\/#\/schema\/logo\/image\/\"},\"sameAs\":[\"https:\/\/www.facebook.com\/spirit.us.deum\"]}]}<\/script>\n<!-- \/ Yoast SEO plugin. -->","yoast_head_json":{"title":"COLLIER Pirate chic - pierre de lune marron et dent de requin en nacre - Spirit-US","robots":{"index":"index","follow":"follow","max-snippet":"max-snippet:-1","max-image-preview":"max-image-preview:large","max-video-preview":"max-video-preview:-1"},"canonical":"https:\/\/www.spirit-us.eu\/index.php\/produit\/collier-ethnique-nacre-bois-coquillage\/","og_locale":"fr_FR","og_type":"article","og_title":"COLLIER Pirate chic - pierre de lune marron et dent de requin en nacre - Spirit-US","og_description":"Envie d'\u00eatre une pirate tr\u00e8s chic ? Ce collier rehauss\u00e9 d'un coquillage taill\u00e9 en dent de requin est tr\u00e8s tendance et donnera une touche ethnique, naturelle, \u00e0 votre tenue. Il est compos\u00e9 de ce motif de nacre particulier, et d'un triple rang de pierres de lune brunes : une vari\u00e9t\u00e9 de pierre de lune caract\u00e9ris\u00e9e par ses\u00a0 teintes brunes riches, profondes\u00a0 et un jeu de lumi\u00e8re connu sous le nom d'adularescence, qui se manifeste par un \u00e9clat doux et brillant sur sa surface. Cette pierre naturelle est souvent associ\u00e9e \u00e0 l\u2019ancrage, \u00e0 la stabilit\u00e9 \u00e9motionnelle et \u00e0 la force int\u00e9rieure. On pense qu\u2019il am\u00e9liore l\u2019intuition et offre une protection, ce qui le rend populaire dans les pratiques m\u00e9taphysiques. La pierre de lune brune est \u00e9galement appr\u00e9ci\u00e9e pour son attrait esth\u00e9tique et est utilis\u00e9e dans diverses formes de bijoux. Sa couleur unique et ses propri\u00e9t\u00e9s mystiques en font un favori parmi les amateurs et qui aime les pierres naturelles. Envie de faire un cadeau exceptionnel \u00e0 une personne exceptionnelle, passionn\u00e9e de nature et un brin fantaisiste ? Cr\u00e9ez une synergie avec une bo\u00eete en pierre \u00e0 savon sculpt\u00e9e \u00e0 la main, d'origine kenyane (voir la fiche descriptive ci-apr\u00e8s).","og_url":"https:\/\/www.spirit-us.eu\/index.php\/produit\/collier-ethnique-nacre-bois-coquillage\/","og_site_name":"Spirit-US","article_publisher":"https:\/\/www.facebook.com\/spirit.us.deum","article_modified_time":"2025-12-17T13:41:09+00:00","og_image":[{"width":2385,"height":2560,"url":"https:\/\/www.spirit-us.eu\/wp-content\/uploads\/2025\/12\/dente-de-requin-filtre-rayonnement-scaled.jpg","type":"image\/jpeg"}],"twitter_card":"summary_large_image","twitter_misc":{"Dur\u00e9e de lecture estim\u00e9e":"1 minute"},"schema":{"@context":"https:\/\/schema.org","@graph":[{"@type":"WebPage","@id":"https:\/\/www.spirit-us.eu\/index.php\/produit\/collier-ethnique-nacre-bois-coquillage\/","url":"https:\/\/www.spirit-us.eu\/index.php\/produit\/collier-ethnique-nacre-bois-coquillage\/","name":"COLLIER Pirate chic - pierre de lune marron et dent de requin en nacre - Spirit-US","isPartOf":{"@id":"https:\/\/www.spirit-us.eu\/#website"},"primaryImageOfPage":{"@id":"https:\/\/www.spirit-us.eu\/index.php\/produit\/collier-ethnique-nacre-bois-coquillage\/#primaryimage"},"image":{"@id":"https:\/\/www.spirit-us.eu\/index.php\/produit\/collier-ethnique-nacre-bois-coquillage\/#primaryimage"},"thumbnailUrl":"https:\/\/www.spirit-us.eu\/wp-content\/uploads\/2025\/12\/dente-de-requin-filtre-rayonnement-scaled.jpg","datePublished":"2025-12-09T10:25:19+00:00","dateModified":"2025-12-17T13:41:09+00:00","breadcrumb":{"@id":"https:\/\/www.spirit-us.eu\/index.php\/produit\/collier-ethnique-nacre-bois-coquillage\/#breadcrumb"},"inLanguage":"fr-FR","potentialAction":[{"@type":"ReadAction","target":["https:\/\/www.spirit-us.eu\/index.php\/produit\/collier-ethnique-nacre-bois-coquillage\/"]}]},{"@type":"ImageObject","inLanguage":"fr-FR","@id":"https:\/\/www.spirit-us.eu\/index.php\/produit\/collier-ethnique-nacre-bois-coquillage\/#primaryimage","url":"https:\/\/www.spirit-us.eu\/wp-content\/uploads\/2025\/12\/dente-de-requin-filtre-rayonnement-scaled.jpg","contentUrl":"https:\/\/www.spirit-us.eu\/wp-content\/uploads\/2025\/12\/dente-de-requin-filtre-rayonnement-scaled.jpg","width":2385,"height":2560},{"@type":"BreadcrumbList","@id":"https:\/\/www.spirit-us.eu\/index.php\/produit\/collier-ethnique-nacre-bois-coquillage\/#breadcrumb","itemListElement":[{"@type":"ListItem","position":1,"name":"Accueil","item":"https:\/\/www.spirit-us.eu\/"},{"@type":"ListItem","position":2,"name":"Boutique","item":"https:\/\/www.spirit-us.eu\/index.php\/boutique\/"},{"@type":"ListItem","position":3,"name":"COLLIER Pirate chic &#8211; pierre de lune marron et dent de requin en nacre"}]},{"@type":"WebSite","@id":"https:\/\/www.spirit-us.eu\/#website","url":"https:\/\/www.spirit-us.eu\/","name":"Spirit-US","description":"","publisher":{"@id":"https:\/\/www.spirit-us.eu\/#organization"},"potentialAction":[{"@type":"SearchAction","target":{"@type":"EntryPoint","urlTemplate":"https:\/\/www.spirit-us.eu\/?s={search_term_string}"},"query-input":{"@type":"PropertyValueSpecification","valueRequired":true,"valueName":"search_term_string"}}],"inLanguage":"fr-FR"},{"@type":"Organization","@id":"https:\/\/www.spirit-us.eu\/#organization","name":"Spirit-US","url":"https:\/\/www.spirit-us.eu\/","logo":{"@type":"ImageObject","inLanguage":"fr-FR","@id":"https:\/\/www.spirit-us.eu\/#\/schema\/logo\/image\/","url":"https:\/\/www.spirit-us.eu\/wp-content\/uploads\/2025\/11\/logo-regarde-linterlocutrice-sans-arrriere-plan.jpg","contentUrl":"https:\/\/www.spirit-us.eu\/wp-content\/uploads\/2025\/11\/logo-regarde-linterlocutrice-sans-arrriere-plan.jpg","width":1080,"height":1080,"caption":"Spirit-US"},"image":{"@id":"https:\/\/www.spirit-us.eu\/#\/schema\/logo\/image\/"},"sameAs":["https:\/\/www.facebook.com\/spirit.us.deum"]}]}},"jetpack_sharing_enabled":true,"_links":{"self":[{"href":"https:\/\/www.spirit-us.eu\/index.php\/wp-json\/wp\/v2\/product\/2895","targetHints":{"allow":["GET"]}}],"collection":[{"href":"https:\/\/www.spirit-us.eu\/index.php\/wp-json\/wp\/v2\/product"}],"about":[{"href":"https:\/\/www.spirit-us.eu\/index.php\/wp-json\/wp\/v2\/types\/product"}],"replies":[{"embeddable":true,"href":"https:\/\/www.spirit-us.eu\/index.php\/wp-json\/wp\/v2\/comments?post=2895"}],"wp:featuredmedia":[{"embeddable":true,"href":"https:\/\/www.spirit-us.eu\/index.php\/wp-json\/wp\/v2\/media\/2893"}],"wp:attachment":[{"href":"https:\/\/www.spirit-us.eu\/index.php\/wp-json\/wp\/v2\/media?parent=2895"}],"wp:term":[{"taxonomy":"product_brand","embeddable":true,"href":"https:\/\/www.spirit-us.eu\/index.php\/wp-json\/wp\/v2\/product_brand?post=2895"},{"taxonomy":"product_cat","embeddable":true,"href":"https:\/\/www.spirit-us.eu\/index.php\/wp-json\/wp\/v2\/product_cat?post=2895"},{"taxonomy":"product_tag","embeddable":true,"href":"https:\/\/www.spirit-us.eu\/index.php\/wp-json\/wp\/v2\/product_tag?post=2895"},{"taxonomy":"mwb_booking_cost","embeddable":true,"href":"https:\/\/www.spirit-us.eu\/index.php\/wp-json\/wp\/v2\/mwb_booking_cost?post=2895"},{"taxonomy":"mwb_booking_service","embeddable":true,"href":"https:\/\/www.spirit-us.eu\/index.php\/wp-json\/wp\/v2\/mwb_booking_service?post=2895"}],"curies":[{"name":"wp","href":"https:\/\/api.w.org\/{rel}","templated":true}]}}