{"id":2812,"date":"2025-12-06T17:39:10","date_gmt":"2025-12-06T16:39:10","guid":{"rendered":"https:\/\/www.spirit-us.eu\/?post_type=product&#038;p=2812"},"modified":"2025-12-20T11:54:54","modified_gmt":"2025-12-20T10:54:54","slug":"pyramide-de-geobiologie-en-malachite-piece-unique","status":"publish","type":"product","link":"https:\/\/www.spirit-us.eu\/index.php\/produit\/pyramide-de-geobiologie-en-malachite-piece-unique\/","title":{"rendered":"PYRAMIDE DE GEOBIOLOGIE EN MALACHITE (pi\u00e8ce unique)"},"content":{"rendered":"<p>Pyramide \u00e9nerg\u00e9tique et d\u00e9corative en malachite<\/p>\n<p><strong>Mat\u00e9riau<\/strong>\u00a0: pierre naturelle, malachite<\/p>\n<p><strong>Origine<\/strong>\u00a0: Congo<\/p>\n<p><strong>Couleur<\/strong>\u00a0: palette de verts allant du vert fonc\u00e9 au vert plus clair<\/p>\n<p><strong>Apparence<\/strong>\u00a0: la malachite pr\u00e9sente des motifs uniques dans un objet taill\u00e9 \u2013 des arrondis, des ondes, des cercles concentriques, des lignes parall\u00e8les ondulantes, etc. Le rendu est extr\u00eamement joli<\/p>\n<p><strong>G\u00e9om\u00e9trie<\/strong>\u00a0: forme pyramidale en triangle isoc\u00e8le (les deux montants sont plus grands que le socle)<\/p>\n<p><strong>Dimensions<\/strong>\u00a0:<\/p>\n<ul>\n<li>Hauteur 8,5 cm<\/li>\n<li>Largeur 6,5 cm<\/li>\n<li>Epaisseur 6,5 cm<\/li>\n<\/ul>\n","protected":false},"excerpt":{"rendered":"<p style=\"text-align: justify;\">Tr\u00e8s belle pyramide en pierre naturelle\u00a0: de la malachite du Congo, enti\u00e8rement taill\u00e9e \u00e0 la main.\u00a0 C\u2019est une pi\u00e8ce unique dans notre boutique. \u00a0La forme pyramidale amplifie les propri\u00e9t\u00e9s de la malachite, cr\u00e9ant un flux d&rsquo;\u00e9nergie puissant pour harmoniser les espaces (maison, bureau) et approfondir les pratiques spirituelles comme la m\u00e9ditation. Elle \u00e9quilibre les \u00e9nergies terrestres et c\u00e9lestes, reliant les plans physique et spirituel. Plac\u00e9e dans une chambre, on dit qu\u2019elle favorise un sommeil paisible et r\u00e9duit les cauchemars.\u00a0Elle est souvent utilis\u00e9e en\u00a0lithoth\u00e9rapie pour purifier l&rsquo;environnement des ondes \u00e9lectromagn\u00e9tiques et am\u00e9liorer le bien-\u00eatre g\u00e9n\u00e9ral.\u00a0Ind\u00e9pendamment de ces vertus, l\u2019objet en lui-m\u00eame, reli\u00e9 \u00e0 l\u2019Egypte antique, apporte une touche de noblesse l\u00e0 o\u00f9 on le place\u00a0: sur un bureau comme presse-papiers, dans une biblioth\u00e8que comme serre-livre\u00a0; dans un salon spirite comme d\u00e9coration et outil de protection.<\/p>\n","protected":false},"featured_media":2813,"comment_status":"open","ping_status":"closed","template":"","meta":[],"product_brand":[],"product_cat":[180,499,503,17],"product_tag":[380,291,410,271,169,293,411,194],"mwb_booking_cost":[],"mwb_booking_service":[],"class_list":{"0":"post-2812","1":"product","2":"type-product","3":"status-publish","4":"has-post-thumbnail","6":"product_cat-09-decoration","7":"product_cat-03-energetique","8":"product_cat-geobiologie","9":"product_cat-tous-les-produits","10":"product_tag-chakra-coeur","11":"product_tag-geobiologie","12":"product_tag-malachite","13":"product_tag-ondes-negatives","14":"product_tag-protection","15":"product_tag-protection-spirituelle","16":"product_tag-pyramide","17":"product_tag-vert","19":"first","20":"instock","21":"shipping-taxable","22":"purchasable","23":"product-type-simple"},"yoast_head":"<!-- This site is optimized with the Yoast SEO plugin v27.1.1 - https:\/\/yoast.com\/product\/yoast-seo-wordpress\/ -->\n<title>PYRAMIDE DE GEOBIOLOGIE EN MALACHITE (pi\u00e8ce unique) - Spirit-US<\/title>\n<meta name=\"robots\" content=\"index, follow, max-snippet:-1, max-image-preview:large, max-video-preview:-1\" \/>\n<link rel=\"canonical\" href=\"https:\/\/www.spirit-us.eu\/index.php\/produit\/pyramide-de-geobiologie-en-malachite-piece-unique\/\" \/>\n<meta property=\"og:locale\" content=\"fr_FR\" \/>\n<meta property=\"og:type\" content=\"article\" \/>\n<meta property=\"og:title\" content=\"PYRAMIDE DE GEOBIOLOGIE EN MALACHITE (pi\u00e8ce unique) - Spirit-US\" \/>\n<meta property=\"og:description\" content=\"Tr\u00e8s belle pyramide en pierre naturelle\u00a0: de la malachite du Congo, enti\u00e8rement taill\u00e9e \u00e0 la main.\u00a0 C\u2019est une pi\u00e8ce unique dans notre boutique. \u00a0La forme pyramidale amplifie les propri\u00e9t\u00e9s de la malachite, cr\u00e9ant un flux d&#039;\u00e9nergie puissant pour harmoniser les espaces (maison, bureau) et approfondir les pratiques spirituelles comme la m\u00e9ditation. Elle \u00e9quilibre les \u00e9nergies terrestres et c\u00e9lestes, reliant les plans physique et spirituel. Plac\u00e9e dans une chambre, on dit qu\u2019elle favorise un sommeil paisible et r\u00e9duit les cauchemars.\u00a0Elle est souvent utilis\u00e9e en\u00a0lithoth\u00e9rapie pour purifier l&#039;environnement des ondes \u00e9lectromagn\u00e9tiques et am\u00e9liorer le bien-\u00eatre g\u00e9n\u00e9ral.\u00a0Ind\u00e9pendamment de ces vertus, l\u2019objet en lui-m\u00eame, reli\u00e9 \u00e0 l\u2019Egypte antique, apporte une touche de noblesse l\u00e0 o\u00f9 on le place\u00a0: sur un bureau comme presse-papiers, dans une biblioth\u00e8que comme serre-livre\u00a0; dans un salon spirite comme d\u00e9coration et outil de protection.\" \/>\n<meta property=\"og:url\" content=\"https:\/\/www.spirit-us.eu\/index.php\/produit\/pyramide-de-geobiologie-en-malachite-piece-unique\/\" \/>\n<meta property=\"og:site_name\" content=\"Spirit-US\" \/>\n<meta property=\"article:publisher\" content=\"https:\/\/www.facebook.com\/spirit.us.deum\" \/>\n<meta property=\"article:modified_time\" content=\"2025-12-20T10:54:54+00:00\" \/>\n<meta property=\"og:image\" content=\"https:\/\/www.spirit-us.eu\/wp-content\/uploads\/2025\/12\/pyramide-malachite-image-produit.png\" \/>\n\t<meta property=\"og:image:width\" content=\"1080\" \/>\n\t<meta property=\"og:image:height\" content=\"1080\" \/>\n\t<meta property=\"og:image:type\" content=\"image\/png\" \/>\n<meta name=\"twitter:card\" content=\"summary_large_image\" \/>\n<meta name=\"twitter:label1\" content=\"Dur\u00e9e de lecture estim\u00e9e\" \/>\n\t<meta name=\"twitter:data1\" content=\"1 minute\" \/>\n<script type=\"application\/ld+json\" class=\"yoast-schema-graph\">{\"@context\":\"https:\/\/schema.org\",\"@graph\":[{\"@type\":\"WebPage\",\"@id\":\"https:\/\/www.spirit-us.eu\/index.php\/produit\/pyramide-de-geobiologie-en-malachite-piece-unique\/\",\"url\":\"https:\/\/www.spirit-us.eu\/index.php\/produit\/pyramide-de-geobiologie-en-malachite-piece-unique\/\",\"name\":\"PYRAMIDE DE GEOBIOLOGIE EN MALACHITE (pi\u00e8ce unique) - Spirit-US\",\"isPartOf\":{\"@id\":\"https:\/\/www.spirit-us.eu\/#website\"},\"primaryImageOfPage\":{\"@id\":\"https:\/\/www.spirit-us.eu\/index.php\/produit\/pyramide-de-geobiologie-en-malachite-piece-unique\/#primaryimage\"},\"image\":{\"@id\":\"https:\/\/www.spirit-us.eu\/index.php\/produit\/pyramide-de-geobiologie-en-malachite-piece-unique\/#primaryimage\"},\"thumbnailUrl\":\"https:\/\/www.spirit-us.eu\/wp-content\/uploads\/2025\/12\/pyramide-malachite-image-produit.png\",\"datePublished\":\"2025-12-06T16:39:10+00:00\",\"dateModified\":\"2025-12-20T10:54:54+00:00\",\"breadcrumb\":{\"@id\":\"https:\/\/www.spirit-us.eu\/index.php\/produit\/pyramide-de-geobiologie-en-malachite-piece-unique\/#breadcrumb\"},\"inLanguage\":\"fr-FR\",\"potentialAction\":[{\"@type\":\"ReadAction\",\"target\":[\"https:\/\/www.spirit-us.eu\/index.php\/produit\/pyramide-de-geobiologie-en-malachite-piece-unique\/\"]}]},{\"@type\":\"ImageObject\",\"inLanguage\":\"fr-FR\",\"@id\":\"https:\/\/www.spirit-us.eu\/index.php\/produit\/pyramide-de-geobiologie-en-malachite-piece-unique\/#primaryimage\",\"url\":\"https:\/\/www.spirit-us.eu\/wp-content\/uploads\/2025\/12\/pyramide-malachite-image-produit.png\",\"contentUrl\":\"https:\/\/www.spirit-us.eu\/wp-content\/uploads\/2025\/12\/pyramide-malachite-image-produit.png\",\"width\":1080,\"height\":1080},{\"@type\":\"BreadcrumbList\",\"@id\":\"https:\/\/www.spirit-us.eu\/index.php\/produit\/pyramide-de-geobiologie-en-malachite-piece-unique\/#breadcrumb\",\"itemListElement\":[{\"@type\":\"ListItem\",\"position\":1,\"name\":\"Accueil\",\"item\":\"https:\/\/www.spirit-us.eu\/\"},{\"@type\":\"ListItem\",\"position\":2,\"name\":\"Boutique\",\"item\":\"https:\/\/www.spirit-us.eu\/index.php\/boutique\/\"},{\"@type\":\"ListItem\",\"position\":3,\"name\":\"PYRAMIDE DE GEOBIOLOGIE EN MALACHITE (pi\u00e8ce unique)\"}]},{\"@type\":\"WebSite\",\"@id\":\"https:\/\/www.spirit-us.eu\/#website\",\"url\":\"https:\/\/www.spirit-us.eu\/\",\"name\":\"Spirit-US\",\"description\":\"\",\"publisher\":{\"@id\":\"https:\/\/www.spirit-us.eu\/#organization\"},\"potentialAction\":[{\"@type\":\"SearchAction\",\"target\":{\"@type\":\"EntryPoint\",\"urlTemplate\":\"https:\/\/www.spirit-us.eu\/?s={search_term_string}\"},\"query-input\":{\"@type\":\"PropertyValueSpecification\",\"valueRequired\":true,\"valueName\":\"search_term_string\"}}],\"inLanguage\":\"fr-FR\"},{\"@type\":\"Organization\",\"@id\":\"https:\/\/www.spirit-us.eu\/#organization\",\"name\":\"Spirit-US\",\"url\":\"https:\/\/www.spirit-us.eu\/\",\"logo\":{\"@type\":\"ImageObject\",\"inLanguage\":\"fr-FR\",\"@id\":\"https:\/\/www.spirit-us.eu\/#\/schema\/logo\/image\/\",\"url\":\"https:\/\/www.spirit-us.eu\/wp-content\/uploads\/2025\/11\/logo-regarde-linterlocutrice-sans-arrriere-plan.jpg\",\"contentUrl\":\"https:\/\/www.spirit-us.eu\/wp-content\/uploads\/2025\/11\/logo-regarde-linterlocutrice-sans-arrriere-plan.jpg\",\"width\":1080,\"height\":1080,\"caption\":\"Spirit-US\"},\"image\":{\"@id\":\"https:\/\/www.spirit-us.eu\/#\/schema\/logo\/image\/\"},\"sameAs\":[\"https:\/\/www.facebook.com\/spirit.us.deum\"]}]}<\/script>\n<!-- \/ Yoast SEO plugin. -->","yoast_head_json":{"title":"PYRAMIDE DE GEOBIOLOGIE EN MALACHITE (pi\u00e8ce unique) - Spirit-US","robots":{"index":"index","follow":"follow","max-snippet":"max-snippet:-1","max-image-preview":"max-image-preview:large","max-video-preview":"max-video-preview:-1"},"canonical":"https:\/\/www.spirit-us.eu\/index.php\/produit\/pyramide-de-geobiologie-en-malachite-piece-unique\/","og_locale":"fr_FR","og_type":"article","og_title":"PYRAMIDE DE GEOBIOLOGIE EN MALACHITE (pi\u00e8ce unique) - Spirit-US","og_description":"Tr\u00e8s belle pyramide en pierre naturelle\u00a0: de la malachite du Congo, enti\u00e8rement taill\u00e9e \u00e0 la main.\u00a0 C\u2019est une pi\u00e8ce unique dans notre boutique. \u00a0La forme pyramidale amplifie les propri\u00e9t\u00e9s de la malachite, cr\u00e9ant un flux d'\u00e9nergie puissant pour harmoniser les espaces (maison, bureau) et approfondir les pratiques spirituelles comme la m\u00e9ditation. Elle \u00e9quilibre les \u00e9nergies terrestres et c\u00e9lestes, reliant les plans physique et spirituel. Plac\u00e9e dans une chambre, on dit qu\u2019elle favorise un sommeil paisible et r\u00e9duit les cauchemars.\u00a0Elle est souvent utilis\u00e9e en\u00a0lithoth\u00e9rapie pour purifier l'environnement des ondes \u00e9lectromagn\u00e9tiques et am\u00e9liorer le bien-\u00eatre g\u00e9n\u00e9ral.\u00a0Ind\u00e9pendamment de ces vertus, l\u2019objet en lui-m\u00eame, reli\u00e9 \u00e0 l\u2019Egypte antique, apporte une touche de noblesse l\u00e0 o\u00f9 on le place\u00a0: sur un bureau comme presse-papiers, dans une biblioth\u00e8que comme serre-livre\u00a0; dans un salon spirite comme d\u00e9coration et outil de protection.","og_url":"https:\/\/www.spirit-us.eu\/index.php\/produit\/pyramide-de-geobiologie-en-malachite-piece-unique\/","og_site_name":"Spirit-US","article_publisher":"https:\/\/www.facebook.com\/spirit.us.deum","article_modified_time":"2025-12-20T10:54:54+00:00","og_image":[{"width":1080,"height":1080,"url":"https:\/\/www.spirit-us.eu\/wp-content\/uploads\/2025\/12\/pyramide-malachite-image-produit.png","type":"image\/png"}],"twitter_card":"summary_large_image","twitter_misc":{"Dur\u00e9e de lecture estim\u00e9e":"1 minute"},"schema":{"@context":"https:\/\/schema.org","@graph":[{"@type":"WebPage","@id":"https:\/\/www.spirit-us.eu\/index.php\/produit\/pyramide-de-geobiologie-en-malachite-piece-unique\/","url":"https:\/\/www.spirit-us.eu\/index.php\/produit\/pyramide-de-geobiologie-en-malachite-piece-unique\/","name":"PYRAMIDE DE GEOBIOLOGIE EN MALACHITE (pi\u00e8ce unique) - Spirit-US","isPartOf":{"@id":"https:\/\/www.spirit-us.eu\/#website"},"primaryImageOfPage":{"@id":"https:\/\/www.spirit-us.eu\/index.php\/produit\/pyramide-de-geobiologie-en-malachite-piece-unique\/#primaryimage"},"image":{"@id":"https:\/\/www.spirit-us.eu\/index.php\/produit\/pyramide-de-geobiologie-en-malachite-piece-unique\/#primaryimage"},"thumbnailUrl":"https:\/\/www.spirit-us.eu\/wp-content\/uploads\/2025\/12\/pyramide-malachite-image-produit.png","datePublished":"2025-12-06T16:39:10+00:00","dateModified":"2025-12-20T10:54:54+00:00","breadcrumb":{"@id":"https:\/\/www.spirit-us.eu\/index.php\/produit\/pyramide-de-geobiologie-en-malachite-piece-unique\/#breadcrumb"},"inLanguage":"fr-FR","potentialAction":[{"@type":"ReadAction","target":["https:\/\/www.spirit-us.eu\/index.php\/produit\/pyramide-de-geobiologie-en-malachite-piece-unique\/"]}]},{"@type":"ImageObject","inLanguage":"fr-FR","@id":"https:\/\/www.spirit-us.eu\/index.php\/produit\/pyramide-de-geobiologie-en-malachite-piece-unique\/#primaryimage","url":"https:\/\/www.spirit-us.eu\/wp-content\/uploads\/2025\/12\/pyramide-malachite-image-produit.png","contentUrl":"https:\/\/www.spirit-us.eu\/wp-content\/uploads\/2025\/12\/pyramide-malachite-image-produit.png","width":1080,"height":1080},{"@type":"BreadcrumbList","@id":"https:\/\/www.spirit-us.eu\/index.php\/produit\/pyramide-de-geobiologie-en-malachite-piece-unique\/#breadcrumb","itemListElement":[{"@type":"ListItem","position":1,"name":"Accueil","item":"https:\/\/www.spirit-us.eu\/"},{"@type":"ListItem","position":2,"name":"Boutique","item":"https:\/\/www.spirit-us.eu\/index.php\/boutique\/"},{"@type":"ListItem","position":3,"name":"PYRAMIDE DE GEOBIOLOGIE EN MALACHITE (pi\u00e8ce unique)"}]},{"@type":"WebSite","@id":"https:\/\/www.spirit-us.eu\/#website","url":"https:\/\/www.spirit-us.eu\/","name":"Spirit-US","description":"","publisher":{"@id":"https:\/\/www.spirit-us.eu\/#organization"},"potentialAction":[{"@type":"SearchAction","target":{"@type":"EntryPoint","urlTemplate":"https:\/\/www.spirit-us.eu\/?s={search_term_string}"},"query-input":{"@type":"PropertyValueSpecification","valueRequired":true,"valueName":"search_term_string"}}],"inLanguage":"fr-FR"},{"@type":"Organization","@id":"https:\/\/www.spirit-us.eu\/#organization","name":"Spirit-US","url":"https:\/\/www.spirit-us.eu\/","logo":{"@type":"ImageObject","inLanguage":"fr-FR","@id":"https:\/\/www.spirit-us.eu\/#\/schema\/logo\/image\/","url":"https:\/\/www.spirit-us.eu\/wp-content\/uploads\/2025\/11\/logo-regarde-linterlocutrice-sans-arrriere-plan.jpg","contentUrl":"https:\/\/www.spirit-us.eu\/wp-content\/uploads\/2025\/11\/logo-regarde-linterlocutrice-sans-arrriere-plan.jpg","width":1080,"height":1080,"caption":"Spirit-US"},"image":{"@id":"https:\/\/www.spirit-us.eu\/#\/schema\/logo\/image\/"},"sameAs":["https:\/\/www.facebook.com\/spirit.us.deum"]}]}},"jetpack_sharing_enabled":true,"_links":{"self":[{"href":"https:\/\/www.spirit-us.eu\/index.php\/wp-json\/wp\/v2\/product\/2812","targetHints":{"allow":["GET"]}}],"collection":[{"href":"https:\/\/www.spirit-us.eu\/index.php\/wp-json\/wp\/v2\/product"}],"about":[{"href":"https:\/\/www.spirit-us.eu\/index.php\/wp-json\/wp\/v2\/types\/product"}],"replies":[{"embeddable":true,"href":"https:\/\/www.spirit-us.eu\/index.php\/wp-json\/wp\/v2\/comments?post=2812"}],"wp:featuredmedia":[{"embeddable":true,"href":"https:\/\/www.spirit-us.eu\/index.php\/wp-json\/wp\/v2\/media\/2813"}],"wp:attachment":[{"href":"https:\/\/www.spirit-us.eu\/index.php\/wp-json\/wp\/v2\/media?parent=2812"}],"wp:term":[{"taxonomy":"product_brand","embeddable":true,"href":"https:\/\/www.spirit-us.eu\/index.php\/wp-json\/wp\/v2\/product_brand?post=2812"},{"taxonomy":"product_cat","embeddable":true,"href":"https:\/\/www.spirit-us.eu\/index.php\/wp-json\/wp\/v2\/product_cat?post=2812"},{"taxonomy":"product_tag","embeddable":true,"href":"https:\/\/www.spirit-us.eu\/index.php\/wp-json\/wp\/v2\/product_tag?post=2812"},{"taxonomy":"mwb_booking_cost","embeddable":true,"href":"https:\/\/www.spirit-us.eu\/index.php\/wp-json\/wp\/v2\/mwb_booking_cost?post=2812"},{"taxonomy":"mwb_booking_service","embeddable":true,"href":"https:\/\/www.spirit-us.eu\/index.php\/wp-json\/wp\/v2\/mwb_booking_service?post=2812"}],"curies":[{"name":"wp","href":"https:\/\/api.w.org\/{rel}","templated":true}]}}