{"id":2805,"date":"2025-12-05T18:38:27","date_gmt":"2025-12-05T17:38:27","guid":{"rendered":"https:\/\/www.spirit-us.eu\/?post_type=product&#038;p=2805"},"modified":"2025-12-17T17:41:19","modified_gmt":"2025-12-17T16:41:19","slug":"maison-de-noel-lumineuse-led","status":"publish","type":"product","link":"https:\/\/www.spirit-us.eu\/index.php\/produit\/maison-de-noel-lumineuse-led\/","title":{"rendered":"MAISON DE NO\u00cbL lumineuse (LED)"},"content":{"rendered":"<p><strong>Mat\u00e9riau<\/strong>\u00a0: c\u00e9ramique d\u00e9licatement ouvrag\u00e9e<\/p>\n<p><strong>Couleurs\u00a0<\/strong>:<\/p>\n<ul>\n<li>Maison\u00a0: blanche<\/li>\n<li>Toit et guirlande d\u00e9corative sur la fa\u00e7ade\u00a0: vieil or<\/li>\n<\/ul>\n<p><strong>Dimensions<\/strong>\u00a0:<\/p>\n<ul>\n<li>Hauteur\u00a0: 20 cm<\/li>\n<li>Largeur\u00a0: 7,5 cm<\/li>\n<li>Profondeur\u00a0: 7 cm<\/li>\n<\/ul>\n<p><strong>Technologie\u00a0<\/strong>: \u00e9clairage LED, la pile ronde est offerte, l\u2019article est donc fonctionnel d\u00e8s l\u2019ouverture de votre colis.<\/p>\n<p><strong>Syst\u00e8me<\/strong>\u00a0: mini interrupteur fix\u00e9 dans le socle de la maison<\/p>\n<p>TENIR HORS DE PORTEE DES PETITS ENFANTS<\/p>\n","protected":false},"excerpt":{"rendered":"<p style=\"text-align: justify;\">Maison patricienne de No\u00ebl, \u00e9clairage \u00e0 LED par l\u2019int\u00e9rieur. Elle a le charme des bougeoirs, mais elle allie cela avec la technologie LED. Con\u00e7ue comme une maison \u00e0 trois niveaux, elle est peinte en blanc et agr\u00e9ment\u00e9e d\u2019une guirlande de paillettes vieil or, tout comme son toit. Elle apportera \u00e0 votre maison, une touche de douce et chaleureuse lumi\u00e8re tout au long de l\u2019Avent.\u00a0 Faite en c\u00e9ramique blanche, elle comporte de nombreuses fen\u00eatres par lesquelles se diffuse la lumi\u00e8re.\u00a0 La pile est fournie avec votre maison de No\u00ebl.<\/p>\n<p style=\"text-align: justify;\">Envie de d\u00e9co \u00e0 prix tout doux, qui allie la tradition et l\u2019originalit\u00e9 ? Faites votre village de No\u00ebl, c\u2019est si joli ! Voyez nos id\u00e9es dans la galerie d&rsquo;images.<\/p>\n","protected":false},"featured_media":2804,"comment_status":"open","ping_status":"closed","template":"","meta":[],"product_brand":[],"product_cat":[180,495,17],"product_tag":[186],"mwb_booking_cost":[],"mwb_booking_service":[],"class_list":{"0":"post-2805","1":"product","2":"type-product","3":"status-publish","4":"has-post-thumbnail","6":"product_cat-09-decoration","7":"product_cat-noel","8":"product_cat-tous-les-produits","9":"product_tag-noel","11":"first","12":"instock","13":"shipping-taxable","14":"purchasable","15":"product-type-simple"},"yoast_head":"<!-- This site is optimized with the Yoast SEO plugin v27.1.1 - https:\/\/yoast.com\/product\/yoast-seo-wordpress\/ -->\n<title>MAISON DE NO\u00cbL lumineuse (LED) - Spirit-US<\/title>\n<meta name=\"robots\" content=\"index, follow, max-snippet:-1, max-image-preview:large, max-video-preview:-1\" \/>\n<link rel=\"canonical\" href=\"https:\/\/www.spirit-us.eu\/index.php\/produit\/maison-de-noel-lumineuse-led\/\" \/>\n<meta property=\"og:locale\" content=\"fr_FR\" \/>\n<meta property=\"og:type\" content=\"article\" \/>\n<meta property=\"og:title\" content=\"MAISON DE NO\u00cbL lumineuse (LED) - Spirit-US\" \/>\n<meta property=\"og:description\" content=\"Maison patricienne de No\u00ebl, \u00e9clairage \u00e0 LED par l\u2019int\u00e9rieur. Elle a le charme des bougeoirs, mais elle allie cela avec la technologie LED. Con\u00e7ue comme une maison \u00e0 trois niveaux, elle est peinte en blanc et agr\u00e9ment\u00e9e d\u2019une guirlande de paillettes vieil or, tout comme son toit. Elle apportera \u00e0 votre maison, une touche de douce et chaleureuse lumi\u00e8re tout au long de l\u2019Avent.\u00a0 Faite en c\u00e9ramique blanche, elle comporte de nombreuses fen\u00eatres par lesquelles se diffuse la lumi\u00e8re.\u00a0 La pile est fournie avec votre maison de No\u00ebl. Envie de d\u00e9co \u00e0 prix tout doux, qui allie la tradition et l\u2019originalit\u00e9 ? Faites votre village de No\u00ebl, c\u2019est si joli ! Voyez nos id\u00e9es dans la galerie d&#039;images.\" \/>\n<meta property=\"og:url\" content=\"https:\/\/www.spirit-us.eu\/index.php\/produit\/maison-de-noel-lumineuse-led\/\" \/>\n<meta property=\"og:site_name\" content=\"Spirit-US\" \/>\n<meta property=\"article:publisher\" content=\"https:\/\/www.facebook.com\/spirit.us.deum\" \/>\n<meta property=\"article:modified_time\" content=\"2025-12-17T16:41:19+00:00\" \/>\n<meta property=\"og:image\" content=\"https:\/\/www.spirit-us.eu\/wp-content\/uploads\/2025\/12\/maison-de-noel-led.png\" \/>\n\t<meta property=\"og:image:width\" content=\"1080\" \/>\n\t<meta property=\"og:image:height\" content=\"1080\" \/>\n\t<meta property=\"og:image:type\" content=\"image\/png\" \/>\n<meta name=\"twitter:card\" content=\"summary_large_image\" \/>\n<meta name=\"twitter:label1\" content=\"Dur\u00e9e de lecture estim\u00e9e\" \/>\n\t<meta name=\"twitter:data1\" content=\"1 minute\" \/>\n<script type=\"application\/ld+json\" class=\"yoast-schema-graph\">{\"@context\":\"https:\/\/schema.org\",\"@graph\":[{\"@type\":\"WebPage\",\"@id\":\"https:\/\/www.spirit-us.eu\/index.php\/produit\/maison-de-noel-lumineuse-led\/\",\"url\":\"https:\/\/www.spirit-us.eu\/index.php\/produit\/maison-de-noel-lumineuse-led\/\",\"name\":\"MAISON DE NO\u00cbL lumineuse (LED) - Spirit-US\",\"isPartOf\":{\"@id\":\"https:\/\/www.spirit-us.eu\/#website\"},\"primaryImageOfPage\":{\"@id\":\"https:\/\/www.spirit-us.eu\/index.php\/produit\/maison-de-noel-lumineuse-led\/#primaryimage\"},\"image\":{\"@id\":\"https:\/\/www.spirit-us.eu\/index.php\/produit\/maison-de-noel-lumineuse-led\/#primaryimage\"},\"thumbnailUrl\":\"https:\/\/www.spirit-us.eu\/wp-content\/uploads\/2025\/12\/maison-de-noel-led.png\",\"datePublished\":\"2025-12-05T17:38:27+00:00\",\"dateModified\":\"2025-12-17T16:41:19+00:00\",\"breadcrumb\":{\"@id\":\"https:\/\/www.spirit-us.eu\/index.php\/produit\/maison-de-noel-lumineuse-led\/#breadcrumb\"},\"inLanguage\":\"fr-FR\",\"potentialAction\":[{\"@type\":\"ReadAction\",\"target\":[\"https:\/\/www.spirit-us.eu\/index.php\/produit\/maison-de-noel-lumineuse-led\/\"]}]},{\"@type\":\"ImageObject\",\"inLanguage\":\"fr-FR\",\"@id\":\"https:\/\/www.spirit-us.eu\/index.php\/produit\/maison-de-noel-lumineuse-led\/#primaryimage\",\"url\":\"https:\/\/www.spirit-us.eu\/wp-content\/uploads\/2025\/12\/maison-de-noel-led.png\",\"contentUrl\":\"https:\/\/www.spirit-us.eu\/wp-content\/uploads\/2025\/12\/maison-de-noel-led.png\",\"width\":1080,\"height\":1080},{\"@type\":\"BreadcrumbList\",\"@id\":\"https:\/\/www.spirit-us.eu\/index.php\/produit\/maison-de-noel-lumineuse-led\/#breadcrumb\",\"itemListElement\":[{\"@type\":\"ListItem\",\"position\":1,\"name\":\"Accueil\",\"item\":\"https:\/\/www.spirit-us.eu\/\"},{\"@type\":\"ListItem\",\"position\":2,\"name\":\"Boutique\",\"item\":\"https:\/\/www.spirit-us.eu\/index.php\/boutique\/\"},{\"@type\":\"ListItem\",\"position\":3,\"name\":\"MAISON DE NO\u00cbL lumineuse (LED)\"}]},{\"@type\":\"WebSite\",\"@id\":\"https:\/\/www.spirit-us.eu\/#website\",\"url\":\"https:\/\/www.spirit-us.eu\/\",\"name\":\"Spirit-US\",\"description\":\"\",\"publisher\":{\"@id\":\"https:\/\/www.spirit-us.eu\/#organization\"},\"potentialAction\":[{\"@type\":\"SearchAction\",\"target\":{\"@type\":\"EntryPoint\",\"urlTemplate\":\"https:\/\/www.spirit-us.eu\/?s={search_term_string}\"},\"query-input\":{\"@type\":\"PropertyValueSpecification\",\"valueRequired\":true,\"valueName\":\"search_term_string\"}}],\"inLanguage\":\"fr-FR\"},{\"@type\":\"Organization\",\"@id\":\"https:\/\/www.spirit-us.eu\/#organization\",\"name\":\"Spirit-US\",\"url\":\"https:\/\/www.spirit-us.eu\/\",\"logo\":{\"@type\":\"ImageObject\",\"inLanguage\":\"fr-FR\",\"@id\":\"https:\/\/www.spirit-us.eu\/#\/schema\/logo\/image\/\",\"url\":\"https:\/\/www.spirit-us.eu\/wp-content\/uploads\/2025\/11\/logo-regarde-linterlocutrice-sans-arrriere-plan.jpg\",\"contentUrl\":\"https:\/\/www.spirit-us.eu\/wp-content\/uploads\/2025\/11\/logo-regarde-linterlocutrice-sans-arrriere-plan.jpg\",\"width\":1080,\"height\":1080,\"caption\":\"Spirit-US\"},\"image\":{\"@id\":\"https:\/\/www.spirit-us.eu\/#\/schema\/logo\/image\/\"},\"sameAs\":[\"https:\/\/www.facebook.com\/spirit.us.deum\"]}]}<\/script>\n<!-- \/ Yoast SEO plugin. -->","yoast_head_json":{"title":"MAISON DE NO\u00cbL lumineuse (LED) - Spirit-US","robots":{"index":"index","follow":"follow","max-snippet":"max-snippet:-1","max-image-preview":"max-image-preview:large","max-video-preview":"max-video-preview:-1"},"canonical":"https:\/\/www.spirit-us.eu\/index.php\/produit\/maison-de-noel-lumineuse-led\/","og_locale":"fr_FR","og_type":"article","og_title":"MAISON DE NO\u00cbL lumineuse (LED) - Spirit-US","og_description":"Maison patricienne de No\u00ebl, \u00e9clairage \u00e0 LED par l\u2019int\u00e9rieur. Elle a le charme des bougeoirs, mais elle allie cela avec la technologie LED. Con\u00e7ue comme une maison \u00e0 trois niveaux, elle est peinte en blanc et agr\u00e9ment\u00e9e d\u2019une guirlande de paillettes vieil or, tout comme son toit. Elle apportera \u00e0 votre maison, une touche de douce et chaleureuse lumi\u00e8re tout au long de l\u2019Avent.\u00a0 Faite en c\u00e9ramique blanche, elle comporte de nombreuses fen\u00eatres par lesquelles se diffuse la lumi\u00e8re.\u00a0 La pile est fournie avec votre maison de No\u00ebl. Envie de d\u00e9co \u00e0 prix tout doux, qui allie la tradition et l\u2019originalit\u00e9 ? Faites votre village de No\u00ebl, c\u2019est si joli ! Voyez nos id\u00e9es dans la galerie d'images.","og_url":"https:\/\/www.spirit-us.eu\/index.php\/produit\/maison-de-noel-lumineuse-led\/","og_site_name":"Spirit-US","article_publisher":"https:\/\/www.facebook.com\/spirit.us.deum","article_modified_time":"2025-12-17T16:41:19+00:00","og_image":[{"width":1080,"height":1080,"url":"https:\/\/www.spirit-us.eu\/wp-content\/uploads\/2025\/12\/maison-de-noel-led.png","type":"image\/png"}],"twitter_card":"summary_large_image","twitter_misc":{"Dur\u00e9e de lecture estim\u00e9e":"1 minute"},"schema":{"@context":"https:\/\/schema.org","@graph":[{"@type":"WebPage","@id":"https:\/\/www.spirit-us.eu\/index.php\/produit\/maison-de-noel-lumineuse-led\/","url":"https:\/\/www.spirit-us.eu\/index.php\/produit\/maison-de-noel-lumineuse-led\/","name":"MAISON DE NO\u00cbL lumineuse (LED) - Spirit-US","isPartOf":{"@id":"https:\/\/www.spirit-us.eu\/#website"},"primaryImageOfPage":{"@id":"https:\/\/www.spirit-us.eu\/index.php\/produit\/maison-de-noel-lumineuse-led\/#primaryimage"},"image":{"@id":"https:\/\/www.spirit-us.eu\/index.php\/produit\/maison-de-noel-lumineuse-led\/#primaryimage"},"thumbnailUrl":"https:\/\/www.spirit-us.eu\/wp-content\/uploads\/2025\/12\/maison-de-noel-led.png","datePublished":"2025-12-05T17:38:27+00:00","dateModified":"2025-12-17T16:41:19+00:00","breadcrumb":{"@id":"https:\/\/www.spirit-us.eu\/index.php\/produit\/maison-de-noel-lumineuse-led\/#breadcrumb"},"inLanguage":"fr-FR","potentialAction":[{"@type":"ReadAction","target":["https:\/\/www.spirit-us.eu\/index.php\/produit\/maison-de-noel-lumineuse-led\/"]}]},{"@type":"ImageObject","inLanguage":"fr-FR","@id":"https:\/\/www.spirit-us.eu\/index.php\/produit\/maison-de-noel-lumineuse-led\/#primaryimage","url":"https:\/\/www.spirit-us.eu\/wp-content\/uploads\/2025\/12\/maison-de-noel-led.png","contentUrl":"https:\/\/www.spirit-us.eu\/wp-content\/uploads\/2025\/12\/maison-de-noel-led.png","width":1080,"height":1080},{"@type":"BreadcrumbList","@id":"https:\/\/www.spirit-us.eu\/index.php\/produit\/maison-de-noel-lumineuse-led\/#breadcrumb","itemListElement":[{"@type":"ListItem","position":1,"name":"Accueil","item":"https:\/\/www.spirit-us.eu\/"},{"@type":"ListItem","position":2,"name":"Boutique","item":"https:\/\/www.spirit-us.eu\/index.php\/boutique\/"},{"@type":"ListItem","position":3,"name":"MAISON DE NO\u00cbL lumineuse (LED)"}]},{"@type":"WebSite","@id":"https:\/\/www.spirit-us.eu\/#website","url":"https:\/\/www.spirit-us.eu\/","name":"Spirit-US","description":"","publisher":{"@id":"https:\/\/www.spirit-us.eu\/#organization"},"potentialAction":[{"@type":"SearchAction","target":{"@type":"EntryPoint","urlTemplate":"https:\/\/www.spirit-us.eu\/?s={search_term_string}"},"query-input":{"@type":"PropertyValueSpecification","valueRequired":true,"valueName":"search_term_string"}}],"inLanguage":"fr-FR"},{"@type":"Organization","@id":"https:\/\/www.spirit-us.eu\/#organization","name":"Spirit-US","url":"https:\/\/www.spirit-us.eu\/","logo":{"@type":"ImageObject","inLanguage":"fr-FR","@id":"https:\/\/www.spirit-us.eu\/#\/schema\/logo\/image\/","url":"https:\/\/www.spirit-us.eu\/wp-content\/uploads\/2025\/11\/logo-regarde-linterlocutrice-sans-arrriere-plan.jpg","contentUrl":"https:\/\/www.spirit-us.eu\/wp-content\/uploads\/2025\/11\/logo-regarde-linterlocutrice-sans-arrriere-plan.jpg","width":1080,"height":1080,"caption":"Spirit-US"},"image":{"@id":"https:\/\/www.spirit-us.eu\/#\/schema\/logo\/image\/"},"sameAs":["https:\/\/www.facebook.com\/spirit.us.deum"]}]}},"jetpack_sharing_enabled":true,"_links":{"self":[{"href":"https:\/\/www.spirit-us.eu\/index.php\/wp-json\/wp\/v2\/product\/2805","targetHints":{"allow":["GET"]}}],"collection":[{"href":"https:\/\/www.spirit-us.eu\/index.php\/wp-json\/wp\/v2\/product"}],"about":[{"href":"https:\/\/www.spirit-us.eu\/index.php\/wp-json\/wp\/v2\/types\/product"}],"replies":[{"embeddable":true,"href":"https:\/\/www.spirit-us.eu\/index.php\/wp-json\/wp\/v2\/comments?post=2805"}],"wp:featuredmedia":[{"embeddable":true,"href":"https:\/\/www.spirit-us.eu\/index.php\/wp-json\/wp\/v2\/media\/2804"}],"wp:attachment":[{"href":"https:\/\/www.spirit-us.eu\/index.php\/wp-json\/wp\/v2\/media?parent=2805"}],"wp:term":[{"taxonomy":"product_brand","embeddable":true,"href":"https:\/\/www.spirit-us.eu\/index.php\/wp-json\/wp\/v2\/product_brand?post=2805"},{"taxonomy":"product_cat","embeddable":true,"href":"https:\/\/www.spirit-us.eu\/index.php\/wp-json\/wp\/v2\/product_cat?post=2805"},{"taxonomy":"product_tag","embeddable":true,"href":"https:\/\/www.spirit-us.eu\/index.php\/wp-json\/wp\/v2\/product_tag?post=2805"},{"taxonomy":"mwb_booking_cost","embeddable":true,"href":"https:\/\/www.spirit-us.eu\/index.php\/wp-json\/wp\/v2\/mwb_booking_cost?post=2805"},{"taxonomy":"mwb_booking_service","embeddable":true,"href":"https:\/\/www.spirit-us.eu\/index.php\/wp-json\/wp\/v2\/mwb_booking_service?post=2805"}],"curies":[{"name":"wp","href":"https:\/\/api.w.org\/{rel}","templated":true}]}}