{"id":2464,"date":"2025-11-13T10:05:48","date_gmt":"2025-11-13T09:05:48","guid":{"rendered":"https:\/\/www.spirit-us.eu\/?post_type=product&#038;p=2464"},"modified":"2025-12-17T10:41:50","modified_gmt":"2025-12-17T09:41:50","slug":"bracelet-baroque-en-lapis-lazuli","status":"publish","type":"product","link":"https:\/\/www.spirit-us.eu\/index.php\/produit\/bracelet-baroque-en-lapis-lazuli\/","title":{"rendered":"BRACELET BAROQUE en LAPIS LAZULI"},"content":{"rendered":"<p><strong>Pr\u00e9sentation\u00a0: <\/strong>bijou livr\u00e9 dans une jolie pochette de couleur proche de celle des pierres naturelles composant le bracelet et en fonction du stock<\/p>\n<p><strong>Type<\/strong> :\u00a0\u00a0bracelet simple en pierres naturelles<\/p>\n<p><strong>De facture 100% artisanale<\/strong><\/p>\n<p><strong>Pierre(s) naturelles<\/strong> : lapis lazuli<\/p>\n<p><strong>Qualit\u00e9<\/strong> : AA (Tr\u00e8s \u00e9lev\u00e9e)<\/p>\n<p><strong>Couleurs <\/strong>: nuances de bleus plus ou moins profonds avec des inclusions dor\u00e9es et blanches.<\/p>\n<p><strong>Apparence<\/strong> : baroques \/ polies<\/p>\n<p><strong>Taille des perles :\u00a0<\/strong>0,5 mm \u00e0 1 cm (longueur)<\/p>\n<p><strong>Tour de poignet<\/strong>\u00a0: 18-22\u00a0 cm<\/p>\n<p>La taille des perles peut varier, car elles sont fabriqu\u00e9es de fa\u00e7on artisanale, ce qui explique que leur taille puisse varier.<\/p>\n<p><strong>Montage<\/strong>\u00a0: fil \u00e9lastique nylon 0,8mm transparent ou color\u00e9 selon la couleur dominante des pierres du bracelet<\/p>\n<p><strong>Origine\u00a0<\/strong>: Chili<\/p>\n<p><strong>Symbolique et pouvoir<\/strong>s : pierre de communication avec les dieux. Elle symbolise la vo\u00fbte c\u00e9leste \u00e9toil\u00e9e et la force sacr\u00e9e.<\/p>\n<p><strong>Signes astrologiques associ\u00e9s<\/strong> : sagittaire, verseau et poisson<\/p>\n<p>Photos tous droits r\u00e9serv\u00e9s.<\/p>\n<p>Vendu \u00e0 la pi\u00e8ce.<\/p>\n<p>&nbsp;<\/p>\n<p>&nbsp;<\/p>\n","protected":false},"excerpt":{"rendered":"<p style=\"text-align: justify;\">Offrez-vous \u2013 ou offrez \u00e0 quelqu\u2019un que vous aimez ce magnifique bracelet, discret, d&rsquo;une belle couleur puissante. Le lapis lazuli est une pierre d&rsquo;orient r\u00e9put\u00e9e pour son bleu outremer unique, c\u2019est la pierre des Dieux. D\u00e9couverte et fa\u00e7onn\u00e9e en bijoux depuis l&rsquo;Antiquit\u00e9, c&rsquo;est l&rsquo;une des plus anciennes pierres connues. Port\u00e9 en bijou, le lapis-lazuli est une amulette pr\u00e9cieuse qui apporte une profonde s\u00e9r\u00e9nit\u00e9. Les bienfaits majeurs de la pierre de Lapis Lazuli sont la protection et la transformation, par la recherche de l&rsquo;harmonie sur tous les plans : physique, \u00e9motionnel, mental et spirituel. Elle permet aussi de se lib\u00e9rer du stress et des \u00e9motions n\u00e9gatives comme la col\u00e8re, offrant une profonde s\u00e9r\u00e9nit\u00e9 et favorisant une meilleure communication et expression de soi. Elle stimule les dons psychiques et le travail avec les r\u00eaves, \u00e9tablissant une connexion entre la r\u00e9alit\u00e9 et le monde spirituel pour une connaissance de soi approfondie.<\/p>\n","protected":false},"featured_media":2465,"comment_status":"open","ping_status":"closed","template":"","meta":[],"product_brand":[],"product_cat":[156,460,17],"product_tag":[167,337,350],"mwb_booking_cost":[],"mwb_booking_service":[],"class_list":{"0":"post-2464","1":"product","2":"type-product","3":"status-publish","4":"has-post-thumbnail","6":"product_cat-04-bijoux","7":"product_cat-bracelets","8":"product_cat-tous-les-produits","9":"product_tag-bleu","10":"product_tag-divination","11":"product_tag-harmonisation","13":"first","14":"instock","15":"shipping-taxable","16":"purchasable","17":"product-type-simple"},"yoast_head":"<!-- This site is optimized with the Yoast SEO plugin v27.1.1 - https:\/\/yoast.com\/product\/yoast-seo-wordpress\/ -->\n<title>BRACELET BAROQUE en LAPIS LAZULI - Spirit-US<\/title>\n<meta name=\"robots\" content=\"index, follow, max-snippet:-1, max-image-preview:large, max-video-preview:-1\" \/>\n<link rel=\"canonical\" href=\"https:\/\/www.spirit-us.eu\/index.php\/produit\/bracelet-baroque-en-lapis-lazuli\/\" \/>\n<meta property=\"og:locale\" content=\"fr_FR\" \/>\n<meta property=\"og:type\" content=\"article\" \/>\n<meta property=\"og:title\" content=\"BRACELET BAROQUE en LAPIS LAZULI - Spirit-US\" \/>\n<meta property=\"og:description\" content=\"Offrez-vous \u2013 ou offrez \u00e0 quelqu\u2019un que vous aimez ce magnifique bracelet, discret, d&#039;une belle couleur puissante. Le lapis lazuli est une pierre d&#039;orient r\u00e9put\u00e9e pour son bleu outremer unique, c\u2019est la pierre des Dieux. D\u00e9couverte et fa\u00e7onn\u00e9e en bijoux depuis l&#039;Antiquit\u00e9, c&#039;est l&#039;une des plus anciennes pierres connues. Port\u00e9 en bijou, le lapis-lazuli est une amulette pr\u00e9cieuse qui apporte une profonde s\u00e9r\u00e9nit\u00e9. Les bienfaits majeurs de la pierre de Lapis Lazuli sont la protection et la transformation, par la recherche de l&#039;harmonie sur tous les plans : physique, \u00e9motionnel, mental et spirituel. Elle permet aussi de se lib\u00e9rer du stress et des \u00e9motions n\u00e9gatives comme la col\u00e8re, offrant une profonde s\u00e9r\u00e9nit\u00e9 et favorisant une meilleure communication et expression de soi. Elle stimule les dons psychiques et le travail avec les r\u00eaves, \u00e9tablissant une connexion entre la r\u00e9alit\u00e9 et le monde spirituel pour une connaissance de soi approfondie.\" \/>\n<meta property=\"og:url\" content=\"https:\/\/www.spirit-us.eu\/index.php\/produit\/bracelet-baroque-en-lapis-lazuli\/\" \/>\n<meta property=\"og:site_name\" content=\"Spirit-US\" \/>\n<meta property=\"article:publisher\" content=\"https:\/\/www.facebook.com\/spirit.us.deum\" \/>\n<meta property=\"article:modified_time\" content=\"2025-12-17T09:41:50+00:00\" \/>\n<meta property=\"og:image\" content=\"https:\/\/www.spirit-us.eu\/wp-content\/uploads\/2025\/11\/lapis-baroque-scaled.jpg\" \/>\n\t<meta property=\"og:image:width\" content=\"2560\" \/>\n\t<meta property=\"og:image:height\" content=\"2345\" \/>\n\t<meta property=\"og:image:type\" content=\"image\/jpeg\" \/>\n<meta name=\"twitter:card\" content=\"summary_large_image\" \/>\n<meta name=\"twitter:label1\" content=\"Dur\u00e9e de lecture estim\u00e9e\" \/>\n\t<meta name=\"twitter:data1\" content=\"1 minute\" \/>\n<script type=\"application\/ld+json\" class=\"yoast-schema-graph\">{\"@context\":\"https:\/\/schema.org\",\"@graph\":[{\"@type\":\"WebPage\",\"@id\":\"https:\/\/www.spirit-us.eu\/index.php\/produit\/bracelet-baroque-en-lapis-lazuli\/\",\"url\":\"https:\/\/www.spirit-us.eu\/index.php\/produit\/bracelet-baroque-en-lapis-lazuli\/\",\"name\":\"BRACELET BAROQUE en LAPIS LAZULI - Spirit-US\",\"isPartOf\":{\"@id\":\"https:\/\/www.spirit-us.eu\/#website\"},\"primaryImageOfPage\":{\"@id\":\"https:\/\/www.spirit-us.eu\/index.php\/produit\/bracelet-baroque-en-lapis-lazuli\/#primaryimage\"},\"image\":{\"@id\":\"https:\/\/www.spirit-us.eu\/index.php\/produit\/bracelet-baroque-en-lapis-lazuli\/#primaryimage\"},\"thumbnailUrl\":\"https:\/\/www.spirit-us.eu\/wp-content\/uploads\/2025\/11\/lapis-baroque-scaled.jpg\",\"datePublished\":\"2025-11-13T09:05:48+00:00\",\"dateModified\":\"2025-12-17T09:41:50+00:00\",\"breadcrumb\":{\"@id\":\"https:\/\/www.spirit-us.eu\/index.php\/produit\/bracelet-baroque-en-lapis-lazuli\/#breadcrumb\"},\"inLanguage\":\"fr-FR\",\"potentialAction\":[{\"@type\":\"ReadAction\",\"target\":[\"https:\/\/www.spirit-us.eu\/index.php\/produit\/bracelet-baroque-en-lapis-lazuli\/\"]}]},{\"@type\":\"ImageObject\",\"inLanguage\":\"fr-FR\",\"@id\":\"https:\/\/www.spirit-us.eu\/index.php\/produit\/bracelet-baroque-en-lapis-lazuli\/#primaryimage\",\"url\":\"https:\/\/www.spirit-us.eu\/wp-content\/uploads\/2025\/11\/lapis-baroque-scaled.jpg\",\"contentUrl\":\"https:\/\/www.spirit-us.eu\/wp-content\/uploads\/2025\/11\/lapis-baroque-scaled.jpg\",\"width\":2560,\"height\":2345},{\"@type\":\"BreadcrumbList\",\"@id\":\"https:\/\/www.spirit-us.eu\/index.php\/produit\/bracelet-baroque-en-lapis-lazuli\/#breadcrumb\",\"itemListElement\":[{\"@type\":\"ListItem\",\"position\":1,\"name\":\"Accueil\",\"item\":\"https:\/\/www.spirit-us.eu\/\"},{\"@type\":\"ListItem\",\"position\":2,\"name\":\"Boutique\",\"item\":\"https:\/\/www.spirit-us.eu\/index.php\/boutique\/\"},{\"@type\":\"ListItem\",\"position\":3,\"name\":\"BRACELET BAROQUE en LAPIS LAZULI\"}]},{\"@type\":\"WebSite\",\"@id\":\"https:\/\/www.spirit-us.eu\/#website\",\"url\":\"https:\/\/www.spirit-us.eu\/\",\"name\":\"Spirit-US\",\"description\":\"\",\"publisher\":{\"@id\":\"https:\/\/www.spirit-us.eu\/#organization\"},\"potentialAction\":[{\"@type\":\"SearchAction\",\"target\":{\"@type\":\"EntryPoint\",\"urlTemplate\":\"https:\/\/www.spirit-us.eu\/?s={search_term_string}\"},\"query-input\":{\"@type\":\"PropertyValueSpecification\",\"valueRequired\":true,\"valueName\":\"search_term_string\"}}],\"inLanguage\":\"fr-FR\"},{\"@type\":\"Organization\",\"@id\":\"https:\/\/www.spirit-us.eu\/#organization\",\"name\":\"Spirit-US\",\"url\":\"https:\/\/www.spirit-us.eu\/\",\"logo\":{\"@type\":\"ImageObject\",\"inLanguage\":\"fr-FR\",\"@id\":\"https:\/\/www.spirit-us.eu\/#\/schema\/logo\/image\/\",\"url\":\"https:\/\/www.spirit-us.eu\/wp-content\/uploads\/2025\/11\/logo-regarde-linterlocutrice-sans-arrriere-plan.jpg\",\"contentUrl\":\"https:\/\/www.spirit-us.eu\/wp-content\/uploads\/2025\/11\/logo-regarde-linterlocutrice-sans-arrriere-plan.jpg\",\"width\":1080,\"height\":1080,\"caption\":\"Spirit-US\"},\"image\":{\"@id\":\"https:\/\/www.spirit-us.eu\/#\/schema\/logo\/image\/\"},\"sameAs\":[\"https:\/\/www.facebook.com\/spirit.us.deum\"]}]}<\/script>\n<!-- \/ Yoast SEO plugin. -->","yoast_head_json":{"title":"BRACELET BAROQUE en LAPIS LAZULI - Spirit-US","robots":{"index":"index","follow":"follow","max-snippet":"max-snippet:-1","max-image-preview":"max-image-preview:large","max-video-preview":"max-video-preview:-1"},"canonical":"https:\/\/www.spirit-us.eu\/index.php\/produit\/bracelet-baroque-en-lapis-lazuli\/","og_locale":"fr_FR","og_type":"article","og_title":"BRACELET BAROQUE en LAPIS LAZULI - Spirit-US","og_description":"Offrez-vous \u2013 ou offrez \u00e0 quelqu\u2019un que vous aimez ce magnifique bracelet, discret, d'une belle couleur puissante. Le lapis lazuli est une pierre d'orient r\u00e9put\u00e9e pour son bleu outremer unique, c\u2019est la pierre des Dieux. D\u00e9couverte et fa\u00e7onn\u00e9e en bijoux depuis l'Antiquit\u00e9, c'est l'une des plus anciennes pierres connues. Port\u00e9 en bijou, le lapis-lazuli est une amulette pr\u00e9cieuse qui apporte une profonde s\u00e9r\u00e9nit\u00e9. Les bienfaits majeurs de la pierre de Lapis Lazuli sont la protection et la transformation, par la recherche de l'harmonie sur tous les plans : physique, \u00e9motionnel, mental et spirituel. Elle permet aussi de se lib\u00e9rer du stress et des \u00e9motions n\u00e9gatives comme la col\u00e8re, offrant une profonde s\u00e9r\u00e9nit\u00e9 et favorisant une meilleure communication et expression de soi. Elle stimule les dons psychiques et le travail avec les r\u00eaves, \u00e9tablissant une connexion entre la r\u00e9alit\u00e9 et le monde spirituel pour une connaissance de soi approfondie.","og_url":"https:\/\/www.spirit-us.eu\/index.php\/produit\/bracelet-baroque-en-lapis-lazuli\/","og_site_name":"Spirit-US","article_publisher":"https:\/\/www.facebook.com\/spirit.us.deum","article_modified_time":"2025-12-17T09:41:50+00:00","og_image":[{"width":2560,"height":2345,"url":"https:\/\/www.spirit-us.eu\/wp-content\/uploads\/2025\/11\/lapis-baroque-scaled.jpg","type":"image\/jpeg"}],"twitter_card":"summary_large_image","twitter_misc":{"Dur\u00e9e de lecture estim\u00e9e":"1 minute"},"schema":{"@context":"https:\/\/schema.org","@graph":[{"@type":"WebPage","@id":"https:\/\/www.spirit-us.eu\/index.php\/produit\/bracelet-baroque-en-lapis-lazuli\/","url":"https:\/\/www.spirit-us.eu\/index.php\/produit\/bracelet-baroque-en-lapis-lazuli\/","name":"BRACELET BAROQUE en LAPIS LAZULI - Spirit-US","isPartOf":{"@id":"https:\/\/www.spirit-us.eu\/#website"},"primaryImageOfPage":{"@id":"https:\/\/www.spirit-us.eu\/index.php\/produit\/bracelet-baroque-en-lapis-lazuli\/#primaryimage"},"image":{"@id":"https:\/\/www.spirit-us.eu\/index.php\/produit\/bracelet-baroque-en-lapis-lazuli\/#primaryimage"},"thumbnailUrl":"https:\/\/www.spirit-us.eu\/wp-content\/uploads\/2025\/11\/lapis-baroque-scaled.jpg","datePublished":"2025-11-13T09:05:48+00:00","dateModified":"2025-12-17T09:41:50+00:00","breadcrumb":{"@id":"https:\/\/www.spirit-us.eu\/index.php\/produit\/bracelet-baroque-en-lapis-lazuli\/#breadcrumb"},"inLanguage":"fr-FR","potentialAction":[{"@type":"ReadAction","target":["https:\/\/www.spirit-us.eu\/index.php\/produit\/bracelet-baroque-en-lapis-lazuli\/"]}]},{"@type":"ImageObject","inLanguage":"fr-FR","@id":"https:\/\/www.spirit-us.eu\/index.php\/produit\/bracelet-baroque-en-lapis-lazuli\/#primaryimage","url":"https:\/\/www.spirit-us.eu\/wp-content\/uploads\/2025\/11\/lapis-baroque-scaled.jpg","contentUrl":"https:\/\/www.spirit-us.eu\/wp-content\/uploads\/2025\/11\/lapis-baroque-scaled.jpg","width":2560,"height":2345},{"@type":"BreadcrumbList","@id":"https:\/\/www.spirit-us.eu\/index.php\/produit\/bracelet-baroque-en-lapis-lazuli\/#breadcrumb","itemListElement":[{"@type":"ListItem","position":1,"name":"Accueil","item":"https:\/\/www.spirit-us.eu\/"},{"@type":"ListItem","position":2,"name":"Boutique","item":"https:\/\/www.spirit-us.eu\/index.php\/boutique\/"},{"@type":"ListItem","position":3,"name":"BRACELET BAROQUE en LAPIS LAZULI"}]},{"@type":"WebSite","@id":"https:\/\/www.spirit-us.eu\/#website","url":"https:\/\/www.spirit-us.eu\/","name":"Spirit-US","description":"","publisher":{"@id":"https:\/\/www.spirit-us.eu\/#organization"},"potentialAction":[{"@type":"SearchAction","target":{"@type":"EntryPoint","urlTemplate":"https:\/\/www.spirit-us.eu\/?s={search_term_string}"},"query-input":{"@type":"PropertyValueSpecification","valueRequired":true,"valueName":"search_term_string"}}],"inLanguage":"fr-FR"},{"@type":"Organization","@id":"https:\/\/www.spirit-us.eu\/#organization","name":"Spirit-US","url":"https:\/\/www.spirit-us.eu\/","logo":{"@type":"ImageObject","inLanguage":"fr-FR","@id":"https:\/\/www.spirit-us.eu\/#\/schema\/logo\/image\/","url":"https:\/\/www.spirit-us.eu\/wp-content\/uploads\/2025\/11\/logo-regarde-linterlocutrice-sans-arrriere-plan.jpg","contentUrl":"https:\/\/www.spirit-us.eu\/wp-content\/uploads\/2025\/11\/logo-regarde-linterlocutrice-sans-arrriere-plan.jpg","width":1080,"height":1080,"caption":"Spirit-US"},"image":{"@id":"https:\/\/www.spirit-us.eu\/#\/schema\/logo\/image\/"},"sameAs":["https:\/\/www.facebook.com\/spirit.us.deum"]}]}},"jetpack_sharing_enabled":true,"_links":{"self":[{"href":"https:\/\/www.spirit-us.eu\/index.php\/wp-json\/wp\/v2\/product\/2464","targetHints":{"allow":["GET"]}}],"collection":[{"href":"https:\/\/www.spirit-us.eu\/index.php\/wp-json\/wp\/v2\/product"}],"about":[{"href":"https:\/\/www.spirit-us.eu\/index.php\/wp-json\/wp\/v2\/types\/product"}],"replies":[{"embeddable":true,"href":"https:\/\/www.spirit-us.eu\/index.php\/wp-json\/wp\/v2\/comments?post=2464"}],"wp:featuredmedia":[{"embeddable":true,"href":"https:\/\/www.spirit-us.eu\/index.php\/wp-json\/wp\/v2\/media\/2465"}],"wp:attachment":[{"href":"https:\/\/www.spirit-us.eu\/index.php\/wp-json\/wp\/v2\/media?parent=2464"}],"wp:term":[{"taxonomy":"product_brand","embeddable":true,"href":"https:\/\/www.spirit-us.eu\/index.php\/wp-json\/wp\/v2\/product_brand?post=2464"},{"taxonomy":"product_cat","embeddable":true,"href":"https:\/\/www.spirit-us.eu\/index.php\/wp-json\/wp\/v2\/product_cat?post=2464"},{"taxonomy":"product_tag","embeddable":true,"href":"https:\/\/www.spirit-us.eu\/index.php\/wp-json\/wp\/v2\/product_tag?post=2464"},{"taxonomy":"mwb_booking_cost","embeddable":true,"href":"https:\/\/www.spirit-us.eu\/index.php\/wp-json\/wp\/v2\/mwb_booking_cost?post=2464"},{"taxonomy":"mwb_booking_service","embeddable":true,"href":"https:\/\/www.spirit-us.eu\/index.php\/wp-json\/wp\/v2\/mwb_booking_service?post=2464"}],"curies":[{"name":"wp","href":"https:\/\/api.w.org\/{rel}","templated":true}]}}