{"id":2321,"date":"2025-11-11T11:08:02","date_gmt":"2025-11-11T10:08:02","guid":{"rendered":"https:\/\/www.spirit-us.eu\/?post_type=product&#038;p=2321"},"modified":"2025-12-17T10:43:59","modified_gmt":"2025-12-17T09:43:59","slug":"bracelet-en-perles-rouges","status":"publish","type":"product","link":"https:\/\/www.spirit-us.eu\/index.php\/produit\/bracelet-en-perles-rouges\/","title":{"rendered":"BRACELET ROUGE &#8211; vitalit\u00e9, chance  et prosp\u00e9rit\u00e9"},"content":{"rendered":"<p><strong>Tour de poignet<\/strong>\u00a0: 16,5 cm<\/p>\n<p><strong>Dimension des perles<\/strong>\u00a0: rouges\u00a0 8 mm \/ blanches\u00a0: 1 cm \u2013 finition tr\u00e8s soign\u00e9e en m\u00e9tal dor\u00e9<\/p>\n<p><strong>Dimension des breloques<\/strong>\u00a0: cha\u00eenette et perles de finition 3,5 cm \/ symbole de chance 1 cm<\/p>\n<p><strong>Mat\u00e9riau<\/strong>\u00a0: perles de verre teint\u00e9es dans la masse, perles de m\u00e9tal dor\u00e9, breloques, cha\u00eenette<\/p>\n<p><strong>Couleurs<\/strong>\u00a0: rouge, blanc, or<\/p>\n<p><strong>Pr\u00e9sentation<\/strong>\u00a0: livr\u00e9 dans une pochette en soie rouge et or avec motifs floraux (6,5 cm de hauteur x 8 cm de largeur<\/p>\n","protected":false},"excerpt":{"rendered":"<p style=\"text-align: justify;\">Tr\u00e8s joli bracelet aux finitions impeccables, \u00e0 petit prix.\u00a0 Le rouge symbolise l\u2019amour et la chance dans certaines cultures.\u00a0 Il se porte aussi lorsqu\u2019on se trouve dans une d\u00e9marche de gu\u00e9rison ou de maintien de la bonne sant\u00e9 corporelle.\u00a0 Couleur du chakra racine et du sang, ce bracelet soutiendra votre intention de vous ancrer et en harmonie dans votre corps physique.\u00a0 Il s\u2019utilise aussi pour la purification sanguine ou les maladies li\u00e9es au sang.\u00a0 Translucide, rehauss\u00e9 d\u2019or, ce bijou tout simple chatoie dans la lumi\u00e8re. Pour la restauration de la bonne sant\u00e9 du sang, voyez notre soin, que ce bracelet peut compl\u00e9ter holistiquement : <a href=\"https:\/\/www.spirit-us.eu\/index.php\/produit\/sang-sacre-regenerescence-dans-les-maladies-de-sang\/\" target=\"_blank\" rel=\"noopener\">SANG SACRE<\/a>. Dans cette d\u00e9marche de soin, vous pouvez aussi avoir recours \u00e0 notre pentacle de la <a href=\"https:\/\/www.spirit-us.eu\/index.php\/les-pentacles-leurs-pouvoirs-mysterieux-leur-beaute\/\" target=\"_blank\" rel=\"noopener\">COLOMBE AU SAINT GRAAL<\/a>.<\/p>\n","protected":false},"featured_media":2322,"comment_status":"open","ping_status":"closed","template":"","meta":[],"product_brand":[],"product_cat":[156,460,17],"product_tag":[332,188,260,343,353],"mwb_booking_cost":[],"mwb_booking_service":[],"class_list":{"0":"post-2321","1":"product","2":"type-product","3":"status-publish","4":"has-post-thumbnail","6":"product_cat-04-bijoux","7":"product_cat-bracelets","8":"product_cat-tous-les-produits","9":"product_tag-chakra-racine","10":"product_tag-chakras-collection","11":"product_tag-rouge","12":"product_tag-sante","13":"product_tag-sante-du-sang","15":"first","16":"instock","17":"shipping-taxable","18":"purchasable","19":"product-type-simple"},"yoast_head":"<!-- This site is optimized with the Yoast SEO plugin v27.1.1 - https:\/\/yoast.com\/product\/yoast-seo-wordpress\/ -->\n<title>BRACELET ROUGE - vitalit\u00e9, chance et prosp\u00e9rit\u00e9 - Spirit-US<\/title>\n<meta name=\"robots\" content=\"index, follow, max-snippet:-1, max-image-preview:large, max-video-preview:-1\" \/>\n<link rel=\"canonical\" href=\"https:\/\/www.spirit-us.eu\/index.php\/produit\/bracelet-en-perles-rouges\/\" \/>\n<meta property=\"og:locale\" content=\"fr_FR\" \/>\n<meta property=\"og:type\" content=\"article\" \/>\n<meta property=\"og:title\" content=\"BRACELET ROUGE - vitalit\u00e9, chance et prosp\u00e9rit\u00e9 - Spirit-US\" \/>\n<meta property=\"og:description\" content=\"Tr\u00e8s joli bracelet aux finitions impeccables, \u00e0 petit prix.\u00a0 Le rouge symbolise l\u2019amour et la chance dans certaines cultures.\u00a0 Il se porte aussi lorsqu\u2019on se trouve dans une d\u00e9marche de gu\u00e9rison ou de maintien de la bonne sant\u00e9 corporelle.\u00a0 Couleur du chakra racine et du sang, ce bracelet soutiendra votre intention de vous ancrer et en harmonie dans votre corps physique.\u00a0 Il s\u2019utilise aussi pour la purification sanguine ou les maladies li\u00e9es au sang.\u00a0 Translucide, rehauss\u00e9 d\u2019or, ce bijou tout simple chatoie dans la lumi\u00e8re. Pour la restauration de la bonne sant\u00e9 du sang, voyez notre soin, que ce bracelet peut compl\u00e9ter holistiquement : SANG SACRE. Dans cette d\u00e9marche de soin, vous pouvez aussi avoir recours \u00e0 notre pentacle de la COLOMBE AU SAINT GRAAL.\" \/>\n<meta property=\"og:url\" content=\"https:\/\/www.spirit-us.eu\/index.php\/produit\/bracelet-en-perles-rouges\/\" \/>\n<meta property=\"og:site_name\" content=\"Spirit-US\" \/>\n<meta property=\"article:publisher\" content=\"https:\/\/www.facebook.com\/spirit.us.deum\" \/>\n<meta property=\"article:modified_time\" content=\"2025-12-17T09:43:59+00:00\" \/>\n<meta property=\"og:image\" content=\"https:\/\/www.spirit-us.eu\/wp-content\/uploads\/2025\/11\/bracelet-rouge-et-perle.png\" \/>\n\t<meta property=\"og:image:width\" content=\"1080\" \/>\n\t<meta property=\"og:image:height\" content=\"1080\" \/>\n\t<meta property=\"og:image:type\" content=\"image\/png\" \/>\n<meta name=\"twitter:card\" content=\"summary_large_image\" \/>\n<meta name=\"twitter:label1\" content=\"Dur\u00e9e de lecture estim\u00e9e\" \/>\n\t<meta name=\"twitter:data1\" content=\"1 minute\" \/>\n<script type=\"application\/ld+json\" class=\"yoast-schema-graph\">{\"@context\":\"https:\/\/schema.org\",\"@graph\":[{\"@type\":\"WebPage\",\"@id\":\"https:\/\/www.spirit-us.eu\/index.php\/produit\/bracelet-en-perles-rouges\/\",\"url\":\"https:\/\/www.spirit-us.eu\/index.php\/produit\/bracelet-en-perles-rouges\/\",\"name\":\"BRACELET ROUGE - vitalit\u00e9, chance et prosp\u00e9rit\u00e9 - Spirit-US\",\"isPartOf\":{\"@id\":\"https:\/\/www.spirit-us.eu\/#website\"},\"primaryImageOfPage\":{\"@id\":\"https:\/\/www.spirit-us.eu\/index.php\/produit\/bracelet-en-perles-rouges\/#primaryimage\"},\"image\":{\"@id\":\"https:\/\/www.spirit-us.eu\/index.php\/produit\/bracelet-en-perles-rouges\/#primaryimage\"},\"thumbnailUrl\":\"https:\/\/www.spirit-us.eu\/wp-content\/uploads\/2025\/11\/bracelet-rouge-et-perle.png\",\"datePublished\":\"2025-11-11T10:08:02+00:00\",\"dateModified\":\"2025-12-17T09:43:59+00:00\",\"breadcrumb\":{\"@id\":\"https:\/\/www.spirit-us.eu\/index.php\/produit\/bracelet-en-perles-rouges\/#breadcrumb\"},\"inLanguage\":\"fr-FR\",\"potentialAction\":[{\"@type\":\"ReadAction\",\"target\":[\"https:\/\/www.spirit-us.eu\/index.php\/produit\/bracelet-en-perles-rouges\/\"]}]},{\"@type\":\"ImageObject\",\"inLanguage\":\"fr-FR\",\"@id\":\"https:\/\/www.spirit-us.eu\/index.php\/produit\/bracelet-en-perles-rouges\/#primaryimage\",\"url\":\"https:\/\/www.spirit-us.eu\/wp-content\/uploads\/2025\/11\/bracelet-rouge-et-perle.png\",\"contentUrl\":\"https:\/\/www.spirit-us.eu\/wp-content\/uploads\/2025\/11\/bracelet-rouge-et-perle.png\",\"width\":1080,\"height\":1080},{\"@type\":\"BreadcrumbList\",\"@id\":\"https:\/\/www.spirit-us.eu\/index.php\/produit\/bracelet-en-perles-rouges\/#breadcrumb\",\"itemListElement\":[{\"@type\":\"ListItem\",\"position\":1,\"name\":\"Accueil\",\"item\":\"https:\/\/www.spirit-us.eu\/\"},{\"@type\":\"ListItem\",\"position\":2,\"name\":\"Boutique\",\"item\":\"https:\/\/www.spirit-us.eu\/index.php\/boutique\/\"},{\"@type\":\"ListItem\",\"position\":3,\"name\":\"BRACELET ROUGE &#8211; vitalit\u00e9, chance et prosp\u00e9rit\u00e9\"}]},{\"@type\":\"WebSite\",\"@id\":\"https:\/\/www.spirit-us.eu\/#website\",\"url\":\"https:\/\/www.spirit-us.eu\/\",\"name\":\"Spirit-US\",\"description\":\"\",\"publisher\":{\"@id\":\"https:\/\/www.spirit-us.eu\/#organization\"},\"potentialAction\":[{\"@type\":\"SearchAction\",\"target\":{\"@type\":\"EntryPoint\",\"urlTemplate\":\"https:\/\/www.spirit-us.eu\/?s={search_term_string}\"},\"query-input\":{\"@type\":\"PropertyValueSpecification\",\"valueRequired\":true,\"valueName\":\"search_term_string\"}}],\"inLanguage\":\"fr-FR\"},{\"@type\":\"Organization\",\"@id\":\"https:\/\/www.spirit-us.eu\/#organization\",\"name\":\"Spirit-US\",\"url\":\"https:\/\/www.spirit-us.eu\/\",\"logo\":{\"@type\":\"ImageObject\",\"inLanguage\":\"fr-FR\",\"@id\":\"https:\/\/www.spirit-us.eu\/#\/schema\/logo\/image\/\",\"url\":\"https:\/\/www.spirit-us.eu\/wp-content\/uploads\/2025\/11\/logo-regarde-linterlocutrice-sans-arrriere-plan.jpg\",\"contentUrl\":\"https:\/\/www.spirit-us.eu\/wp-content\/uploads\/2025\/11\/logo-regarde-linterlocutrice-sans-arrriere-plan.jpg\",\"width\":1080,\"height\":1080,\"caption\":\"Spirit-US\"},\"image\":{\"@id\":\"https:\/\/www.spirit-us.eu\/#\/schema\/logo\/image\/\"},\"sameAs\":[\"https:\/\/www.facebook.com\/spirit.us.deum\"]}]}<\/script>\n<!-- \/ Yoast SEO plugin. -->","yoast_head_json":{"title":"BRACELET ROUGE - vitalit\u00e9, chance et prosp\u00e9rit\u00e9 - Spirit-US","robots":{"index":"index","follow":"follow","max-snippet":"max-snippet:-1","max-image-preview":"max-image-preview:large","max-video-preview":"max-video-preview:-1"},"canonical":"https:\/\/www.spirit-us.eu\/index.php\/produit\/bracelet-en-perles-rouges\/","og_locale":"fr_FR","og_type":"article","og_title":"BRACELET ROUGE - vitalit\u00e9, chance et prosp\u00e9rit\u00e9 - Spirit-US","og_description":"Tr\u00e8s joli bracelet aux finitions impeccables, \u00e0 petit prix.\u00a0 Le rouge symbolise l\u2019amour et la chance dans certaines cultures.\u00a0 Il se porte aussi lorsqu\u2019on se trouve dans une d\u00e9marche de gu\u00e9rison ou de maintien de la bonne sant\u00e9 corporelle.\u00a0 Couleur du chakra racine et du sang, ce bracelet soutiendra votre intention de vous ancrer et en harmonie dans votre corps physique.\u00a0 Il s\u2019utilise aussi pour la purification sanguine ou les maladies li\u00e9es au sang.\u00a0 Translucide, rehauss\u00e9 d\u2019or, ce bijou tout simple chatoie dans la lumi\u00e8re. Pour la restauration de la bonne sant\u00e9 du sang, voyez notre soin, que ce bracelet peut compl\u00e9ter holistiquement : SANG SACRE. Dans cette d\u00e9marche de soin, vous pouvez aussi avoir recours \u00e0 notre pentacle de la COLOMBE AU SAINT GRAAL.","og_url":"https:\/\/www.spirit-us.eu\/index.php\/produit\/bracelet-en-perles-rouges\/","og_site_name":"Spirit-US","article_publisher":"https:\/\/www.facebook.com\/spirit.us.deum","article_modified_time":"2025-12-17T09:43:59+00:00","og_image":[{"width":1080,"height":1080,"url":"https:\/\/www.spirit-us.eu\/wp-content\/uploads\/2025\/11\/bracelet-rouge-et-perle.png","type":"image\/png"}],"twitter_card":"summary_large_image","twitter_misc":{"Dur\u00e9e de lecture estim\u00e9e":"1 minute"},"schema":{"@context":"https:\/\/schema.org","@graph":[{"@type":"WebPage","@id":"https:\/\/www.spirit-us.eu\/index.php\/produit\/bracelet-en-perles-rouges\/","url":"https:\/\/www.spirit-us.eu\/index.php\/produit\/bracelet-en-perles-rouges\/","name":"BRACELET ROUGE - vitalit\u00e9, chance et prosp\u00e9rit\u00e9 - Spirit-US","isPartOf":{"@id":"https:\/\/www.spirit-us.eu\/#website"},"primaryImageOfPage":{"@id":"https:\/\/www.spirit-us.eu\/index.php\/produit\/bracelet-en-perles-rouges\/#primaryimage"},"image":{"@id":"https:\/\/www.spirit-us.eu\/index.php\/produit\/bracelet-en-perles-rouges\/#primaryimage"},"thumbnailUrl":"https:\/\/www.spirit-us.eu\/wp-content\/uploads\/2025\/11\/bracelet-rouge-et-perle.png","datePublished":"2025-11-11T10:08:02+00:00","dateModified":"2025-12-17T09:43:59+00:00","breadcrumb":{"@id":"https:\/\/www.spirit-us.eu\/index.php\/produit\/bracelet-en-perles-rouges\/#breadcrumb"},"inLanguage":"fr-FR","potentialAction":[{"@type":"ReadAction","target":["https:\/\/www.spirit-us.eu\/index.php\/produit\/bracelet-en-perles-rouges\/"]}]},{"@type":"ImageObject","inLanguage":"fr-FR","@id":"https:\/\/www.spirit-us.eu\/index.php\/produit\/bracelet-en-perles-rouges\/#primaryimage","url":"https:\/\/www.spirit-us.eu\/wp-content\/uploads\/2025\/11\/bracelet-rouge-et-perle.png","contentUrl":"https:\/\/www.spirit-us.eu\/wp-content\/uploads\/2025\/11\/bracelet-rouge-et-perle.png","width":1080,"height":1080},{"@type":"BreadcrumbList","@id":"https:\/\/www.spirit-us.eu\/index.php\/produit\/bracelet-en-perles-rouges\/#breadcrumb","itemListElement":[{"@type":"ListItem","position":1,"name":"Accueil","item":"https:\/\/www.spirit-us.eu\/"},{"@type":"ListItem","position":2,"name":"Boutique","item":"https:\/\/www.spirit-us.eu\/index.php\/boutique\/"},{"@type":"ListItem","position":3,"name":"BRACELET ROUGE &#8211; vitalit\u00e9, chance et prosp\u00e9rit\u00e9"}]},{"@type":"WebSite","@id":"https:\/\/www.spirit-us.eu\/#website","url":"https:\/\/www.spirit-us.eu\/","name":"Spirit-US","description":"","publisher":{"@id":"https:\/\/www.spirit-us.eu\/#organization"},"potentialAction":[{"@type":"SearchAction","target":{"@type":"EntryPoint","urlTemplate":"https:\/\/www.spirit-us.eu\/?s={search_term_string}"},"query-input":{"@type":"PropertyValueSpecification","valueRequired":true,"valueName":"search_term_string"}}],"inLanguage":"fr-FR"},{"@type":"Organization","@id":"https:\/\/www.spirit-us.eu\/#organization","name":"Spirit-US","url":"https:\/\/www.spirit-us.eu\/","logo":{"@type":"ImageObject","inLanguage":"fr-FR","@id":"https:\/\/www.spirit-us.eu\/#\/schema\/logo\/image\/","url":"https:\/\/www.spirit-us.eu\/wp-content\/uploads\/2025\/11\/logo-regarde-linterlocutrice-sans-arrriere-plan.jpg","contentUrl":"https:\/\/www.spirit-us.eu\/wp-content\/uploads\/2025\/11\/logo-regarde-linterlocutrice-sans-arrriere-plan.jpg","width":1080,"height":1080,"caption":"Spirit-US"},"image":{"@id":"https:\/\/www.spirit-us.eu\/#\/schema\/logo\/image\/"},"sameAs":["https:\/\/www.facebook.com\/spirit.us.deum"]}]}},"jetpack_sharing_enabled":true,"_links":{"self":[{"href":"https:\/\/www.spirit-us.eu\/index.php\/wp-json\/wp\/v2\/product\/2321","targetHints":{"allow":["GET"]}}],"collection":[{"href":"https:\/\/www.spirit-us.eu\/index.php\/wp-json\/wp\/v2\/product"}],"about":[{"href":"https:\/\/www.spirit-us.eu\/index.php\/wp-json\/wp\/v2\/types\/product"}],"replies":[{"embeddable":true,"href":"https:\/\/www.spirit-us.eu\/index.php\/wp-json\/wp\/v2\/comments?post=2321"}],"wp:featuredmedia":[{"embeddable":true,"href":"https:\/\/www.spirit-us.eu\/index.php\/wp-json\/wp\/v2\/media\/2322"}],"wp:attachment":[{"href":"https:\/\/www.spirit-us.eu\/index.php\/wp-json\/wp\/v2\/media?parent=2321"}],"wp:term":[{"taxonomy":"product_brand","embeddable":true,"href":"https:\/\/www.spirit-us.eu\/index.php\/wp-json\/wp\/v2\/product_brand?post=2321"},{"taxonomy":"product_cat","embeddable":true,"href":"https:\/\/www.spirit-us.eu\/index.php\/wp-json\/wp\/v2\/product_cat?post=2321"},{"taxonomy":"product_tag","embeddable":true,"href":"https:\/\/www.spirit-us.eu\/index.php\/wp-json\/wp\/v2\/product_tag?post=2321"},{"taxonomy":"mwb_booking_cost","embeddable":true,"href":"https:\/\/www.spirit-us.eu\/index.php\/wp-json\/wp\/v2\/mwb_booking_cost?post=2321"},{"taxonomy":"mwb_booking_service","embeddable":true,"href":"https:\/\/www.spirit-us.eu\/index.php\/wp-json\/wp\/v2\/mwb_booking_service?post=2321"}],"curies":[{"name":"wp","href":"https:\/\/api.w.org\/{rel}","templated":true}]}}