{"id":2261,"date":"2025-11-10T08:09:46","date_gmt":"2025-11-10T07:09:46","guid":{"rendered":"https:\/\/www.spirit-us.eu\/?post_type=product&#038;p=2261"},"modified":"2025-12-17T10:45:18","modified_gmt":"2025-12-17T09:45:18","slug":"bracelet-en-amethyste","status":"publish","type":"product","link":"https:\/\/www.spirit-us.eu\/index.php\/produit\/bracelet-en-amethyste\/","title":{"rendered":"BRACELET en AMETHYSTE"},"content":{"rendered":"<p><strong>Pr\u00e9sentation\u00a0: <\/strong>bijou livr\u00e9 dans une jolie pochette en velours ou en satin en fonction du stock<\/p>\n<p><strong>Livr\u00e9 b\u00e9ni sur demande et intention\u00a0: <\/strong>il vous est possible de demander un pentacle de protection \u2013 dans ce cas, \u00e9crivez-nous et consultez notre onglet \u00ab Pentacles \u00bb \/ demandez le pentacle de s\u00e9r\u00e9nit\u00e9; ou pr\u00e9cisez une autre intention harmonis\u00e9e avec les bienfaits des pierres naturelles<\/p>\n<p><strong>Type<\/strong> :\u00a0\u00a0bracelet baroque \u2013 pierres naturelles \u00ab\u00a0boules\u00a0\u00bb de 8 mm<\/p>\n<p><strong>De facture 100% artisanale<\/strong><\/p>\n<p><strong>Pierre(s) naturelles<\/strong> :\u00a0au choix \/ vertus des pierres synergies avec bracelets en cristal de roche, en am\u00e9thyste, en quartz rose, ou d\u2019autres combinaisons plus audacieuses (voir la palette de ces bracelets)<\/p>\n<p><strong>Qualit\u00e9<\/strong> : AA (Tr\u00e8s \u00e9lev\u00e9e)<\/p>\n<p><strong>Couleur <\/strong>: violet translucide &amp; diff\u00e9rentes nuances dans un m\u00eame bracelet en fonction de l&rsquo;exposition \u00e0 la lumi\u00e8re<\/p>\n<p><strong>Apparence<\/strong> : Boule \/ Polies et baroques (ovale l\u00e9g\u00e8rement irr\u00e9gulier)<\/p>\n<p><strong>Tour de poignet<\/strong>\u00a0: 18-22 \u00a0cm<\/p>\n<p>*La taille des perles peut varier de 07,5 \u00e0 08,5mm.<\/p>\n<p>Les perles sont fabriqu\u00e9es de fa\u00e7on artisanale, ce qui explique que leur taille puisse varier de +\/- 0.5mm.<\/p>\n<p><strong>Montage<\/strong>\u00a0: Fil\u00a0: \u00e9lastique nylon 0,8mm transparent ou color\u00e9 selon la couleur dominante des pierres du bracelet<\/p>\n<p>Photos tous droits r\u00e9serv\u00e9s<\/p>\n","protected":false},"excerpt":{"rendered":"<p style=\"text-align: justify;\">Adorable bracelet en am\u00e9thyste, pierre naturelle de couleur violette, de toute beaut\u00e9. \u00a0On utilise l\u2019am\u00e9thyste pour la purification personnelle et pour la sobri\u00e9t\u00e9 (\u00e9motionnelle ou sobri\u00e9t\u00e9 face aux addictions en tous genres). \u00a0Le monde Antique utilisait cette pierre pour pr\u00e9venir l\u2019ivresse alcoolique, ils buvaient dans des coupes en am\u00e9thyste. Symbole de puissance discr\u00e8te, l\u2019am\u00e9thyste est un signe de bonne fortune si elle apparait en r\u00eave. Au temps de la Renaissance italienne, L\u00e9onard de Vinci utilisait l\u2019Am\u00e9thyste pour\u00a0dissiper ses pens\u00e9es n\u00e9gatives.\u00a0 Les \u00e9nergies de ce min\u00e9ral\u00a0d\u00e9tendent les muscles contract\u00e9s par le stress ou la pression<strong>.<\/strong> Principalement les tensions au niveau du cou et des \u00e9paules. On l\u2019utilise aussi pour activer la cicatrisation de la peau. Pour r\u00e9duire l\u2019acidit\u00e9 gastrique, l\u2019Am\u00e9thyste permet d\u2019\u00e9liminer plus rapidement les \u00e9l\u00e9ments nocifs du corps. L\u2019Am\u00e9thyste a des vertus de purification, des lieux comme des personnes. Plac\u00e9e dans une pi\u00e8ce de la maison, elle rend l\u2019atmosph\u00e8re calme et sereine. Elle est porteuse d\u2019\u00e9nergies positives. Port\u00e9e en bijoux, elle nettoie le corps des mauvaises choses que nous pouvons manger. \u00a0Au plan psychique, l\u2019am\u00e9thyste est une pierre de passage. Cela signifie qu\u2019elle accompagne les \u00e2mes qui partent et aide les vivants \u00e0 surmonter cette \u00e9preuve de deuil. \u00a0La pierre d\u2019Am\u00e9thyste aspire au calme. Offrez-vous un bijou en am\u00e9thyste : il sera un tr\u00e8s puissant alli\u00e9 dans votre quotidien. Utilisez-le en synergie avec d&rsquo;autres tr\u00e8s belles pierres comme le quartz rose, le cristal de roche et pourquoi pas l&rsquo;aventurine ?<\/p>\n","protected":false},"featured_media":2263,"comment_status":"open","ping_status":"closed","template":"","meta":[],"product_brand":[],"product_cat":[156,460,17],"product_tag":[341,340,188,342,243],"mwb_booking_cost":[],"mwb_booking_service":[],"class_list":{"0":"post-2261","1":"product","2":"type-product","3":"status-publish","4":"has-post-thumbnail","6":"product_cat-04-bijoux","7":"product_cat-bracelets","8":"product_cat-tous-les-produits","9":"product_tag-chakra-coronal","10":"product_tag-chakra-de-la-couronne","11":"product_tag-chakras-collection","12":"product_tag-paix-de-lesprit","13":"product_tag-sobriete","15":"first","16":"instock","17":"shipping-taxable","18":"purchasable","19":"product-type-simple"},"yoast_head":"<!-- This site is optimized with the Yoast SEO plugin v27.1.1 - https:\/\/yoast.com\/product\/yoast-seo-wordpress\/ -->\n<title>BRACELET en AMETHYSTE - Spirit-US<\/title>\n<meta name=\"robots\" content=\"index, follow, max-snippet:-1, max-image-preview:large, max-video-preview:-1\" \/>\n<link rel=\"canonical\" href=\"https:\/\/www.spirit-us.eu\/index.php\/produit\/bracelet-en-amethyste\/\" \/>\n<meta property=\"og:locale\" content=\"fr_FR\" \/>\n<meta property=\"og:type\" content=\"article\" \/>\n<meta property=\"og:title\" content=\"BRACELET en AMETHYSTE - Spirit-US\" \/>\n<meta property=\"og:description\" content=\"Adorable bracelet en am\u00e9thyste, pierre naturelle de couleur violette, de toute beaut\u00e9. \u00a0On utilise l\u2019am\u00e9thyste pour la purification personnelle et pour la sobri\u00e9t\u00e9 (\u00e9motionnelle ou sobri\u00e9t\u00e9 face aux addictions en tous genres). \u00a0Le monde Antique utilisait cette pierre pour pr\u00e9venir l\u2019ivresse alcoolique, ils buvaient dans des coupes en am\u00e9thyste. Symbole de puissance discr\u00e8te, l\u2019am\u00e9thyste est un signe de bonne fortune si elle apparait en r\u00eave. Au temps de la Renaissance italienne, L\u00e9onard de Vinci utilisait l\u2019Am\u00e9thyste pour\u00a0dissiper ses pens\u00e9es n\u00e9gatives.\u00a0 Les \u00e9nergies de ce min\u00e9ral\u00a0d\u00e9tendent les muscles contract\u00e9s par le stress ou la pression. Principalement les tensions au niveau du cou et des \u00e9paules. On l\u2019utilise aussi pour activer la cicatrisation de la peau. Pour r\u00e9duire l\u2019acidit\u00e9 gastrique, l\u2019Am\u00e9thyste permet d\u2019\u00e9liminer plus rapidement les \u00e9l\u00e9ments nocifs du corps. L\u2019Am\u00e9thyste a des vertus de purification, des lieux comme des personnes. Plac\u00e9e dans une pi\u00e8ce de la maison, elle rend l\u2019atmosph\u00e8re calme et sereine. Elle est porteuse d\u2019\u00e9nergies positives. Port\u00e9e en bijoux, elle nettoie le corps des mauvaises choses que nous pouvons manger. \u00a0Au plan psychique, l\u2019am\u00e9thyste est une pierre de passage. Cela signifie qu\u2019elle accompagne les \u00e2mes qui partent et aide les vivants \u00e0 surmonter cette \u00e9preuve de deuil. \u00a0La pierre d\u2019Am\u00e9thyste aspire au calme. Offrez-vous un bijou en am\u00e9thyste : il sera un tr\u00e8s puissant alli\u00e9 dans votre quotidien. Utilisez-le en synergie avec d&#039;autres tr\u00e8s belles pierres comme le quartz rose, le cristal de roche et pourquoi pas l&#039;aventurine ?\" \/>\n<meta property=\"og:url\" content=\"https:\/\/www.spirit-us.eu\/index.php\/produit\/bracelet-en-amethyste\/\" \/>\n<meta property=\"og:site_name\" content=\"Spirit-US\" \/>\n<meta property=\"article:publisher\" content=\"https:\/\/www.facebook.com\/spirit.us.deum\" \/>\n<meta property=\"article:modified_time\" content=\"2025-12-17T09:45:18+00:00\" \/>\n<meta property=\"og:image\" content=\"https:\/\/www.spirit-us.eu\/wp-content\/uploads\/2025\/11\/8-amethyste-image-produit.png\" \/>\n\t<meta property=\"og:image:width\" content=\"1080\" \/>\n\t<meta property=\"og:image:height\" content=\"1080\" \/>\n\t<meta property=\"og:image:type\" content=\"image\/png\" \/>\n<meta name=\"twitter:card\" content=\"summary_large_image\" \/>\n<meta name=\"twitter:label1\" content=\"Dur\u00e9e de lecture estim\u00e9e\" \/>\n\t<meta name=\"twitter:data1\" content=\"1 minute\" \/>\n<script type=\"application\/ld+json\" class=\"yoast-schema-graph\">{\"@context\":\"https:\/\/schema.org\",\"@graph\":[{\"@type\":\"WebPage\",\"@id\":\"https:\/\/www.spirit-us.eu\/index.php\/produit\/bracelet-en-amethyste\/\",\"url\":\"https:\/\/www.spirit-us.eu\/index.php\/produit\/bracelet-en-amethyste\/\",\"name\":\"BRACELET en AMETHYSTE - Spirit-US\",\"isPartOf\":{\"@id\":\"https:\/\/www.spirit-us.eu\/#website\"},\"primaryImageOfPage\":{\"@id\":\"https:\/\/www.spirit-us.eu\/index.php\/produit\/bracelet-en-amethyste\/#primaryimage\"},\"image\":{\"@id\":\"https:\/\/www.spirit-us.eu\/index.php\/produit\/bracelet-en-amethyste\/#primaryimage\"},\"thumbnailUrl\":\"https:\/\/www.spirit-us.eu\/wp-content\/uploads\/2025\/11\/8-amethyste-image-produit.png\",\"datePublished\":\"2025-11-10T07:09:46+00:00\",\"dateModified\":\"2025-12-17T09:45:18+00:00\",\"breadcrumb\":{\"@id\":\"https:\/\/www.spirit-us.eu\/index.php\/produit\/bracelet-en-amethyste\/#breadcrumb\"},\"inLanguage\":\"fr-FR\",\"potentialAction\":[{\"@type\":\"ReadAction\",\"target\":[\"https:\/\/www.spirit-us.eu\/index.php\/produit\/bracelet-en-amethyste\/\"]}]},{\"@type\":\"ImageObject\",\"inLanguage\":\"fr-FR\",\"@id\":\"https:\/\/www.spirit-us.eu\/index.php\/produit\/bracelet-en-amethyste\/#primaryimage\",\"url\":\"https:\/\/www.spirit-us.eu\/wp-content\/uploads\/2025\/11\/8-amethyste-image-produit.png\",\"contentUrl\":\"https:\/\/www.spirit-us.eu\/wp-content\/uploads\/2025\/11\/8-amethyste-image-produit.png\",\"width\":1080,\"height\":1080},{\"@type\":\"BreadcrumbList\",\"@id\":\"https:\/\/www.spirit-us.eu\/index.php\/produit\/bracelet-en-amethyste\/#breadcrumb\",\"itemListElement\":[{\"@type\":\"ListItem\",\"position\":1,\"name\":\"Accueil\",\"item\":\"https:\/\/www.spirit-us.eu\/\"},{\"@type\":\"ListItem\",\"position\":2,\"name\":\"Boutique\",\"item\":\"https:\/\/www.spirit-us.eu\/index.php\/boutique\/\"},{\"@type\":\"ListItem\",\"position\":3,\"name\":\"BRACELET en AMETHYSTE\"}]},{\"@type\":\"WebSite\",\"@id\":\"https:\/\/www.spirit-us.eu\/#website\",\"url\":\"https:\/\/www.spirit-us.eu\/\",\"name\":\"Spirit-US\",\"description\":\"\",\"publisher\":{\"@id\":\"https:\/\/www.spirit-us.eu\/#organization\"},\"potentialAction\":[{\"@type\":\"SearchAction\",\"target\":{\"@type\":\"EntryPoint\",\"urlTemplate\":\"https:\/\/www.spirit-us.eu\/?s={search_term_string}\"},\"query-input\":{\"@type\":\"PropertyValueSpecification\",\"valueRequired\":true,\"valueName\":\"search_term_string\"}}],\"inLanguage\":\"fr-FR\"},{\"@type\":\"Organization\",\"@id\":\"https:\/\/www.spirit-us.eu\/#organization\",\"name\":\"Spirit-US\",\"url\":\"https:\/\/www.spirit-us.eu\/\",\"logo\":{\"@type\":\"ImageObject\",\"inLanguage\":\"fr-FR\",\"@id\":\"https:\/\/www.spirit-us.eu\/#\/schema\/logo\/image\/\",\"url\":\"https:\/\/www.spirit-us.eu\/wp-content\/uploads\/2025\/11\/logo-regarde-linterlocutrice-sans-arrriere-plan.jpg\",\"contentUrl\":\"https:\/\/www.spirit-us.eu\/wp-content\/uploads\/2025\/11\/logo-regarde-linterlocutrice-sans-arrriere-plan.jpg\",\"width\":1080,\"height\":1080,\"caption\":\"Spirit-US\"},\"image\":{\"@id\":\"https:\/\/www.spirit-us.eu\/#\/schema\/logo\/image\/\"},\"sameAs\":[\"https:\/\/www.facebook.com\/spirit.us.deum\"]}]}<\/script>\n<!-- \/ Yoast SEO plugin. -->","yoast_head_json":{"title":"BRACELET en AMETHYSTE - Spirit-US","robots":{"index":"index","follow":"follow","max-snippet":"max-snippet:-1","max-image-preview":"max-image-preview:large","max-video-preview":"max-video-preview:-1"},"canonical":"https:\/\/www.spirit-us.eu\/index.php\/produit\/bracelet-en-amethyste\/","og_locale":"fr_FR","og_type":"article","og_title":"BRACELET en AMETHYSTE - Spirit-US","og_description":"Adorable bracelet en am\u00e9thyste, pierre naturelle de couleur violette, de toute beaut\u00e9. \u00a0On utilise l\u2019am\u00e9thyste pour la purification personnelle et pour la sobri\u00e9t\u00e9 (\u00e9motionnelle ou sobri\u00e9t\u00e9 face aux addictions en tous genres). \u00a0Le monde Antique utilisait cette pierre pour pr\u00e9venir l\u2019ivresse alcoolique, ils buvaient dans des coupes en am\u00e9thyste. Symbole de puissance discr\u00e8te, l\u2019am\u00e9thyste est un signe de bonne fortune si elle apparait en r\u00eave. Au temps de la Renaissance italienne, L\u00e9onard de Vinci utilisait l\u2019Am\u00e9thyste pour\u00a0dissiper ses pens\u00e9es n\u00e9gatives.\u00a0 Les \u00e9nergies de ce min\u00e9ral\u00a0d\u00e9tendent les muscles contract\u00e9s par le stress ou la pression. Principalement les tensions au niveau du cou et des \u00e9paules. On l\u2019utilise aussi pour activer la cicatrisation de la peau. Pour r\u00e9duire l\u2019acidit\u00e9 gastrique, l\u2019Am\u00e9thyste permet d\u2019\u00e9liminer plus rapidement les \u00e9l\u00e9ments nocifs du corps. L\u2019Am\u00e9thyste a des vertus de purification, des lieux comme des personnes. Plac\u00e9e dans une pi\u00e8ce de la maison, elle rend l\u2019atmosph\u00e8re calme et sereine. Elle est porteuse d\u2019\u00e9nergies positives. Port\u00e9e en bijoux, elle nettoie le corps des mauvaises choses que nous pouvons manger. \u00a0Au plan psychique, l\u2019am\u00e9thyste est une pierre de passage. Cela signifie qu\u2019elle accompagne les \u00e2mes qui partent et aide les vivants \u00e0 surmonter cette \u00e9preuve de deuil. \u00a0La pierre d\u2019Am\u00e9thyste aspire au calme. Offrez-vous un bijou en am\u00e9thyste : il sera un tr\u00e8s puissant alli\u00e9 dans votre quotidien. Utilisez-le en synergie avec d'autres tr\u00e8s belles pierres comme le quartz rose, le cristal de roche et pourquoi pas l'aventurine ?","og_url":"https:\/\/www.spirit-us.eu\/index.php\/produit\/bracelet-en-amethyste\/","og_site_name":"Spirit-US","article_publisher":"https:\/\/www.facebook.com\/spirit.us.deum","article_modified_time":"2025-12-17T09:45:18+00:00","og_image":[{"width":1080,"height":1080,"url":"https:\/\/www.spirit-us.eu\/wp-content\/uploads\/2025\/11\/8-amethyste-image-produit.png","type":"image\/png"}],"twitter_card":"summary_large_image","twitter_misc":{"Dur\u00e9e de lecture estim\u00e9e":"1 minute"},"schema":{"@context":"https:\/\/schema.org","@graph":[{"@type":"WebPage","@id":"https:\/\/www.spirit-us.eu\/index.php\/produit\/bracelet-en-amethyste\/","url":"https:\/\/www.spirit-us.eu\/index.php\/produit\/bracelet-en-amethyste\/","name":"BRACELET en AMETHYSTE - Spirit-US","isPartOf":{"@id":"https:\/\/www.spirit-us.eu\/#website"},"primaryImageOfPage":{"@id":"https:\/\/www.spirit-us.eu\/index.php\/produit\/bracelet-en-amethyste\/#primaryimage"},"image":{"@id":"https:\/\/www.spirit-us.eu\/index.php\/produit\/bracelet-en-amethyste\/#primaryimage"},"thumbnailUrl":"https:\/\/www.spirit-us.eu\/wp-content\/uploads\/2025\/11\/8-amethyste-image-produit.png","datePublished":"2025-11-10T07:09:46+00:00","dateModified":"2025-12-17T09:45:18+00:00","breadcrumb":{"@id":"https:\/\/www.spirit-us.eu\/index.php\/produit\/bracelet-en-amethyste\/#breadcrumb"},"inLanguage":"fr-FR","potentialAction":[{"@type":"ReadAction","target":["https:\/\/www.spirit-us.eu\/index.php\/produit\/bracelet-en-amethyste\/"]}]},{"@type":"ImageObject","inLanguage":"fr-FR","@id":"https:\/\/www.spirit-us.eu\/index.php\/produit\/bracelet-en-amethyste\/#primaryimage","url":"https:\/\/www.spirit-us.eu\/wp-content\/uploads\/2025\/11\/8-amethyste-image-produit.png","contentUrl":"https:\/\/www.spirit-us.eu\/wp-content\/uploads\/2025\/11\/8-amethyste-image-produit.png","width":1080,"height":1080},{"@type":"BreadcrumbList","@id":"https:\/\/www.spirit-us.eu\/index.php\/produit\/bracelet-en-amethyste\/#breadcrumb","itemListElement":[{"@type":"ListItem","position":1,"name":"Accueil","item":"https:\/\/www.spirit-us.eu\/"},{"@type":"ListItem","position":2,"name":"Boutique","item":"https:\/\/www.spirit-us.eu\/index.php\/boutique\/"},{"@type":"ListItem","position":3,"name":"BRACELET en AMETHYSTE"}]},{"@type":"WebSite","@id":"https:\/\/www.spirit-us.eu\/#website","url":"https:\/\/www.spirit-us.eu\/","name":"Spirit-US","description":"","publisher":{"@id":"https:\/\/www.spirit-us.eu\/#organization"},"potentialAction":[{"@type":"SearchAction","target":{"@type":"EntryPoint","urlTemplate":"https:\/\/www.spirit-us.eu\/?s={search_term_string}"},"query-input":{"@type":"PropertyValueSpecification","valueRequired":true,"valueName":"search_term_string"}}],"inLanguage":"fr-FR"},{"@type":"Organization","@id":"https:\/\/www.spirit-us.eu\/#organization","name":"Spirit-US","url":"https:\/\/www.spirit-us.eu\/","logo":{"@type":"ImageObject","inLanguage":"fr-FR","@id":"https:\/\/www.spirit-us.eu\/#\/schema\/logo\/image\/","url":"https:\/\/www.spirit-us.eu\/wp-content\/uploads\/2025\/11\/logo-regarde-linterlocutrice-sans-arrriere-plan.jpg","contentUrl":"https:\/\/www.spirit-us.eu\/wp-content\/uploads\/2025\/11\/logo-regarde-linterlocutrice-sans-arrriere-plan.jpg","width":1080,"height":1080,"caption":"Spirit-US"},"image":{"@id":"https:\/\/www.spirit-us.eu\/#\/schema\/logo\/image\/"},"sameAs":["https:\/\/www.facebook.com\/spirit.us.deum"]}]}},"jetpack_sharing_enabled":true,"_links":{"self":[{"href":"https:\/\/www.spirit-us.eu\/index.php\/wp-json\/wp\/v2\/product\/2261","targetHints":{"allow":["GET"]}}],"collection":[{"href":"https:\/\/www.spirit-us.eu\/index.php\/wp-json\/wp\/v2\/product"}],"about":[{"href":"https:\/\/www.spirit-us.eu\/index.php\/wp-json\/wp\/v2\/types\/product"}],"replies":[{"embeddable":true,"href":"https:\/\/www.spirit-us.eu\/index.php\/wp-json\/wp\/v2\/comments?post=2261"}],"wp:featuredmedia":[{"embeddable":true,"href":"https:\/\/www.spirit-us.eu\/index.php\/wp-json\/wp\/v2\/media\/2263"}],"wp:attachment":[{"href":"https:\/\/www.spirit-us.eu\/index.php\/wp-json\/wp\/v2\/media?parent=2261"}],"wp:term":[{"taxonomy":"product_brand","embeddable":true,"href":"https:\/\/www.spirit-us.eu\/index.php\/wp-json\/wp\/v2\/product_brand?post=2261"},{"taxonomy":"product_cat","embeddable":true,"href":"https:\/\/www.spirit-us.eu\/index.php\/wp-json\/wp\/v2\/product_cat?post=2261"},{"taxonomy":"product_tag","embeddable":true,"href":"https:\/\/www.spirit-us.eu\/index.php\/wp-json\/wp\/v2\/product_tag?post=2261"},{"taxonomy":"mwb_booking_cost","embeddable":true,"href":"https:\/\/www.spirit-us.eu\/index.php\/wp-json\/wp\/v2\/mwb_booking_cost?post=2261"},{"taxonomy":"mwb_booking_service","embeddable":true,"href":"https:\/\/www.spirit-us.eu\/index.php\/wp-json\/wp\/v2\/mwb_booking_service?post=2261"}],"curies":[{"name":"wp","href":"https:\/\/api.w.org\/{rel}","templated":true}]}}