{"id":2255,"date":"2025-11-10T07:26:22","date_gmt":"2025-11-10T06:26:22","guid":{"rendered":"https:\/\/www.spirit-us.eu\/?post_type=product&#038;p=2255"},"modified":"2025-12-17T10:45:35","modified_gmt":"2025-12-17T09:45:35","slug":"bracelet-en-serpentine","status":"publish","type":"product","link":"https:\/\/www.spirit-us.eu\/index.php\/produit\/bracelet-en-serpentine\/","title":{"rendered":"BRACELET en SERPENTINE"},"content":{"rendered":"<p style=\"text-align: justify;\"><strong>Pr\u00e9sentation\u00a0: <\/strong>bijou livr\u00e9 dans une jolie pochette\u00a0 de velours<\/p>\n<p style=\"text-align: justify;\"><strong>Livr\u00e9 b\u00e9ni sur demande et intention\u00a0: <\/strong>il vous est possible de demander un pentacle de protection \u2013 dans ce cas, \u00e9crivez-nous et consultez notre onglet \u00ab Pentacles \u00bb \/ demandez le pentacle de la s\u00e9r\u00e9nit\u00e9, ou pr\u00e9cisez une autre intention harmonis\u00e9e avec les bienfaits des pierres naturelles<\/p>\n<p style=\"text-align: justify;\"><strong>Type<\/strong> :\u00a0\u00a0bracelet baroque \u2013 pierres naturelles \u00ab\u00a0boules\u00a0\u00bb de 8 mm<\/p>\n<p style=\"text-align: justify;\"><strong>De facture 100% artisanale<\/strong><\/p>\n<p style=\"text-align: justify;\"><strong>Pierre(s) naturelles<\/strong> : au choix \/ vertus des pierres synergies avec bracelets en jaspe ou en , ou d\u2019autres combinaisons plus audacieuses (voir la palette de ces bracelets) : avec la serpentine, l&rsquo;aventurine, l&rsquo;am\u00e9thyste<\/p>\n<p style=\"text-align: justify;\"><strong>Qualit\u00e9<\/strong> : AA (Tr\u00e8s \u00e9lev\u00e9e)<\/p>\n<p style=\"text-align: justify;\"><strong>Couleur <\/strong>: translucide gris-vert avec reflets bleus ou vert clair, et diff\u00e9rentes nuances dans un m\u00eame bracelet en fonction des jeux de lumi\u00e8re<\/p>\n<p style=\"text-align: justify;\"><strong>Apparence<\/strong> : Boule \/ Polies et baroques (ovale l\u00e9g\u00e8rement irr\u00e9gulier)<\/p>\n<p style=\"text-align: justify;\"><strong>Tour de poignet<\/strong>\u00a0: 18-22 \u00a0cm<\/p>\n<p style=\"text-align: justify;\">*La taille des perles peut varier de 07,5 \u00e0 08,5mm.<\/p>\n<p style=\"text-align: justify;\">Les perles sont fabriqu\u00e9es de fa\u00e7on artisanale, ce qui explique que leur taille puisse varier de +\/- 0.5mm.<\/p>\n<p style=\"text-align: justify;\"><strong>Montage<\/strong> : Fil \u00e9lastique nylon 0,8mm transparent<\/p>\n<p><strong>Origine :\u00a0<\/strong>Russie<\/p>\n<p style=\"text-align: justify;\">Photos tous droits r\u00e9serv\u00e9s<\/p>\n<p style=\"text-align: justify;\"><strong>Vertus :<\/strong><\/p>\n<p style=\"text-align: justify;\">Ce magnifique bracelet n\u2019est pas seulement un accessoire esth\u00e9tique, il renferme \u00e9galement des\u00a0bienfaits\u00a0surprenants pour la sant\u00e9 de l\u2019\u00e2me et du corps. Des \u00e9tudes en lithoth\u00e9rapie sugg\u00e8rent que la serpentine peut aider \u00e0 diminuer les migraines et le stress, favorisant un bien-\u00eatre g\u00e9n\u00e9ral. En plus de sa beaut\u00e9, la serpentine est traditionnellement reconnue pour apporter un\u00a0\u00e9quilibre \u00e9motionnel\u00a0et offrir une\u00a0protection contre les \u00e9nergies n\u00e9gatives. Depuis des si\u00e8cles, ses adeptes se tournent vers cette pierre pour ses propri\u00e9t\u00e9s apaisantes et \u00e9quilibrantes, lorsqu\u2019on est en qu\u00eate de paix int\u00e9rieure.<\/p>\n","protected":false},"excerpt":{"rendered":"<p style=\"text-align: justify;\">Plongez dans l\u2019univers captivant de la pierre naturelle transform\u00e9e en perle de serpentine, un bijou d\u2019exception alliant \u00e9l\u00e9gance intemporelle et bienfaits insoup\u00e7onn\u00e9s. Avec ses nuances de vert profond et sa finition soign\u00e9e, ce bracelet illuminera votre poignet tout en ajoutant une touche unique \u00e0 chaque tenue. Plus qu\u2019un simple accessoire, il est le symbole d\u2019un \u00e9quilibre \u00e9motionnel et d\u2019une s\u00e9r\u00e9nit\u00e9 retrouv\u00e9e, faisant de lui un alli\u00e9 pr\u00e9cieux au quotidien. Laissez-vous s\u00e9duire par la magie de la serpentine et d\u00e9couvrez les transformations qu\u2019elle peut apporter \u00e0 votre vie. Le bracelet serpentine se distingue par son aspect visuel s\u00e9duisant, et sobre, convenant aussi bien aux femmes qu\u2019aux hommes, avec des nuances de vert profond qui capturent le regard.<span class=\"uJ19be notranslate\" data-wiz-uids=\"VGOhSd_c,VGOhSd_d\" data-processed=\"true\"><span class=\"vKEkVd\" data-animation-atomic=\"\" data-processed=\"true\">\u00a0<\/span><\/span>Un bracelet de pierre naturelle est aussi un cercle de protection, un anneau de r\u00e9sonance destin\u00e9 \u00e0 harmoniser les flux de vie entre la Terre et le Ciel. La pierre est m\u00e9moire, elle importe les bienfaits conjugu\u00e9s de la terre et du cosmos.\u00a0 Son \u00e9nergie est toujours b\u00e9n\u00e9fique une fois que le bijou ou la simple pierre ont \u00e9t\u00e9 purifi\u00e9s. On peut cr\u00e9er de belles synergies avec l\u2019aventurine, le cristal de roche ou l&rsquo;am\u00e9thyste ; ainsi mari\u00e9 \u00e0 d\u2019autres pierres, il vous offre une gamme compl\u00e8te d&rsquo;ondes tr\u00e8s positives.<\/p>\n","protected":false},"featured_media":2256,"comment_status":"open","ping_status":"closed","template":"","meta":[],"product_brand":[],"product_cat":[156,460,17],"product_tag":[228,338],"mwb_booking_cost":[],"mwb_booking_service":[],"class_list":{"0":"post-2255","1":"product","2":"type-product","3":"status-publish","4":"has-post-thumbnail","6":"product_cat-04-bijoux","7":"product_cat-bracelets","8":"product_cat-tous-les-produits","9":"product_tag-serenite","10":"product_tag-serpentine","12":"first","13":"instock","14":"shipping-taxable","15":"purchasable","16":"product-type-simple"},"yoast_head":"<!-- This site is optimized with the Yoast SEO plugin v27.1.1 - https:\/\/yoast.com\/product\/yoast-seo-wordpress\/ -->\n<title>BRACELET en SERPENTINE - Spirit-US<\/title>\n<meta name=\"robots\" content=\"index, follow, max-snippet:-1, max-image-preview:large, max-video-preview:-1\" \/>\n<link rel=\"canonical\" href=\"https:\/\/www.spirit-us.eu\/index.php\/produit\/bracelet-en-serpentine\/\" \/>\n<meta property=\"og:locale\" content=\"fr_FR\" \/>\n<meta property=\"og:type\" content=\"article\" \/>\n<meta property=\"og:title\" content=\"BRACELET en SERPENTINE - Spirit-US\" \/>\n<meta property=\"og:description\" content=\"Plongez dans l\u2019univers captivant de la pierre naturelle transform\u00e9e en perle de serpentine, un bijou d\u2019exception alliant \u00e9l\u00e9gance intemporelle et bienfaits insoup\u00e7onn\u00e9s. Avec ses nuances de vert profond et sa finition soign\u00e9e, ce bracelet illuminera votre poignet tout en ajoutant une touche unique \u00e0 chaque tenue. Plus qu\u2019un simple accessoire, il est le symbole d\u2019un \u00e9quilibre \u00e9motionnel et d\u2019une s\u00e9r\u00e9nit\u00e9 retrouv\u00e9e, faisant de lui un alli\u00e9 pr\u00e9cieux au quotidien. Laissez-vous s\u00e9duire par la magie de la serpentine et d\u00e9couvrez les transformations qu\u2019elle peut apporter \u00e0 votre vie. Le bracelet serpentine se distingue par son aspect visuel s\u00e9duisant, et sobre, convenant aussi bien aux femmes qu\u2019aux hommes, avec des nuances de vert profond qui capturent le regard.\u00a0Un bracelet de pierre naturelle est aussi un cercle de protection, un anneau de r\u00e9sonance destin\u00e9 \u00e0 harmoniser les flux de vie entre la Terre et le Ciel. La pierre est m\u00e9moire, elle importe les bienfaits conjugu\u00e9s de la terre et du cosmos.\u00a0 Son \u00e9nergie est toujours b\u00e9n\u00e9fique une fois que le bijou ou la simple pierre ont \u00e9t\u00e9 purifi\u00e9s. On peut cr\u00e9er de belles synergies avec l\u2019aventurine, le cristal de roche ou l&#039;am\u00e9thyste ; ainsi mari\u00e9 \u00e0 d\u2019autres pierres, il vous offre une gamme compl\u00e8te d&#039;ondes tr\u00e8s positives.\" \/>\n<meta property=\"og:url\" content=\"https:\/\/www.spirit-us.eu\/index.php\/produit\/bracelet-en-serpentine\/\" \/>\n<meta property=\"og:site_name\" content=\"Spirit-US\" \/>\n<meta property=\"article:publisher\" content=\"https:\/\/www.facebook.com\/spirit.us.deum\" \/>\n<meta property=\"article:modified_time\" content=\"2025-12-17T09:45:35+00:00\" \/>\n<meta property=\"og:image\" content=\"https:\/\/www.spirit-us.eu\/wp-content\/uploads\/2025\/11\/8-serpentine-image-produit.png\" \/>\n\t<meta property=\"og:image:width\" content=\"1080\" \/>\n\t<meta property=\"og:image:height\" content=\"1080\" \/>\n\t<meta property=\"og:image:type\" content=\"image\/png\" \/>\n<meta name=\"twitter:card\" content=\"summary_large_image\" \/>\n<meta name=\"twitter:label1\" content=\"Dur\u00e9e de lecture estim\u00e9e\" \/>\n\t<meta name=\"twitter:data1\" content=\"1 minute\" \/>\n<script type=\"application\/ld+json\" class=\"yoast-schema-graph\">{\"@context\":\"https:\/\/schema.org\",\"@graph\":[{\"@type\":\"WebPage\",\"@id\":\"https:\/\/www.spirit-us.eu\/index.php\/produit\/bracelet-en-serpentine\/\",\"url\":\"https:\/\/www.spirit-us.eu\/index.php\/produit\/bracelet-en-serpentine\/\",\"name\":\"BRACELET en SERPENTINE - Spirit-US\",\"isPartOf\":{\"@id\":\"https:\/\/www.spirit-us.eu\/#website\"},\"primaryImageOfPage\":{\"@id\":\"https:\/\/www.spirit-us.eu\/index.php\/produit\/bracelet-en-serpentine\/#primaryimage\"},\"image\":{\"@id\":\"https:\/\/www.spirit-us.eu\/index.php\/produit\/bracelet-en-serpentine\/#primaryimage\"},\"thumbnailUrl\":\"https:\/\/www.spirit-us.eu\/wp-content\/uploads\/2025\/11\/8-serpentine-image-produit.png\",\"datePublished\":\"2025-11-10T06:26:22+00:00\",\"dateModified\":\"2025-12-17T09:45:35+00:00\",\"breadcrumb\":{\"@id\":\"https:\/\/www.spirit-us.eu\/index.php\/produit\/bracelet-en-serpentine\/#breadcrumb\"},\"inLanguage\":\"fr-FR\",\"potentialAction\":[{\"@type\":\"ReadAction\",\"target\":[\"https:\/\/www.spirit-us.eu\/index.php\/produit\/bracelet-en-serpentine\/\"]}]},{\"@type\":\"ImageObject\",\"inLanguage\":\"fr-FR\",\"@id\":\"https:\/\/www.spirit-us.eu\/index.php\/produit\/bracelet-en-serpentine\/#primaryimage\",\"url\":\"https:\/\/www.spirit-us.eu\/wp-content\/uploads\/2025\/11\/8-serpentine-image-produit.png\",\"contentUrl\":\"https:\/\/www.spirit-us.eu\/wp-content\/uploads\/2025\/11\/8-serpentine-image-produit.png\",\"width\":1080,\"height\":1080},{\"@type\":\"BreadcrumbList\",\"@id\":\"https:\/\/www.spirit-us.eu\/index.php\/produit\/bracelet-en-serpentine\/#breadcrumb\",\"itemListElement\":[{\"@type\":\"ListItem\",\"position\":1,\"name\":\"Accueil\",\"item\":\"https:\/\/www.spirit-us.eu\/\"},{\"@type\":\"ListItem\",\"position\":2,\"name\":\"Boutique\",\"item\":\"https:\/\/www.spirit-us.eu\/index.php\/boutique\/\"},{\"@type\":\"ListItem\",\"position\":3,\"name\":\"BRACELET en SERPENTINE\"}]},{\"@type\":\"WebSite\",\"@id\":\"https:\/\/www.spirit-us.eu\/#website\",\"url\":\"https:\/\/www.spirit-us.eu\/\",\"name\":\"Spirit-US\",\"description\":\"\",\"publisher\":{\"@id\":\"https:\/\/www.spirit-us.eu\/#organization\"},\"potentialAction\":[{\"@type\":\"SearchAction\",\"target\":{\"@type\":\"EntryPoint\",\"urlTemplate\":\"https:\/\/www.spirit-us.eu\/?s={search_term_string}\"},\"query-input\":{\"@type\":\"PropertyValueSpecification\",\"valueRequired\":true,\"valueName\":\"search_term_string\"}}],\"inLanguage\":\"fr-FR\"},{\"@type\":\"Organization\",\"@id\":\"https:\/\/www.spirit-us.eu\/#organization\",\"name\":\"Spirit-US\",\"url\":\"https:\/\/www.spirit-us.eu\/\",\"logo\":{\"@type\":\"ImageObject\",\"inLanguage\":\"fr-FR\",\"@id\":\"https:\/\/www.spirit-us.eu\/#\/schema\/logo\/image\/\",\"url\":\"https:\/\/www.spirit-us.eu\/wp-content\/uploads\/2025\/11\/logo-regarde-linterlocutrice-sans-arrriere-plan.jpg\",\"contentUrl\":\"https:\/\/www.spirit-us.eu\/wp-content\/uploads\/2025\/11\/logo-regarde-linterlocutrice-sans-arrriere-plan.jpg\",\"width\":1080,\"height\":1080,\"caption\":\"Spirit-US\"},\"image\":{\"@id\":\"https:\/\/www.spirit-us.eu\/#\/schema\/logo\/image\/\"},\"sameAs\":[\"https:\/\/www.facebook.com\/spirit.us.deum\"]}]}<\/script>\n<!-- \/ Yoast SEO plugin. -->","yoast_head_json":{"title":"BRACELET en SERPENTINE - Spirit-US","robots":{"index":"index","follow":"follow","max-snippet":"max-snippet:-1","max-image-preview":"max-image-preview:large","max-video-preview":"max-video-preview:-1"},"canonical":"https:\/\/www.spirit-us.eu\/index.php\/produit\/bracelet-en-serpentine\/","og_locale":"fr_FR","og_type":"article","og_title":"BRACELET en SERPENTINE - Spirit-US","og_description":"Plongez dans l\u2019univers captivant de la pierre naturelle transform\u00e9e en perle de serpentine, un bijou d\u2019exception alliant \u00e9l\u00e9gance intemporelle et bienfaits insoup\u00e7onn\u00e9s. Avec ses nuances de vert profond et sa finition soign\u00e9e, ce bracelet illuminera votre poignet tout en ajoutant une touche unique \u00e0 chaque tenue. Plus qu\u2019un simple accessoire, il est le symbole d\u2019un \u00e9quilibre \u00e9motionnel et d\u2019une s\u00e9r\u00e9nit\u00e9 retrouv\u00e9e, faisant de lui un alli\u00e9 pr\u00e9cieux au quotidien. Laissez-vous s\u00e9duire par la magie de la serpentine et d\u00e9couvrez les transformations qu\u2019elle peut apporter \u00e0 votre vie. Le bracelet serpentine se distingue par son aspect visuel s\u00e9duisant, et sobre, convenant aussi bien aux femmes qu\u2019aux hommes, avec des nuances de vert profond qui capturent le regard.\u00a0Un bracelet de pierre naturelle est aussi un cercle de protection, un anneau de r\u00e9sonance destin\u00e9 \u00e0 harmoniser les flux de vie entre la Terre et le Ciel. La pierre est m\u00e9moire, elle importe les bienfaits conjugu\u00e9s de la terre et du cosmos.\u00a0 Son \u00e9nergie est toujours b\u00e9n\u00e9fique une fois que le bijou ou la simple pierre ont \u00e9t\u00e9 purifi\u00e9s. On peut cr\u00e9er de belles synergies avec l\u2019aventurine, le cristal de roche ou l'am\u00e9thyste ; ainsi mari\u00e9 \u00e0 d\u2019autres pierres, il vous offre une gamme compl\u00e8te d'ondes tr\u00e8s positives.","og_url":"https:\/\/www.spirit-us.eu\/index.php\/produit\/bracelet-en-serpentine\/","og_site_name":"Spirit-US","article_publisher":"https:\/\/www.facebook.com\/spirit.us.deum","article_modified_time":"2025-12-17T09:45:35+00:00","og_image":[{"width":1080,"height":1080,"url":"https:\/\/www.spirit-us.eu\/wp-content\/uploads\/2025\/11\/8-serpentine-image-produit.png","type":"image\/png"}],"twitter_card":"summary_large_image","twitter_misc":{"Dur\u00e9e de lecture estim\u00e9e":"1 minute"},"schema":{"@context":"https:\/\/schema.org","@graph":[{"@type":"WebPage","@id":"https:\/\/www.spirit-us.eu\/index.php\/produit\/bracelet-en-serpentine\/","url":"https:\/\/www.spirit-us.eu\/index.php\/produit\/bracelet-en-serpentine\/","name":"BRACELET en SERPENTINE - Spirit-US","isPartOf":{"@id":"https:\/\/www.spirit-us.eu\/#website"},"primaryImageOfPage":{"@id":"https:\/\/www.spirit-us.eu\/index.php\/produit\/bracelet-en-serpentine\/#primaryimage"},"image":{"@id":"https:\/\/www.spirit-us.eu\/index.php\/produit\/bracelet-en-serpentine\/#primaryimage"},"thumbnailUrl":"https:\/\/www.spirit-us.eu\/wp-content\/uploads\/2025\/11\/8-serpentine-image-produit.png","datePublished":"2025-11-10T06:26:22+00:00","dateModified":"2025-12-17T09:45:35+00:00","breadcrumb":{"@id":"https:\/\/www.spirit-us.eu\/index.php\/produit\/bracelet-en-serpentine\/#breadcrumb"},"inLanguage":"fr-FR","potentialAction":[{"@type":"ReadAction","target":["https:\/\/www.spirit-us.eu\/index.php\/produit\/bracelet-en-serpentine\/"]}]},{"@type":"ImageObject","inLanguage":"fr-FR","@id":"https:\/\/www.spirit-us.eu\/index.php\/produit\/bracelet-en-serpentine\/#primaryimage","url":"https:\/\/www.spirit-us.eu\/wp-content\/uploads\/2025\/11\/8-serpentine-image-produit.png","contentUrl":"https:\/\/www.spirit-us.eu\/wp-content\/uploads\/2025\/11\/8-serpentine-image-produit.png","width":1080,"height":1080},{"@type":"BreadcrumbList","@id":"https:\/\/www.spirit-us.eu\/index.php\/produit\/bracelet-en-serpentine\/#breadcrumb","itemListElement":[{"@type":"ListItem","position":1,"name":"Accueil","item":"https:\/\/www.spirit-us.eu\/"},{"@type":"ListItem","position":2,"name":"Boutique","item":"https:\/\/www.spirit-us.eu\/index.php\/boutique\/"},{"@type":"ListItem","position":3,"name":"BRACELET en SERPENTINE"}]},{"@type":"WebSite","@id":"https:\/\/www.spirit-us.eu\/#website","url":"https:\/\/www.spirit-us.eu\/","name":"Spirit-US","description":"","publisher":{"@id":"https:\/\/www.spirit-us.eu\/#organization"},"potentialAction":[{"@type":"SearchAction","target":{"@type":"EntryPoint","urlTemplate":"https:\/\/www.spirit-us.eu\/?s={search_term_string}"},"query-input":{"@type":"PropertyValueSpecification","valueRequired":true,"valueName":"search_term_string"}}],"inLanguage":"fr-FR"},{"@type":"Organization","@id":"https:\/\/www.spirit-us.eu\/#organization","name":"Spirit-US","url":"https:\/\/www.spirit-us.eu\/","logo":{"@type":"ImageObject","inLanguage":"fr-FR","@id":"https:\/\/www.spirit-us.eu\/#\/schema\/logo\/image\/","url":"https:\/\/www.spirit-us.eu\/wp-content\/uploads\/2025\/11\/logo-regarde-linterlocutrice-sans-arrriere-plan.jpg","contentUrl":"https:\/\/www.spirit-us.eu\/wp-content\/uploads\/2025\/11\/logo-regarde-linterlocutrice-sans-arrriere-plan.jpg","width":1080,"height":1080,"caption":"Spirit-US"},"image":{"@id":"https:\/\/www.spirit-us.eu\/#\/schema\/logo\/image\/"},"sameAs":["https:\/\/www.facebook.com\/spirit.us.deum"]}]}},"jetpack_sharing_enabled":true,"_links":{"self":[{"href":"https:\/\/www.spirit-us.eu\/index.php\/wp-json\/wp\/v2\/product\/2255","targetHints":{"allow":["GET"]}}],"collection":[{"href":"https:\/\/www.spirit-us.eu\/index.php\/wp-json\/wp\/v2\/product"}],"about":[{"href":"https:\/\/www.spirit-us.eu\/index.php\/wp-json\/wp\/v2\/types\/product"}],"replies":[{"embeddable":true,"href":"https:\/\/www.spirit-us.eu\/index.php\/wp-json\/wp\/v2\/comments?post=2255"}],"wp:featuredmedia":[{"embeddable":true,"href":"https:\/\/www.spirit-us.eu\/index.php\/wp-json\/wp\/v2\/media\/2256"}],"wp:attachment":[{"href":"https:\/\/www.spirit-us.eu\/index.php\/wp-json\/wp\/v2\/media?parent=2255"}],"wp:term":[{"taxonomy":"product_brand","embeddable":true,"href":"https:\/\/www.spirit-us.eu\/index.php\/wp-json\/wp\/v2\/product_brand?post=2255"},{"taxonomy":"product_cat","embeddable":true,"href":"https:\/\/www.spirit-us.eu\/index.php\/wp-json\/wp\/v2\/product_cat?post=2255"},{"taxonomy":"product_tag","embeddable":true,"href":"https:\/\/www.spirit-us.eu\/index.php\/wp-json\/wp\/v2\/product_tag?post=2255"},{"taxonomy":"mwb_booking_cost","embeddable":true,"href":"https:\/\/www.spirit-us.eu\/index.php\/wp-json\/wp\/v2\/mwb_booking_cost?post=2255"},{"taxonomy":"mwb_booking_service","embeddable":true,"href":"https:\/\/www.spirit-us.eu\/index.php\/wp-json\/wp\/v2\/mwb_booking_service?post=2255"}],"curies":[{"name":"wp","href":"https:\/\/api.w.org\/{rel}","templated":true}]}}