{"id":2138,"date":"2025-10-05T18:55:55","date_gmt":"2025-10-05T16:55:55","guid":{"rendered":"https:\/\/www.spirit-us.eu\/?post_type=product&#038;p=2138"},"modified":"2025-10-14T17:49:49","modified_gmt":"2025-10-14T15:49:49","slug":"sang-sacre-regenerescence-dans-les-maladies-de-sang","status":"publish","type":"product","link":"https:\/\/www.spirit-us.eu\/index.php\/produit\/sang-sacre-regenerescence-dans-les-maladies-de-sang\/","title":{"rendered":"SANG SACRE &#8211; r\u00e9g\u00e9n\u00e9rescence dans les maladies de sang"},"content":{"rendered":"<p><strong>Auteure<\/strong>\u00a0: Lola LACROIX<\/p>\n<p><strong>Sonorit\u00e9s\u00a0<\/strong>: inductions en ondes \u03b1 et \u03b8, musique de gu\u00e9rison<\/p>\n<p><strong>Objectifs<\/strong> : favoriser le processus de r\u00e9g\u00e9n\u00e9rescence en cas de maladie du sang, ind\u00e9pendamment des causes \u2013 visualisation hypnotique<\/p>\n<p><strong>Dur\u00e9e de l\u2019audio mp3<\/strong> :\u00a0 60 minutes<\/p>\n<p><strong>Montage<\/strong>\u00a0<strong>&amp; cr\u00e9ation<\/strong>\u00a0: Lola LACROIX<\/p>\n<p><strong>El\u00e9ments de ce soin<\/strong>\u00a0:<\/p>\n<ol>\n<li>l\u2019audio mp3 mont\u00e9 avec sonorit\u00e9s<\/li>\n<li>le livret au format pdf<\/li>\n<li>un pentacle de protection sp\u00e9cialement d\u00e9di\u00e9 aux maladies du sang et aux probl\u00e8mes cutan\u00e9s et sous-cutan\u00e9s en r\u00e9sultant<\/li>\n<\/ol>\n<p><strong>Avertissement :\u00a0<\/strong>il est imp\u00e9ratif de lire le livret joint et d&rsquo;effectuer la mise en place des gestes d&rsquo;autosoin, d\u00e9crits en pages 3 et 4 du livret<\/p>\n<p>Certifi\u00e9 \u00ab\u00a0<strong>100% production humaine<\/strong> \u00bb : le texte, le montage, l\u2019enregistrement des sons.<\/p>\n<p>T\u00e9l\u00e9chargeable et accessible imm\u00e9diatement. Les droits d&rsquo;auteure s&rsquo;appliquent sur l&rsquo;ensemble des \u00e9l\u00e9ments constituant ce soin. Vous pouvez demander un pentacle ou une m\u00e9daille personnalis\u00e9s et manufactur\u00e9s, en suivant ce lien : https:\/\/www.spirit-us.eu\/index.php\/produit\/pentacle-le-calice-et-la-colombe\/<\/p>\n","protected":false},"excerpt":{"rendered":"<p style=\"text-align: justify;\">Le sang est reli\u00e9 \u00e0 toutes les valeurs de l\u2019\u00e9l\u00e9ment FEU\u00a0: chaleur, vie, soleil, Esprit saint, auxquelles on associe tout ce qui est beau, noble, g\u00e9n\u00e9reux, \u00e9lev\u00e9 et ancr\u00e9.\u00a0 C\u2019est le fluide vital, le v\u00e9hicule de vie.\u00a0 Il est aussi nourricier (<em>ceci est mon sang, buvez-en, tous, le sang de l\u2019alliance nouvelle et \u00e9ternelle<\/em> \u2026). Le sang montre l\u2019alliance et la g\u00e9n\u00e9alogie, l\u2019arbre g\u00e9n\u00e9alogique, l\u2019historique de la vie pr\u00e9sente\u00a0: arbre de vie. Dans le saint Graal, le sang du Christ \u00e9tablit la royaut\u00e9 du Roi bless\u00e9 et le gu\u00e9rit, le faisant entrer dans l\u2019immortalit\u00e9. Et il y a les serments de sang au cours de l\u2019histoire.\u00a0 Le vin eucharistique marque le d\u00e9but d\u2019une nouvelle \u00e8re o\u00f9 les sacrifices de sang sont proscrits et remplac\u00e9s par le plasma de l\u2019Esprit saint. A partir de l\u00e0, ceux qui offrent le sang au cours de rituels magiques, se consacrent aux entit\u00e9s du bas, et aux d\u00e9mons. Le sens des maladies de sang, dans son aspect symbolique, relie la personne qui souffre \u00e0 son arbre g\u00e9n\u00e9alogique et \u00e0 son arbre de vie personnel. Si les liens ancestraux sont obscurs ou probl\u00e9matiques, le sang \u00ab\u00a0parle\u00a0\u00bb et la maladie se d\u00e9clare.\u00a0 La maladie peut alors symboliser un lien difficile ou un sentiment d&rsquo;abandon.\u00a0Si en plus, la maladie a pris du temps \u00e0 \u00eatre diagnostiqu\u00e9e, cela peut r\u00e9v\u00e9ler une incapacit\u00e9 \u00e0 en identifier l&rsquo;origine, accentu\u00e9e par l&rsquo;ignorance de ses propres racines, renfor\u00e7ant encore le sentiment d&rsquo;abandon.\u00a0 Les \u00e9motions ont alors un impact direct sur la maladie du sang\u00a0: on sait que le stress a un impact direct sur la rate qui, si la maladie appara\u00eet, cesse d\u2019exercer sa fonction de filtre correctement et provoque des r\u00e9actions auto-immunes.<\/p>\n","protected":false},"featured_media":2175,"comment_status":"open","ping_status":"closed","template":"","meta":[],"product_brand":[],"product_cat":[155,17],"product_tag":[300,299,287],"mwb_booking_cost":[],"mwb_booking_service":[],"class_list":{"0":"post-2138","1":"product","2":"type-product","3":"status-publish","4":"has-post-thumbnail","6":"product_cat-02-soins-accueil","7":"product_cat-tous-les-produits","8":"product_tag-hypnose-soin-du-sang","9":"product_tag-maladies-de-sang","10":"product_tag-sang","12":"first","13":"instock","14":"downloadable","15":"virtual","16":"purchasable","17":"product-type-simple"},"yoast_head":"<!-- This site is optimized with the Yoast SEO plugin v27.1.1 - https:\/\/yoast.com\/product\/yoast-seo-wordpress\/ -->\n<title>SANG SACRE - r\u00e9g\u00e9n\u00e9rescence dans les maladies de sang - Spirit-US<\/title>\n<meta name=\"robots\" content=\"index, follow, max-snippet:-1, max-image-preview:large, max-video-preview:-1\" \/>\n<link rel=\"canonical\" href=\"https:\/\/www.spirit-us.eu\/index.php\/produit\/sang-sacre-regenerescence-dans-les-maladies-de-sang\/\" \/>\n<meta property=\"og:locale\" content=\"fr_FR\" \/>\n<meta property=\"og:type\" content=\"article\" \/>\n<meta property=\"og:title\" content=\"SANG SACRE - r\u00e9g\u00e9n\u00e9rescence dans les maladies de sang - Spirit-US\" \/>\n<meta property=\"og:description\" content=\"Le sang est reli\u00e9 \u00e0 toutes les valeurs de l\u2019\u00e9l\u00e9ment FEU\u00a0: chaleur, vie, soleil, Esprit saint, auxquelles on associe tout ce qui est beau, noble, g\u00e9n\u00e9reux, \u00e9lev\u00e9 et ancr\u00e9.\u00a0 C\u2019est le fluide vital, le v\u00e9hicule de vie.\u00a0 Il est aussi nourricier (ceci est mon sang, buvez-en, tous, le sang de l\u2019alliance nouvelle et \u00e9ternelle \u2026). Le sang montre l\u2019alliance et la g\u00e9n\u00e9alogie, l\u2019arbre g\u00e9n\u00e9alogique, l\u2019historique de la vie pr\u00e9sente\u00a0: arbre de vie. Dans le saint Graal, le sang du Christ \u00e9tablit la royaut\u00e9 du Roi bless\u00e9 et le gu\u00e9rit, le faisant entrer dans l\u2019immortalit\u00e9. Et il y a les serments de sang au cours de l\u2019histoire.\u00a0 Le vin eucharistique marque le d\u00e9but d\u2019une nouvelle \u00e8re o\u00f9 les sacrifices de sang sont proscrits et remplac\u00e9s par le plasma de l\u2019Esprit saint. A partir de l\u00e0, ceux qui offrent le sang au cours de rituels magiques, se consacrent aux entit\u00e9s du bas, et aux d\u00e9mons. Le sens des maladies de sang, dans son aspect symbolique, relie la personne qui souffre \u00e0 son arbre g\u00e9n\u00e9alogique et \u00e0 son arbre de vie personnel. Si les liens ancestraux sont obscurs ou probl\u00e9matiques, le sang \u00ab\u00a0parle\u00a0\u00bb et la maladie se d\u00e9clare.\u00a0 La maladie peut alors symboliser un lien difficile ou un sentiment d&#039;abandon.\u00a0Si en plus, la maladie a pris du temps \u00e0 \u00eatre diagnostiqu\u00e9e, cela peut r\u00e9v\u00e9ler une incapacit\u00e9 \u00e0 en identifier l&#039;origine, accentu\u00e9e par l&#039;ignorance de ses propres racines, renfor\u00e7ant encore le sentiment d&#039;abandon.\u00a0 Les \u00e9motions ont alors un impact direct sur la maladie du sang\u00a0: on sait que le stress a un impact direct sur la rate qui, si la maladie appara\u00eet, cesse d\u2019exercer sa fonction de filtre correctement et provoque des r\u00e9actions auto-immunes.\" \/>\n<meta property=\"og:url\" content=\"https:\/\/www.spirit-us.eu\/index.php\/produit\/sang-sacre-regenerescence-dans-les-maladies-de-sang\/\" \/>\n<meta property=\"og:site_name\" content=\"Spirit-US\" \/>\n<meta property=\"article:publisher\" content=\"https:\/\/www.facebook.com\/spirit.us.deum\" \/>\n<meta property=\"article:modified_time\" content=\"2025-10-14T15:49:49+00:00\" \/>\n<meta property=\"og:image\" content=\"https:\/\/www.spirit-us.eu\/wp-content\/uploads\/2025\/10\/image-produit-sang-avec-pentacle-et-harmonise2-yt.png\" \/>\n\t<meta property=\"og:image:width\" content=\"1080\" \/>\n\t<meta property=\"og:image:height\" content=\"1080\" \/>\n\t<meta property=\"og:image:type\" content=\"image\/png\" \/>\n<meta name=\"twitter:card\" content=\"summary_large_image\" \/>\n<meta name=\"twitter:label1\" content=\"Dur\u00e9e de lecture estim\u00e9e\" \/>\n\t<meta name=\"twitter:data1\" content=\"1 minute\" \/>\n<script type=\"application\/ld+json\" class=\"yoast-schema-graph\">{\"@context\":\"https:\/\/schema.org\",\"@graph\":[{\"@type\":\"WebPage\",\"@id\":\"https:\/\/www.spirit-us.eu\/index.php\/produit\/sang-sacre-regenerescence-dans-les-maladies-de-sang\/\",\"url\":\"https:\/\/www.spirit-us.eu\/index.php\/produit\/sang-sacre-regenerescence-dans-les-maladies-de-sang\/\",\"name\":\"SANG SACRE - r\u00e9g\u00e9n\u00e9rescence dans les maladies de sang - Spirit-US\",\"isPartOf\":{\"@id\":\"https:\/\/www.spirit-us.eu\/#website\"},\"primaryImageOfPage\":{\"@id\":\"https:\/\/www.spirit-us.eu\/index.php\/produit\/sang-sacre-regenerescence-dans-les-maladies-de-sang\/#primaryimage\"},\"image\":{\"@id\":\"https:\/\/www.spirit-us.eu\/index.php\/produit\/sang-sacre-regenerescence-dans-les-maladies-de-sang\/#primaryimage\"},\"thumbnailUrl\":\"https:\/\/www.spirit-us.eu\/wp-content\/uploads\/2025\/10\/image-produit-sang-avec-pentacle-et-harmonise2-yt.png\",\"datePublished\":\"2025-10-05T16:55:55+00:00\",\"dateModified\":\"2025-10-14T15:49:49+00:00\",\"breadcrumb\":{\"@id\":\"https:\/\/www.spirit-us.eu\/index.php\/produit\/sang-sacre-regenerescence-dans-les-maladies-de-sang\/#breadcrumb\"},\"inLanguage\":\"fr-FR\",\"potentialAction\":[{\"@type\":\"ReadAction\",\"target\":[\"https:\/\/www.spirit-us.eu\/index.php\/produit\/sang-sacre-regenerescence-dans-les-maladies-de-sang\/\"]}]},{\"@type\":\"ImageObject\",\"inLanguage\":\"fr-FR\",\"@id\":\"https:\/\/www.spirit-us.eu\/index.php\/produit\/sang-sacre-regenerescence-dans-les-maladies-de-sang\/#primaryimage\",\"url\":\"https:\/\/www.spirit-us.eu\/wp-content\/uploads\/2025\/10\/image-produit-sang-avec-pentacle-et-harmonise2-yt.png\",\"contentUrl\":\"https:\/\/www.spirit-us.eu\/wp-content\/uploads\/2025\/10\/image-produit-sang-avec-pentacle-et-harmonise2-yt.png\",\"width\":1080,\"height\":1080},{\"@type\":\"BreadcrumbList\",\"@id\":\"https:\/\/www.spirit-us.eu\/index.php\/produit\/sang-sacre-regenerescence-dans-les-maladies-de-sang\/#breadcrumb\",\"itemListElement\":[{\"@type\":\"ListItem\",\"position\":1,\"name\":\"Accueil\",\"item\":\"https:\/\/www.spirit-us.eu\/\"},{\"@type\":\"ListItem\",\"position\":2,\"name\":\"Boutique\",\"item\":\"https:\/\/www.spirit-us.eu\/index.php\/boutique\/\"},{\"@type\":\"ListItem\",\"position\":3,\"name\":\"SANG SACRE &#8211; r\u00e9g\u00e9n\u00e9rescence dans les maladies de sang\"}]},{\"@type\":\"WebSite\",\"@id\":\"https:\/\/www.spirit-us.eu\/#website\",\"url\":\"https:\/\/www.spirit-us.eu\/\",\"name\":\"Spirit-US\",\"description\":\"\",\"publisher\":{\"@id\":\"https:\/\/www.spirit-us.eu\/#organization\"},\"potentialAction\":[{\"@type\":\"SearchAction\",\"target\":{\"@type\":\"EntryPoint\",\"urlTemplate\":\"https:\/\/www.spirit-us.eu\/?s={search_term_string}\"},\"query-input\":{\"@type\":\"PropertyValueSpecification\",\"valueRequired\":true,\"valueName\":\"search_term_string\"}}],\"inLanguage\":\"fr-FR\"},{\"@type\":\"Organization\",\"@id\":\"https:\/\/www.spirit-us.eu\/#organization\",\"name\":\"Spirit-US\",\"url\":\"https:\/\/www.spirit-us.eu\/\",\"logo\":{\"@type\":\"ImageObject\",\"inLanguage\":\"fr-FR\",\"@id\":\"https:\/\/www.spirit-us.eu\/#\/schema\/logo\/image\/\",\"url\":\"https:\/\/www.spirit-us.eu\/wp-content\/uploads\/2025\/11\/logo-regarde-linterlocutrice-sans-arrriere-plan.jpg\",\"contentUrl\":\"https:\/\/www.spirit-us.eu\/wp-content\/uploads\/2025\/11\/logo-regarde-linterlocutrice-sans-arrriere-plan.jpg\",\"width\":1080,\"height\":1080,\"caption\":\"Spirit-US\"},\"image\":{\"@id\":\"https:\/\/www.spirit-us.eu\/#\/schema\/logo\/image\/\"},\"sameAs\":[\"https:\/\/www.facebook.com\/spirit.us.deum\"]}]}<\/script>\n<!-- \/ Yoast SEO plugin. -->","yoast_head_json":{"title":"SANG SACRE - r\u00e9g\u00e9n\u00e9rescence dans les maladies de sang - Spirit-US","robots":{"index":"index","follow":"follow","max-snippet":"max-snippet:-1","max-image-preview":"max-image-preview:large","max-video-preview":"max-video-preview:-1"},"canonical":"https:\/\/www.spirit-us.eu\/index.php\/produit\/sang-sacre-regenerescence-dans-les-maladies-de-sang\/","og_locale":"fr_FR","og_type":"article","og_title":"SANG SACRE - r\u00e9g\u00e9n\u00e9rescence dans les maladies de sang - Spirit-US","og_description":"Le sang est reli\u00e9 \u00e0 toutes les valeurs de l\u2019\u00e9l\u00e9ment FEU\u00a0: chaleur, vie, soleil, Esprit saint, auxquelles on associe tout ce qui est beau, noble, g\u00e9n\u00e9reux, \u00e9lev\u00e9 et ancr\u00e9.\u00a0 C\u2019est le fluide vital, le v\u00e9hicule de vie.\u00a0 Il est aussi nourricier (ceci est mon sang, buvez-en, tous, le sang de l\u2019alliance nouvelle et \u00e9ternelle \u2026). Le sang montre l\u2019alliance et la g\u00e9n\u00e9alogie, l\u2019arbre g\u00e9n\u00e9alogique, l\u2019historique de la vie pr\u00e9sente\u00a0: arbre de vie. Dans le saint Graal, le sang du Christ \u00e9tablit la royaut\u00e9 du Roi bless\u00e9 et le gu\u00e9rit, le faisant entrer dans l\u2019immortalit\u00e9. Et il y a les serments de sang au cours de l\u2019histoire.\u00a0 Le vin eucharistique marque le d\u00e9but d\u2019une nouvelle \u00e8re o\u00f9 les sacrifices de sang sont proscrits et remplac\u00e9s par le plasma de l\u2019Esprit saint. A partir de l\u00e0, ceux qui offrent le sang au cours de rituels magiques, se consacrent aux entit\u00e9s du bas, et aux d\u00e9mons. Le sens des maladies de sang, dans son aspect symbolique, relie la personne qui souffre \u00e0 son arbre g\u00e9n\u00e9alogique et \u00e0 son arbre de vie personnel. Si les liens ancestraux sont obscurs ou probl\u00e9matiques, le sang \u00ab\u00a0parle\u00a0\u00bb et la maladie se d\u00e9clare.\u00a0 La maladie peut alors symboliser un lien difficile ou un sentiment d'abandon.\u00a0Si en plus, la maladie a pris du temps \u00e0 \u00eatre diagnostiqu\u00e9e, cela peut r\u00e9v\u00e9ler une incapacit\u00e9 \u00e0 en identifier l'origine, accentu\u00e9e par l'ignorance de ses propres racines, renfor\u00e7ant encore le sentiment d'abandon.\u00a0 Les \u00e9motions ont alors un impact direct sur la maladie du sang\u00a0: on sait que le stress a un impact direct sur la rate qui, si la maladie appara\u00eet, cesse d\u2019exercer sa fonction de filtre correctement et provoque des r\u00e9actions auto-immunes.","og_url":"https:\/\/www.spirit-us.eu\/index.php\/produit\/sang-sacre-regenerescence-dans-les-maladies-de-sang\/","og_site_name":"Spirit-US","article_publisher":"https:\/\/www.facebook.com\/spirit.us.deum","article_modified_time":"2025-10-14T15:49:49+00:00","og_image":[{"width":1080,"height":1080,"url":"https:\/\/www.spirit-us.eu\/wp-content\/uploads\/2025\/10\/image-produit-sang-avec-pentacle-et-harmonise2-yt.png","type":"image\/png"}],"twitter_card":"summary_large_image","twitter_misc":{"Dur\u00e9e de lecture estim\u00e9e":"1 minute"},"schema":{"@context":"https:\/\/schema.org","@graph":[{"@type":"WebPage","@id":"https:\/\/www.spirit-us.eu\/index.php\/produit\/sang-sacre-regenerescence-dans-les-maladies-de-sang\/","url":"https:\/\/www.spirit-us.eu\/index.php\/produit\/sang-sacre-regenerescence-dans-les-maladies-de-sang\/","name":"SANG SACRE - r\u00e9g\u00e9n\u00e9rescence dans les maladies de sang - Spirit-US","isPartOf":{"@id":"https:\/\/www.spirit-us.eu\/#website"},"primaryImageOfPage":{"@id":"https:\/\/www.spirit-us.eu\/index.php\/produit\/sang-sacre-regenerescence-dans-les-maladies-de-sang\/#primaryimage"},"image":{"@id":"https:\/\/www.spirit-us.eu\/index.php\/produit\/sang-sacre-regenerescence-dans-les-maladies-de-sang\/#primaryimage"},"thumbnailUrl":"https:\/\/www.spirit-us.eu\/wp-content\/uploads\/2025\/10\/image-produit-sang-avec-pentacle-et-harmonise2-yt.png","datePublished":"2025-10-05T16:55:55+00:00","dateModified":"2025-10-14T15:49:49+00:00","breadcrumb":{"@id":"https:\/\/www.spirit-us.eu\/index.php\/produit\/sang-sacre-regenerescence-dans-les-maladies-de-sang\/#breadcrumb"},"inLanguage":"fr-FR","potentialAction":[{"@type":"ReadAction","target":["https:\/\/www.spirit-us.eu\/index.php\/produit\/sang-sacre-regenerescence-dans-les-maladies-de-sang\/"]}]},{"@type":"ImageObject","inLanguage":"fr-FR","@id":"https:\/\/www.spirit-us.eu\/index.php\/produit\/sang-sacre-regenerescence-dans-les-maladies-de-sang\/#primaryimage","url":"https:\/\/www.spirit-us.eu\/wp-content\/uploads\/2025\/10\/image-produit-sang-avec-pentacle-et-harmonise2-yt.png","contentUrl":"https:\/\/www.spirit-us.eu\/wp-content\/uploads\/2025\/10\/image-produit-sang-avec-pentacle-et-harmonise2-yt.png","width":1080,"height":1080},{"@type":"BreadcrumbList","@id":"https:\/\/www.spirit-us.eu\/index.php\/produit\/sang-sacre-regenerescence-dans-les-maladies-de-sang\/#breadcrumb","itemListElement":[{"@type":"ListItem","position":1,"name":"Accueil","item":"https:\/\/www.spirit-us.eu\/"},{"@type":"ListItem","position":2,"name":"Boutique","item":"https:\/\/www.spirit-us.eu\/index.php\/boutique\/"},{"@type":"ListItem","position":3,"name":"SANG SACRE &#8211; r\u00e9g\u00e9n\u00e9rescence dans les maladies de sang"}]},{"@type":"WebSite","@id":"https:\/\/www.spirit-us.eu\/#website","url":"https:\/\/www.spirit-us.eu\/","name":"Spirit-US","description":"","publisher":{"@id":"https:\/\/www.spirit-us.eu\/#organization"},"potentialAction":[{"@type":"SearchAction","target":{"@type":"EntryPoint","urlTemplate":"https:\/\/www.spirit-us.eu\/?s={search_term_string}"},"query-input":{"@type":"PropertyValueSpecification","valueRequired":true,"valueName":"search_term_string"}}],"inLanguage":"fr-FR"},{"@type":"Organization","@id":"https:\/\/www.spirit-us.eu\/#organization","name":"Spirit-US","url":"https:\/\/www.spirit-us.eu\/","logo":{"@type":"ImageObject","inLanguage":"fr-FR","@id":"https:\/\/www.spirit-us.eu\/#\/schema\/logo\/image\/","url":"https:\/\/www.spirit-us.eu\/wp-content\/uploads\/2025\/11\/logo-regarde-linterlocutrice-sans-arrriere-plan.jpg","contentUrl":"https:\/\/www.spirit-us.eu\/wp-content\/uploads\/2025\/11\/logo-regarde-linterlocutrice-sans-arrriere-plan.jpg","width":1080,"height":1080,"caption":"Spirit-US"},"image":{"@id":"https:\/\/www.spirit-us.eu\/#\/schema\/logo\/image\/"},"sameAs":["https:\/\/www.facebook.com\/spirit.us.deum"]}]}},"jetpack_sharing_enabled":true,"_links":{"self":[{"href":"https:\/\/www.spirit-us.eu\/index.php\/wp-json\/wp\/v2\/product\/2138","targetHints":{"allow":["GET"]}}],"collection":[{"href":"https:\/\/www.spirit-us.eu\/index.php\/wp-json\/wp\/v2\/product"}],"about":[{"href":"https:\/\/www.spirit-us.eu\/index.php\/wp-json\/wp\/v2\/types\/product"}],"replies":[{"embeddable":true,"href":"https:\/\/www.spirit-us.eu\/index.php\/wp-json\/wp\/v2\/comments?post=2138"}],"wp:featuredmedia":[{"embeddable":true,"href":"https:\/\/www.spirit-us.eu\/index.php\/wp-json\/wp\/v2\/media\/2175"}],"wp:attachment":[{"href":"https:\/\/www.spirit-us.eu\/index.php\/wp-json\/wp\/v2\/media?parent=2138"}],"wp:term":[{"taxonomy":"product_brand","embeddable":true,"href":"https:\/\/www.spirit-us.eu\/index.php\/wp-json\/wp\/v2\/product_brand?post=2138"},{"taxonomy":"product_cat","embeddable":true,"href":"https:\/\/www.spirit-us.eu\/index.php\/wp-json\/wp\/v2\/product_cat?post=2138"},{"taxonomy":"product_tag","embeddable":true,"href":"https:\/\/www.spirit-us.eu\/index.php\/wp-json\/wp\/v2\/product_tag?post=2138"},{"taxonomy":"mwb_booking_cost","embeddable":true,"href":"https:\/\/www.spirit-us.eu\/index.php\/wp-json\/wp\/v2\/mwb_booking_cost?post=2138"},{"taxonomy":"mwb_booking_service","embeddable":true,"href":"https:\/\/www.spirit-us.eu\/index.php\/wp-json\/wp\/v2\/mwb_booking_service?post=2138"}],"curies":[{"name":"wp","href":"https:\/\/api.w.org\/{rel}","templated":true}]}}