{"id":1876,"date":"2025-07-19T17:37:29","date_gmt":"2025-07-19T15:37:29","guid":{"rendered":"https:\/\/www.spirit-us.eu\/?post_type=product&#038;p=1876"},"modified":"2025-12-20T11:58:20","modified_gmt":"2025-12-20T10:58:20","slug":"plaque-de-charge-fleur-de-vie-magnetiser-vitaliser","status":"publish","type":"product","link":"https:\/\/www.spirit-us.eu\/index.php\/produit\/plaque-de-charge-fleur-de-vie-magnetiser-vitaliser\/","title":{"rendered":"PLAQUE DE CHARGE FLEUR DE VIE &#8211; magn\u00e9tiser &#038; vitaliser"},"content":{"rendered":"<p style=\"text-align: justify;\"><strong>Nature de la pierre<\/strong>\u00a0: vari\u00e9t\u00e9 de gypse, nomm\u00e9 s\u00e9l\u00e9nite<\/p>\n<p style=\"text-align: justify;\"><strong>Fa\u00e7on <\/strong>: disque grav\u00e9 d\u2019une forme g\u00e9om\u00e9trique complexe appel\u00e9e \u00ab Fleur de vie\u00a0\u00bb<\/p>\n<p style=\"text-align: justify;\"><strong>Couleurs<\/strong>\u00a0: blanc translucide<\/p>\n<p style=\"text-align: justify;\"><strong>Origine<\/strong>\u00a0: Italie<\/p>\n<p style=\"text-align: justify;\"><strong>Dimensions : <\/strong>8 cm de diam\u00e8tre x 1 cm d\u2019\u00e9paisseur<\/p>\n<p style=\"text-align: justify;\"><strong>Usages<\/strong> : d\u00e9coratif, plaque de magn\u00e9tisation de l\u2019eau, des pierres, de certains aliments<\/p>\n<p style=\"text-align: justify;\"><strong>Livr\u00e9 avec<\/strong> un mode d\u2019emploi, dans un joli sac de velours protecteur : tout est purifi\u00e9 et b\u00e9ni.<\/p>\n<p style=\"text-align: justify;\"><strong>Pr\u00e9cautions\u00a0<\/strong>:<\/p>\n<ul style=\"text-align: justify;\">\n<li>Cette pierre est fragile, il convient de la manier avec prudence, elle peut se casser en cas de choc.<\/li>\n<li>Elle ne peut pas \u00eatre mise en contact direct avec le sel ni l\u2019eau, car elle est soluble et s\u2019ab\u00eeme \u00e0 leur contact.<\/li>\n<\/ul>\n<p style=\"text-align: justify;\"><strong>Qu\u2019est-ce que la s\u00e9l\u00e9nite\u00a0? <\/strong><\/p>\n<p style=\"text-align: justify;\">Une vari\u00e9t\u00e9 de gypse,\u00a0tire son nom de la d\u00e9esse grecque de la lune, S\u00e9l\u00e9n\u00e9, en raison de son aspect lumineux et de sa ressemblance avec la lumi\u00e8re lunaire.\u00a0Elle se forme dans des environnements s\u00e9dimentaires, principalement dans des lacs ass\u00e9ch\u00e9s et des couches d&rsquo;argile, o\u00f9 l&rsquo;eau s&rsquo;\u00e9vapore et laisse des d\u00e9p\u00f4ts de gypse.<\/p>\n<p style=\"text-align: justify;\"><strong>Son histoire\u00a0:<\/strong><\/p>\n<ul style=\"text-align: justify;\">\n<li>Les \u00c9gyptiens utilisaient la s\u00e9l\u00e9nite pour la fabrication de fen\u00eatres dans les temples et les palais, et lui pr\u00eataient des propri\u00e9t\u00e9s de protection et d&rsquo;influence sur la fertilit\u00e9.<\/li>\n<li>Les Grecs anciens l&rsquo;utilisaient comme pierre de protection et l&rsquo;associaient \u00e0 des vertus apaisantes et purifiantes.<\/li>\n<li>Au Moyen \u00c2ge, les cristaux de s\u00e9l\u00e9nite de grande taille \u00e9taient utilis\u00e9s pour prot\u00e9ger les images de la Vierge Marie, d&rsquo;o\u00f9 le nom \u00ab\u00a0Marienglas\u00a0\u00bb (verre de Marie).\u00a0On l\u2019appelait aussi la pierre des Anges ou la pierre de la Lune (\u00e0 ne pas confondre avec le min\u00e9ral nomm\u00e9 \u00ab\u00a0pierre de lune\u00a0\u00bb).<\/li>\n<\/ul>\n<p style=\"text-align: justify;\"><strong>Ses vertus\u00a0:<\/strong><\/p>\n<p style=\"text-align: justify;\">Cette magnifique pierre blanche est r\u00e9put\u00e9e pour avoir les pouvoirs de la lune\u00a0: r\u00e9gulation des cycles sur la terre, li\u00e9e \u00e0 l\u2019\u00e9l\u00e9ment eau\u00a0; pierre des magn\u00e9tiseuses \u2013 magn\u00e9tiseurs et pierre des Femmes.<\/p>\n<p style=\"text-align: justify;\">Au plan psychique, elle purifie et aide \u00e0 chasser les \u00e9nergies n\u00e9gatives.\u00a0 En ce sens, elle apporte la s\u00e9r\u00e9nit\u00e9, l\u2019\u00e9l\u00e9vation de l\u2019esprit et aide \u00e0 la m\u00e9ditation, tout en soutenant l\u2019intuitivit\u00e9. Grav\u00e9e de la Fleur de Vie, elle apporte une magnifique vitalit\u00e9 \u00e0 qui la contemple et m\u00e9dite avec elle.<\/p>\n<p style=\"text-align: justify;\">C\u2019est un beau cadeau \u00e0 faire \u00e0 une future maman qui sera, durant toute sa grossesse, accompagn\u00e9e par la D\u00e9esse Lune (S\u00e9l\u00e9n\u00e8 en grec).<\/p>\n<p style=\"text-align: justify;\">Elle accompagne toute personne souhaitant travailler le chakra de l\u2019\u00e9toile de l\u2019Ame et le chakra solaire : dans ce cas, on posera sur elle une pierre ou un bijou en citrine.<\/p>\n<p style=\"text-align: justify;\">Ce disque de magn\u00e9tisation est livr\u00e9 purifi\u00e9 et b\u00e9ni, donc pr\u00eat \u00e0 l\u2019emploi.\u00a0 Pour pourrez ensuite le purifier personnellement apr\u00e8s un usage intense\u00a0: \u00e0 chaque pleine lune, vous l\u2019exposerez \u00e0 sa lumi\u00e8re et finaliserez la purification le lendemain en la passant dans la fum\u00e9e de l\u2019encens de myrrhe ou de Marie qui d\u00e9fait les n\u0153uds en fonction de vos activit\u00e9s \u00e0 venir.<\/p>\n","protected":false},"excerpt":{"rendered":"<p style=\"text-align: justify;\">Cette magnifique plaque de charge en s\u00e9l\u00e9nite est grav\u00e9e du motif de la Fleur de Vie. Elle est utilis\u00e9e comme plaque de charge ou comme mini-grille de cristal. La s\u00e9l\u00e9nite est l&rsquo;un des min\u00e9raux \u00e0 pouvoir d\u00e9bloquer rapidement l&rsquo;\u00e9nergie stagnante et \u00e0 \u00e9liminer l&rsquo;\u00e9nergie n\u00e9gative. Elle amplifie et harmonise l&rsquo;\u00e9nergie des autres cristaux plac\u00e9s sur elle ou \u00e0 proximit\u00e9. Elle permet de magn\u00e9tiser rapidement certains \u00e9l\u00e9ments (voir description en-dessous). La Fleur de vie est un motif g\u00e9om\u00e9trique sacr\u00e9 compos\u00e9 de cercles imbriqu\u00e9s, formant une structure semblable \u00e0 une fleur \u00e0 six p\u00e9tales. Elle est consid\u00e9r\u00e9e comme un symbole d&rsquo;harmonie, d&rsquo;unit\u00e9 et de cr\u00e9ation, et est utilis\u00e9e pour recharger les pierres et cristaux en lithoth\u00e9rapie. La plaque de rechargement Fleur de Vie est un support, g\u00e9n\u00e9ralement en bois ou en pierre, grav\u00e9 du motif, qui permet de purifier et recharger tout \u00e9l\u00e9ment en les pla\u00e7ant au c\u0153ur de ce symbole sacr\u00e9. On la trouve souvent grav\u00e9e dans le bois, et en ce sens, elle permet de recharger les \u00e9l\u00e9ments de travail plus rapidement ; mais grav\u00e9e dans la pierre, elle apporte une puissance suppl\u00e9mentaire associ\u00e9e aux vertus de cette pierre.<\/p>\n","protected":false},"featured_media":1877,"comment_status":"open","ping_status":"closed","template":"","meta":[],"product_brand":[],"product_cat":[180,499,17],"product_tag":[268,269,264,266,265],"mwb_booking_cost":[],"mwb_booking_service":[],"class_list":{"0":"post-1876","1":"product","2":"type-product","3":"status-publish","4":"has-post-thumbnail","6":"product_cat-09-decoration","7":"product_cat-03-energetique","8":"product_cat-tous-les-produits","9":"product_tag-disque-de-selenite","10":"product_tag-fleur-de-vie","11":"product_tag-magnetiser","12":"product_tag-magnetiser-aliments","13":"product_tag-magnetiser-eau","15":"first","16":"instock","17":"shipping-taxable","18":"purchasable","19":"product-type-simple"},"yoast_head":"<!-- This site is optimized with the Yoast SEO plugin v27.1.1 - https:\/\/yoast.com\/product\/yoast-seo-wordpress\/ -->\n<title>PLAQUE DE CHARGE FLEUR DE VIE - magn\u00e9tiser &amp; vitaliser - Spirit-US<\/title>\n<meta name=\"robots\" content=\"index, follow, max-snippet:-1, max-image-preview:large, max-video-preview:-1\" \/>\n<link rel=\"canonical\" href=\"https:\/\/www.spirit-us.eu\/index.php\/produit\/plaque-de-charge-fleur-de-vie-magnetiser-vitaliser\/\" \/>\n<meta property=\"og:locale\" content=\"fr_FR\" \/>\n<meta property=\"og:type\" content=\"article\" \/>\n<meta property=\"og:title\" content=\"PLAQUE DE CHARGE FLEUR DE VIE - magn\u00e9tiser &amp; vitaliser - Spirit-US\" \/>\n<meta property=\"og:description\" content=\"Cette magnifique plaque de charge en s\u00e9l\u00e9nite est grav\u00e9e du motif de la Fleur de Vie. Elle est utilis\u00e9e comme plaque de charge ou comme mini-grille de cristal. La s\u00e9l\u00e9nite est l&#039;un des min\u00e9raux \u00e0 pouvoir d\u00e9bloquer rapidement l&#039;\u00e9nergie stagnante et \u00e0 \u00e9liminer l&#039;\u00e9nergie n\u00e9gative. Elle amplifie et harmonise l&#039;\u00e9nergie des autres cristaux plac\u00e9s sur elle ou \u00e0 proximit\u00e9. Elle permet de magn\u00e9tiser rapidement certains \u00e9l\u00e9ments (voir description en-dessous). La Fleur de vie est un motif g\u00e9om\u00e9trique sacr\u00e9 compos\u00e9 de cercles imbriqu\u00e9s, formant une structure semblable \u00e0 une fleur \u00e0 six p\u00e9tales. Elle est consid\u00e9r\u00e9e comme un symbole d&#039;harmonie, d&#039;unit\u00e9 et de cr\u00e9ation, et est utilis\u00e9e pour recharger les pierres et cristaux en lithoth\u00e9rapie. La plaque de rechargement Fleur de Vie est un support, g\u00e9n\u00e9ralement en bois ou en pierre, grav\u00e9 du motif, qui permet de purifier et recharger tout \u00e9l\u00e9ment en les pla\u00e7ant au c\u0153ur de ce symbole sacr\u00e9. On la trouve souvent grav\u00e9e dans le bois, et en ce sens, elle permet de recharger les \u00e9l\u00e9ments de travail plus rapidement ; mais grav\u00e9e dans la pierre, elle apporte une puissance suppl\u00e9mentaire associ\u00e9e aux vertus de cette pierre.\" \/>\n<meta property=\"og:url\" content=\"https:\/\/www.spirit-us.eu\/index.php\/produit\/plaque-de-charge-fleur-de-vie-magnetiser-vitaliser\/\" \/>\n<meta property=\"og:site_name\" content=\"Spirit-US\" \/>\n<meta property=\"article:publisher\" content=\"https:\/\/www.facebook.com\/spirit.us.deum\" \/>\n<meta property=\"article:modified_time\" content=\"2025-12-20T10:58:20+00:00\" \/>\n<meta property=\"og:image\" content=\"https:\/\/www.spirit-us.eu\/wp-content\/uploads\/2025\/07\/fleur-de-vie-disque-selenite-image-produit-1024x1024.png\" \/>\n\t<meta property=\"og:image:width\" content=\"1024\" \/>\n\t<meta property=\"og:image:height\" content=\"1024\" \/>\n\t<meta property=\"og:image:type\" content=\"image\/png\" \/>\n<meta name=\"twitter:card\" content=\"summary_large_image\" \/>\n<meta name=\"twitter:label1\" content=\"Dur\u00e9e de lecture estim\u00e9e\" \/>\n\t<meta name=\"twitter:data1\" content=\"3 minutes\" \/>\n<script type=\"application\/ld+json\" class=\"yoast-schema-graph\">{\"@context\":\"https:\/\/schema.org\",\"@graph\":[{\"@type\":\"WebPage\",\"@id\":\"https:\/\/www.spirit-us.eu\/index.php\/produit\/plaque-de-charge-fleur-de-vie-magnetiser-vitaliser\/\",\"url\":\"https:\/\/www.spirit-us.eu\/index.php\/produit\/plaque-de-charge-fleur-de-vie-magnetiser-vitaliser\/\",\"name\":\"PLAQUE DE CHARGE FLEUR DE VIE - magn\u00e9tiser & vitaliser - Spirit-US\",\"isPartOf\":{\"@id\":\"https:\/\/www.spirit-us.eu\/#website\"},\"primaryImageOfPage\":{\"@id\":\"https:\/\/www.spirit-us.eu\/index.php\/produit\/plaque-de-charge-fleur-de-vie-magnetiser-vitaliser\/#primaryimage\"},\"image\":{\"@id\":\"https:\/\/www.spirit-us.eu\/index.php\/produit\/plaque-de-charge-fleur-de-vie-magnetiser-vitaliser\/#primaryimage\"},\"thumbnailUrl\":\"https:\/\/www.spirit-us.eu\/wp-content\/uploads\/2025\/07\/fleur-de-vie-disque-selenite-image-produit.png\",\"datePublished\":\"2025-07-19T15:37:29+00:00\",\"dateModified\":\"2025-12-20T10:58:20+00:00\",\"breadcrumb\":{\"@id\":\"https:\/\/www.spirit-us.eu\/index.php\/produit\/plaque-de-charge-fleur-de-vie-magnetiser-vitaliser\/#breadcrumb\"},\"inLanguage\":\"fr-FR\",\"potentialAction\":[{\"@type\":\"ReadAction\",\"target\":[\"https:\/\/www.spirit-us.eu\/index.php\/produit\/plaque-de-charge-fleur-de-vie-magnetiser-vitaliser\/\"]}]},{\"@type\":\"ImageObject\",\"inLanguage\":\"fr-FR\",\"@id\":\"https:\/\/www.spirit-us.eu\/index.php\/produit\/plaque-de-charge-fleur-de-vie-magnetiser-vitaliser\/#primaryimage\",\"url\":\"https:\/\/www.spirit-us.eu\/wp-content\/uploads\/2025\/07\/fleur-de-vie-disque-selenite-image-produit.png\",\"contentUrl\":\"https:\/\/www.spirit-us.eu\/wp-content\/uploads\/2025\/07\/fleur-de-vie-disque-selenite-image-produit.png\",\"width\":1890,\"height\":1890},{\"@type\":\"BreadcrumbList\",\"@id\":\"https:\/\/www.spirit-us.eu\/index.php\/produit\/plaque-de-charge-fleur-de-vie-magnetiser-vitaliser\/#breadcrumb\",\"itemListElement\":[{\"@type\":\"ListItem\",\"position\":1,\"name\":\"Accueil\",\"item\":\"https:\/\/www.spirit-us.eu\/\"},{\"@type\":\"ListItem\",\"position\":2,\"name\":\"Boutique\",\"item\":\"https:\/\/www.spirit-us.eu\/index.php\/boutique\/\"},{\"@type\":\"ListItem\",\"position\":3,\"name\":\"PLAQUE DE CHARGE FLEUR DE VIE &#8211; magn\u00e9tiser &#038; vitaliser\"}]},{\"@type\":\"WebSite\",\"@id\":\"https:\/\/www.spirit-us.eu\/#website\",\"url\":\"https:\/\/www.spirit-us.eu\/\",\"name\":\"Spirit-US\",\"description\":\"\",\"publisher\":{\"@id\":\"https:\/\/www.spirit-us.eu\/#organization\"},\"potentialAction\":[{\"@type\":\"SearchAction\",\"target\":{\"@type\":\"EntryPoint\",\"urlTemplate\":\"https:\/\/www.spirit-us.eu\/?s={search_term_string}\"},\"query-input\":{\"@type\":\"PropertyValueSpecification\",\"valueRequired\":true,\"valueName\":\"search_term_string\"}}],\"inLanguage\":\"fr-FR\"},{\"@type\":\"Organization\",\"@id\":\"https:\/\/www.spirit-us.eu\/#organization\",\"name\":\"Spirit-US\",\"url\":\"https:\/\/www.spirit-us.eu\/\",\"logo\":{\"@type\":\"ImageObject\",\"inLanguage\":\"fr-FR\",\"@id\":\"https:\/\/www.spirit-us.eu\/#\/schema\/logo\/image\/\",\"url\":\"https:\/\/www.spirit-us.eu\/wp-content\/uploads\/2025\/11\/logo-regarde-linterlocutrice-sans-arrriere-plan.jpg\",\"contentUrl\":\"https:\/\/www.spirit-us.eu\/wp-content\/uploads\/2025\/11\/logo-regarde-linterlocutrice-sans-arrriere-plan.jpg\",\"width\":1080,\"height\":1080,\"caption\":\"Spirit-US\"},\"image\":{\"@id\":\"https:\/\/www.spirit-us.eu\/#\/schema\/logo\/image\/\"},\"sameAs\":[\"https:\/\/www.facebook.com\/spirit.us.deum\"]}]}<\/script>\n<!-- \/ Yoast SEO plugin. -->","yoast_head_json":{"title":"PLAQUE DE CHARGE FLEUR DE VIE - magn\u00e9tiser & vitaliser - Spirit-US","robots":{"index":"index","follow":"follow","max-snippet":"max-snippet:-1","max-image-preview":"max-image-preview:large","max-video-preview":"max-video-preview:-1"},"canonical":"https:\/\/www.spirit-us.eu\/index.php\/produit\/plaque-de-charge-fleur-de-vie-magnetiser-vitaliser\/","og_locale":"fr_FR","og_type":"article","og_title":"PLAQUE DE CHARGE FLEUR DE VIE - magn\u00e9tiser & vitaliser - Spirit-US","og_description":"Cette magnifique plaque de charge en s\u00e9l\u00e9nite est grav\u00e9e du motif de la Fleur de Vie. Elle est utilis\u00e9e comme plaque de charge ou comme mini-grille de cristal. La s\u00e9l\u00e9nite est l'un des min\u00e9raux \u00e0 pouvoir d\u00e9bloquer rapidement l'\u00e9nergie stagnante et \u00e0 \u00e9liminer l'\u00e9nergie n\u00e9gative. Elle amplifie et harmonise l'\u00e9nergie des autres cristaux plac\u00e9s sur elle ou \u00e0 proximit\u00e9. Elle permet de magn\u00e9tiser rapidement certains \u00e9l\u00e9ments (voir description en-dessous). La Fleur de vie est un motif g\u00e9om\u00e9trique sacr\u00e9 compos\u00e9 de cercles imbriqu\u00e9s, formant une structure semblable \u00e0 une fleur \u00e0 six p\u00e9tales. Elle est consid\u00e9r\u00e9e comme un symbole d'harmonie, d'unit\u00e9 et de cr\u00e9ation, et est utilis\u00e9e pour recharger les pierres et cristaux en lithoth\u00e9rapie. La plaque de rechargement Fleur de Vie est un support, g\u00e9n\u00e9ralement en bois ou en pierre, grav\u00e9 du motif, qui permet de purifier et recharger tout \u00e9l\u00e9ment en les pla\u00e7ant au c\u0153ur de ce symbole sacr\u00e9. On la trouve souvent grav\u00e9e dans le bois, et en ce sens, elle permet de recharger les \u00e9l\u00e9ments de travail plus rapidement ; mais grav\u00e9e dans la pierre, elle apporte une puissance suppl\u00e9mentaire associ\u00e9e aux vertus de cette pierre.","og_url":"https:\/\/www.spirit-us.eu\/index.php\/produit\/plaque-de-charge-fleur-de-vie-magnetiser-vitaliser\/","og_site_name":"Spirit-US","article_publisher":"https:\/\/www.facebook.com\/spirit.us.deum","article_modified_time":"2025-12-20T10:58:20+00:00","og_image":[{"width":1024,"height":1024,"url":"https:\/\/www.spirit-us.eu\/wp-content\/uploads\/2025\/07\/fleur-de-vie-disque-selenite-image-produit-1024x1024.png","type":"image\/png"}],"twitter_card":"summary_large_image","twitter_misc":{"Dur\u00e9e de lecture estim\u00e9e":"3 minutes"},"schema":{"@context":"https:\/\/schema.org","@graph":[{"@type":"WebPage","@id":"https:\/\/www.spirit-us.eu\/index.php\/produit\/plaque-de-charge-fleur-de-vie-magnetiser-vitaliser\/","url":"https:\/\/www.spirit-us.eu\/index.php\/produit\/plaque-de-charge-fleur-de-vie-magnetiser-vitaliser\/","name":"PLAQUE DE CHARGE FLEUR DE VIE - magn\u00e9tiser & vitaliser - Spirit-US","isPartOf":{"@id":"https:\/\/www.spirit-us.eu\/#website"},"primaryImageOfPage":{"@id":"https:\/\/www.spirit-us.eu\/index.php\/produit\/plaque-de-charge-fleur-de-vie-magnetiser-vitaliser\/#primaryimage"},"image":{"@id":"https:\/\/www.spirit-us.eu\/index.php\/produit\/plaque-de-charge-fleur-de-vie-magnetiser-vitaliser\/#primaryimage"},"thumbnailUrl":"https:\/\/www.spirit-us.eu\/wp-content\/uploads\/2025\/07\/fleur-de-vie-disque-selenite-image-produit.png","datePublished":"2025-07-19T15:37:29+00:00","dateModified":"2025-12-20T10:58:20+00:00","breadcrumb":{"@id":"https:\/\/www.spirit-us.eu\/index.php\/produit\/plaque-de-charge-fleur-de-vie-magnetiser-vitaliser\/#breadcrumb"},"inLanguage":"fr-FR","potentialAction":[{"@type":"ReadAction","target":["https:\/\/www.spirit-us.eu\/index.php\/produit\/plaque-de-charge-fleur-de-vie-magnetiser-vitaliser\/"]}]},{"@type":"ImageObject","inLanguage":"fr-FR","@id":"https:\/\/www.spirit-us.eu\/index.php\/produit\/plaque-de-charge-fleur-de-vie-magnetiser-vitaliser\/#primaryimage","url":"https:\/\/www.spirit-us.eu\/wp-content\/uploads\/2025\/07\/fleur-de-vie-disque-selenite-image-produit.png","contentUrl":"https:\/\/www.spirit-us.eu\/wp-content\/uploads\/2025\/07\/fleur-de-vie-disque-selenite-image-produit.png","width":1890,"height":1890},{"@type":"BreadcrumbList","@id":"https:\/\/www.spirit-us.eu\/index.php\/produit\/plaque-de-charge-fleur-de-vie-magnetiser-vitaliser\/#breadcrumb","itemListElement":[{"@type":"ListItem","position":1,"name":"Accueil","item":"https:\/\/www.spirit-us.eu\/"},{"@type":"ListItem","position":2,"name":"Boutique","item":"https:\/\/www.spirit-us.eu\/index.php\/boutique\/"},{"@type":"ListItem","position":3,"name":"PLAQUE DE CHARGE FLEUR DE VIE &#8211; magn\u00e9tiser &#038; vitaliser"}]},{"@type":"WebSite","@id":"https:\/\/www.spirit-us.eu\/#website","url":"https:\/\/www.spirit-us.eu\/","name":"Spirit-US","description":"","publisher":{"@id":"https:\/\/www.spirit-us.eu\/#organization"},"potentialAction":[{"@type":"SearchAction","target":{"@type":"EntryPoint","urlTemplate":"https:\/\/www.spirit-us.eu\/?s={search_term_string}"},"query-input":{"@type":"PropertyValueSpecification","valueRequired":true,"valueName":"search_term_string"}}],"inLanguage":"fr-FR"},{"@type":"Organization","@id":"https:\/\/www.spirit-us.eu\/#organization","name":"Spirit-US","url":"https:\/\/www.spirit-us.eu\/","logo":{"@type":"ImageObject","inLanguage":"fr-FR","@id":"https:\/\/www.spirit-us.eu\/#\/schema\/logo\/image\/","url":"https:\/\/www.spirit-us.eu\/wp-content\/uploads\/2025\/11\/logo-regarde-linterlocutrice-sans-arrriere-plan.jpg","contentUrl":"https:\/\/www.spirit-us.eu\/wp-content\/uploads\/2025\/11\/logo-regarde-linterlocutrice-sans-arrriere-plan.jpg","width":1080,"height":1080,"caption":"Spirit-US"},"image":{"@id":"https:\/\/www.spirit-us.eu\/#\/schema\/logo\/image\/"},"sameAs":["https:\/\/www.facebook.com\/spirit.us.deum"]}]}},"jetpack_sharing_enabled":true,"_links":{"self":[{"href":"https:\/\/www.spirit-us.eu\/index.php\/wp-json\/wp\/v2\/product\/1876","targetHints":{"allow":["GET"]}}],"collection":[{"href":"https:\/\/www.spirit-us.eu\/index.php\/wp-json\/wp\/v2\/product"}],"about":[{"href":"https:\/\/www.spirit-us.eu\/index.php\/wp-json\/wp\/v2\/types\/product"}],"replies":[{"embeddable":true,"href":"https:\/\/www.spirit-us.eu\/index.php\/wp-json\/wp\/v2\/comments?post=1876"}],"wp:featuredmedia":[{"embeddable":true,"href":"https:\/\/www.spirit-us.eu\/index.php\/wp-json\/wp\/v2\/media\/1877"}],"wp:attachment":[{"href":"https:\/\/www.spirit-us.eu\/index.php\/wp-json\/wp\/v2\/media?parent=1876"}],"wp:term":[{"taxonomy":"product_brand","embeddable":true,"href":"https:\/\/www.spirit-us.eu\/index.php\/wp-json\/wp\/v2\/product_brand?post=1876"},{"taxonomy":"product_cat","embeddable":true,"href":"https:\/\/www.spirit-us.eu\/index.php\/wp-json\/wp\/v2\/product_cat?post=1876"},{"taxonomy":"product_tag","embeddable":true,"href":"https:\/\/www.spirit-us.eu\/index.php\/wp-json\/wp\/v2\/product_tag?post=1876"},{"taxonomy":"mwb_booking_cost","embeddable":true,"href":"https:\/\/www.spirit-us.eu\/index.php\/wp-json\/wp\/v2\/mwb_booking_cost?post=1876"},{"taxonomy":"mwb_booking_service","embeddable":true,"href":"https:\/\/www.spirit-us.eu\/index.php\/wp-json\/wp\/v2\/mwb_booking_service?post=1876"}],"curies":[{"name":"wp","href":"https:\/\/api.w.org\/{rel}","templated":true}]}}