{"id":1860,"date":"2025-07-13T17:47:41","date_gmt":"2025-07-13T15:47:41","guid":{"rendered":"https:\/\/www.spirit-us.eu\/?post_type=product&#038;p=1860"},"modified":"2025-12-17T14:53:48","modified_gmt":"2025-12-17T13:53:48","slug":"pendentif-coeur-en-chakra","status":"publish","type":"product","link":"https:\/\/www.spirit-us.eu\/index.php\/produit\/pendentif-coeur-en-chakra\/","title":{"rendered":"PENDENTIF C\u0152UR EN AGATE BLEUE &#8211; chakra de la gorge"},"content":{"rendered":"<p><strong>Mat\u00e9riaux<\/strong> : agate bleue et m\u00e9tal argent\u00e9 ou dor\u00e9 en fonction du stock<\/p>\n<p><strong>Dimension du pendentif<\/strong> (breloque) : largeur 2 cm \/ hauteur 2 cm (hors suspensoir)<\/p>\n<p><strong>Forme<\/strong>\u00a0: c\u0153ur<\/p>\n<p><strong>Couleur<\/strong> : bleu clair &#8211; translucide<\/p>\n<p><strong>Dimension de la cha\u00eenette<\/strong> : 50 cm<\/p>\n<p><strong>Couleur de la cha\u00eenette<\/strong> : argent\u00e9e ou dor\u00e9e en fonction du choix et du stock<\/p>\n<p>Livr\u00e9 dans un coffret de velours.\u00a0 Id\u00e9al comme cadeau lorsqu\u2019une personne a besoin de<\/p>\n<p>&nbsp;<\/p>\n","protected":false},"excerpt":{"rendered":"<p>Tr\u00e8s joli pendentif en forme de c\u0153ur, en , symbolisant l\u2019\u00e9veil du chakra de la gorge.\u00a0 L&rsquo;agate bleue r\u00e9\u00e9quilibre les \u00e9nergies et accompagne dans l&rsquo;introspection et la prise de conscience. Elle est aussi le symbole de la communication harmonieuse avec tous les plans d\u2019existence : visibles et invisibles. Gr\u00e2ce \u00e0 ses propri\u00e9t\u00e9s apaisantes, l&rsquo;agate bleue apaise le mental et procure un sentiment de bien-\u00eatre psychique. Elle contribue \u00e0 pr\u00e9venir et \u00e0 soulager les troubles psychologiques tels que l&rsquo;anxi\u00e9t\u00e9 ou encore les phobies sociales. Le pendentif n&rsquo;est trop grand, ni trop petit, il a une taille discr\u00e8te.\u00a0 Il se porte seul ou avec d\u2019autres bijoux.\u00a0 Les nombreuses couleurs de ces petits c\u0153urs en pierres semi-pr\u00e9cieuses, permet de l\u2019assortir \u00e0 votre tenue, \u00e0 votre humeur ou \u00e0 l\u2019\u00e9nergie que vous souhaitez travailler \u00e0 un moment pr\u00e9cis. L&rsquo;am\u00e9thyste est connue depuis la plus haute Antiquit\u00e9 comme symbole de purification, de sagesse et de s\u00e9r\u00e9nit\u00e9.\u00a0 Sa belle couleur profonde est envo\u00fbtante dans le beau sens du terme. C\u2019est un cadeau id\u00e9al \u00e0 offrir en toute circonstance ; il convient tr\u00e8s bien pour la f\u00eate des m\u00e8res, No\u00ebl, un anniversaire l(am\u00e9thyste est la pierre de naissance des personnes n\u00e9es en f\u00e9vrier ou du signe du Verseau), ou la saint Valentin. Il est livr\u00e9 dans son \u00e9crin blanc avec une cha\u00eenette dor\u00e9e.<\/p>\n","protected":false},"featured_media":1862,"comment_status":"open","ping_status":"closed","template":"","meta":[],"product_brand":[],"product_cat":[156,463,17],"product_tag":[167,178,188,169],"mwb_booking_cost":[],"mwb_booking_service":[],"class_list":{"0":"post-1860","1":"product","2":"type-product","3":"status-publish","4":"has-post-thumbnail","6":"product_cat-04-bijoux","7":"product_cat-pendentif","8":"product_cat-tous-les-produits","9":"product_tag-bleu","10":"product_tag-chakra-gorge","11":"product_tag-chakras-collection","12":"product_tag-protection","14":"first","15":"instock","16":"shipping-taxable","17":"purchasable","18":"product-type-simple"},"yoast_head":"<!-- This site is optimized with the Yoast SEO plugin v27.1.1 - https:\/\/yoast.com\/product\/yoast-seo-wordpress\/ -->\n<title>PENDENTIF C\u0152UR EN AGATE BLEUE - chakra de la gorge - Spirit-US<\/title>\n<meta name=\"robots\" content=\"index, follow, max-snippet:-1, max-image-preview:large, max-video-preview:-1\" \/>\n<link rel=\"canonical\" href=\"https:\/\/www.spirit-us.eu\/index.php\/produit\/pendentif-coeur-en-chakra\/\" \/>\n<meta property=\"og:locale\" content=\"fr_FR\" \/>\n<meta property=\"og:type\" content=\"article\" \/>\n<meta property=\"og:title\" content=\"PENDENTIF C\u0152UR EN AGATE BLEUE - chakra de la gorge - Spirit-US\" \/>\n<meta property=\"og:description\" content=\"Tr\u00e8s joli pendentif en forme de c\u0153ur, en , symbolisant l\u2019\u00e9veil du chakra de la gorge.\u00a0 L&#039;agate bleue r\u00e9\u00e9quilibre les \u00e9nergies et accompagne dans l&#039;introspection et la prise de conscience. Elle est aussi le symbole de la communication harmonieuse avec tous les plans d\u2019existence : visibles et invisibles. Gr\u00e2ce \u00e0 ses propri\u00e9t\u00e9s apaisantes, l&#039;agate bleue apaise le mental et procure un sentiment de bien-\u00eatre psychique. Elle contribue \u00e0 pr\u00e9venir et \u00e0 soulager les troubles psychologiques tels que l&#039;anxi\u00e9t\u00e9 ou encore les phobies sociales. Le pendentif n&#039;est trop grand, ni trop petit, il a une taille discr\u00e8te.\u00a0 Il se porte seul ou avec d\u2019autres bijoux.\u00a0 Les nombreuses couleurs de ces petits c\u0153urs en pierres semi-pr\u00e9cieuses, permet de l\u2019assortir \u00e0 votre tenue, \u00e0 votre humeur ou \u00e0 l\u2019\u00e9nergie que vous souhaitez travailler \u00e0 un moment pr\u00e9cis. L&#039;am\u00e9thyste est connue depuis la plus haute Antiquit\u00e9 comme symbole de purification, de sagesse et de s\u00e9r\u00e9nit\u00e9.\u00a0 Sa belle couleur profonde est envo\u00fbtante dans le beau sens du terme. C\u2019est un cadeau id\u00e9al \u00e0 offrir en toute circonstance ; il convient tr\u00e8s bien pour la f\u00eate des m\u00e8res, No\u00ebl, un anniversaire l(am\u00e9thyste est la pierre de naissance des personnes n\u00e9es en f\u00e9vrier ou du signe du Verseau), ou la saint Valentin. Il est livr\u00e9 dans son \u00e9crin blanc avec une cha\u00eenette dor\u00e9e.\" \/>\n<meta property=\"og:url\" content=\"https:\/\/www.spirit-us.eu\/index.php\/produit\/pendentif-coeur-en-chakra\/\" \/>\n<meta property=\"og:site_name\" content=\"Spirit-US\" \/>\n<meta property=\"article:publisher\" content=\"https:\/\/www.facebook.com\/spirit.us.deum\" \/>\n<meta property=\"article:modified_time\" content=\"2025-12-17T13:53:48+00:00\" \/>\n<meta property=\"og:image\" content=\"https:\/\/www.spirit-us.eu\/wp-content\/uploads\/2025\/07\/coeur-bleu-2.jpg\" \/>\n\t<meta property=\"og:image:width\" content=\"485\" \/>\n\t<meta property=\"og:image:height\" content=\"534\" \/>\n\t<meta property=\"og:image:type\" content=\"image\/jpeg\" \/>\n<meta name=\"twitter:card\" content=\"summary_large_image\" \/>\n<script type=\"application\/ld+json\" class=\"yoast-schema-graph\">{\"@context\":\"https:\/\/schema.org\",\"@graph\":[{\"@type\":\"WebPage\",\"@id\":\"https:\/\/www.spirit-us.eu\/index.php\/produit\/pendentif-coeur-en-chakra\/\",\"url\":\"https:\/\/www.spirit-us.eu\/index.php\/produit\/pendentif-coeur-en-chakra\/\",\"name\":\"PENDENTIF C\u0152UR EN AGATE BLEUE - chakra de la gorge - Spirit-US\",\"isPartOf\":{\"@id\":\"https:\/\/www.spirit-us.eu\/#website\"},\"primaryImageOfPage\":{\"@id\":\"https:\/\/www.spirit-us.eu\/index.php\/produit\/pendentif-coeur-en-chakra\/#primaryimage\"},\"image\":{\"@id\":\"https:\/\/www.spirit-us.eu\/index.php\/produit\/pendentif-coeur-en-chakra\/#primaryimage\"},\"thumbnailUrl\":\"https:\/\/www.spirit-us.eu\/wp-content\/uploads\/2025\/07\/coeur-bleu-2.jpg\",\"datePublished\":\"2025-07-13T15:47:41+00:00\",\"dateModified\":\"2025-12-17T13:53:48+00:00\",\"breadcrumb\":{\"@id\":\"https:\/\/www.spirit-us.eu\/index.php\/produit\/pendentif-coeur-en-chakra\/#breadcrumb\"},\"inLanguage\":\"fr-FR\",\"potentialAction\":[{\"@type\":\"ReadAction\",\"target\":[\"https:\/\/www.spirit-us.eu\/index.php\/produit\/pendentif-coeur-en-chakra\/\"]}]},{\"@type\":\"ImageObject\",\"inLanguage\":\"fr-FR\",\"@id\":\"https:\/\/www.spirit-us.eu\/index.php\/produit\/pendentif-coeur-en-chakra\/#primaryimage\",\"url\":\"https:\/\/www.spirit-us.eu\/wp-content\/uploads\/2025\/07\/coeur-bleu-2.jpg\",\"contentUrl\":\"https:\/\/www.spirit-us.eu\/wp-content\/uploads\/2025\/07\/coeur-bleu-2.jpg\",\"width\":485,\"height\":534},{\"@type\":\"BreadcrumbList\",\"@id\":\"https:\/\/www.spirit-us.eu\/index.php\/produit\/pendentif-coeur-en-chakra\/#breadcrumb\",\"itemListElement\":[{\"@type\":\"ListItem\",\"position\":1,\"name\":\"Accueil\",\"item\":\"https:\/\/www.spirit-us.eu\/\"},{\"@type\":\"ListItem\",\"position\":2,\"name\":\"Boutique\",\"item\":\"https:\/\/www.spirit-us.eu\/index.php\/boutique\/\"},{\"@type\":\"ListItem\",\"position\":3,\"name\":\"PENDENTIF C\u0152UR EN AGATE BLEUE &#8211; chakra de la gorge\"}]},{\"@type\":\"WebSite\",\"@id\":\"https:\/\/www.spirit-us.eu\/#website\",\"url\":\"https:\/\/www.spirit-us.eu\/\",\"name\":\"Spirit-US\",\"description\":\"\",\"publisher\":{\"@id\":\"https:\/\/www.spirit-us.eu\/#organization\"},\"potentialAction\":[{\"@type\":\"SearchAction\",\"target\":{\"@type\":\"EntryPoint\",\"urlTemplate\":\"https:\/\/www.spirit-us.eu\/?s={search_term_string}\"},\"query-input\":{\"@type\":\"PropertyValueSpecification\",\"valueRequired\":true,\"valueName\":\"search_term_string\"}}],\"inLanguage\":\"fr-FR\"},{\"@type\":\"Organization\",\"@id\":\"https:\/\/www.spirit-us.eu\/#organization\",\"name\":\"Spirit-US\",\"url\":\"https:\/\/www.spirit-us.eu\/\",\"logo\":{\"@type\":\"ImageObject\",\"inLanguage\":\"fr-FR\",\"@id\":\"https:\/\/www.spirit-us.eu\/#\/schema\/logo\/image\/\",\"url\":\"https:\/\/www.spirit-us.eu\/wp-content\/uploads\/2025\/11\/logo-regarde-linterlocutrice-sans-arrriere-plan.jpg\",\"contentUrl\":\"https:\/\/www.spirit-us.eu\/wp-content\/uploads\/2025\/11\/logo-regarde-linterlocutrice-sans-arrriere-plan.jpg\",\"width\":1080,\"height\":1080,\"caption\":\"Spirit-US\"},\"image\":{\"@id\":\"https:\/\/www.spirit-us.eu\/#\/schema\/logo\/image\/\"},\"sameAs\":[\"https:\/\/www.facebook.com\/spirit.us.deum\"]}]}<\/script>\n<!-- \/ Yoast SEO plugin. -->","yoast_head_json":{"title":"PENDENTIF C\u0152UR EN AGATE BLEUE - chakra de la gorge - Spirit-US","robots":{"index":"index","follow":"follow","max-snippet":"max-snippet:-1","max-image-preview":"max-image-preview:large","max-video-preview":"max-video-preview:-1"},"canonical":"https:\/\/www.spirit-us.eu\/index.php\/produit\/pendentif-coeur-en-chakra\/","og_locale":"fr_FR","og_type":"article","og_title":"PENDENTIF C\u0152UR EN AGATE BLEUE - chakra de la gorge - Spirit-US","og_description":"Tr\u00e8s joli pendentif en forme de c\u0153ur, en , symbolisant l\u2019\u00e9veil du chakra de la gorge.\u00a0 L'agate bleue r\u00e9\u00e9quilibre les \u00e9nergies et accompagne dans l'introspection et la prise de conscience. Elle est aussi le symbole de la communication harmonieuse avec tous les plans d\u2019existence : visibles et invisibles. Gr\u00e2ce \u00e0 ses propri\u00e9t\u00e9s apaisantes, l'agate bleue apaise le mental et procure un sentiment de bien-\u00eatre psychique. Elle contribue \u00e0 pr\u00e9venir et \u00e0 soulager les troubles psychologiques tels que l'anxi\u00e9t\u00e9 ou encore les phobies sociales. Le pendentif n'est trop grand, ni trop petit, il a une taille discr\u00e8te.\u00a0 Il se porte seul ou avec d\u2019autres bijoux.\u00a0 Les nombreuses couleurs de ces petits c\u0153urs en pierres semi-pr\u00e9cieuses, permet de l\u2019assortir \u00e0 votre tenue, \u00e0 votre humeur ou \u00e0 l\u2019\u00e9nergie que vous souhaitez travailler \u00e0 un moment pr\u00e9cis. L'am\u00e9thyste est connue depuis la plus haute Antiquit\u00e9 comme symbole de purification, de sagesse et de s\u00e9r\u00e9nit\u00e9.\u00a0 Sa belle couleur profonde est envo\u00fbtante dans le beau sens du terme. C\u2019est un cadeau id\u00e9al \u00e0 offrir en toute circonstance ; il convient tr\u00e8s bien pour la f\u00eate des m\u00e8res, No\u00ebl, un anniversaire l(am\u00e9thyste est la pierre de naissance des personnes n\u00e9es en f\u00e9vrier ou du signe du Verseau), ou la saint Valentin. Il est livr\u00e9 dans son \u00e9crin blanc avec une cha\u00eenette dor\u00e9e.","og_url":"https:\/\/www.spirit-us.eu\/index.php\/produit\/pendentif-coeur-en-chakra\/","og_site_name":"Spirit-US","article_publisher":"https:\/\/www.facebook.com\/spirit.us.deum","article_modified_time":"2025-12-17T13:53:48+00:00","og_image":[{"width":485,"height":534,"url":"https:\/\/www.spirit-us.eu\/wp-content\/uploads\/2025\/07\/coeur-bleu-2.jpg","type":"image\/jpeg"}],"twitter_card":"summary_large_image","schema":{"@context":"https:\/\/schema.org","@graph":[{"@type":"WebPage","@id":"https:\/\/www.spirit-us.eu\/index.php\/produit\/pendentif-coeur-en-chakra\/","url":"https:\/\/www.spirit-us.eu\/index.php\/produit\/pendentif-coeur-en-chakra\/","name":"PENDENTIF C\u0152UR EN AGATE BLEUE - chakra de la gorge - Spirit-US","isPartOf":{"@id":"https:\/\/www.spirit-us.eu\/#website"},"primaryImageOfPage":{"@id":"https:\/\/www.spirit-us.eu\/index.php\/produit\/pendentif-coeur-en-chakra\/#primaryimage"},"image":{"@id":"https:\/\/www.spirit-us.eu\/index.php\/produit\/pendentif-coeur-en-chakra\/#primaryimage"},"thumbnailUrl":"https:\/\/www.spirit-us.eu\/wp-content\/uploads\/2025\/07\/coeur-bleu-2.jpg","datePublished":"2025-07-13T15:47:41+00:00","dateModified":"2025-12-17T13:53:48+00:00","breadcrumb":{"@id":"https:\/\/www.spirit-us.eu\/index.php\/produit\/pendentif-coeur-en-chakra\/#breadcrumb"},"inLanguage":"fr-FR","potentialAction":[{"@type":"ReadAction","target":["https:\/\/www.spirit-us.eu\/index.php\/produit\/pendentif-coeur-en-chakra\/"]}]},{"@type":"ImageObject","inLanguage":"fr-FR","@id":"https:\/\/www.spirit-us.eu\/index.php\/produit\/pendentif-coeur-en-chakra\/#primaryimage","url":"https:\/\/www.spirit-us.eu\/wp-content\/uploads\/2025\/07\/coeur-bleu-2.jpg","contentUrl":"https:\/\/www.spirit-us.eu\/wp-content\/uploads\/2025\/07\/coeur-bleu-2.jpg","width":485,"height":534},{"@type":"BreadcrumbList","@id":"https:\/\/www.spirit-us.eu\/index.php\/produit\/pendentif-coeur-en-chakra\/#breadcrumb","itemListElement":[{"@type":"ListItem","position":1,"name":"Accueil","item":"https:\/\/www.spirit-us.eu\/"},{"@type":"ListItem","position":2,"name":"Boutique","item":"https:\/\/www.spirit-us.eu\/index.php\/boutique\/"},{"@type":"ListItem","position":3,"name":"PENDENTIF C\u0152UR EN AGATE BLEUE &#8211; chakra de la gorge"}]},{"@type":"WebSite","@id":"https:\/\/www.spirit-us.eu\/#website","url":"https:\/\/www.spirit-us.eu\/","name":"Spirit-US","description":"","publisher":{"@id":"https:\/\/www.spirit-us.eu\/#organization"},"potentialAction":[{"@type":"SearchAction","target":{"@type":"EntryPoint","urlTemplate":"https:\/\/www.spirit-us.eu\/?s={search_term_string}"},"query-input":{"@type":"PropertyValueSpecification","valueRequired":true,"valueName":"search_term_string"}}],"inLanguage":"fr-FR"},{"@type":"Organization","@id":"https:\/\/www.spirit-us.eu\/#organization","name":"Spirit-US","url":"https:\/\/www.spirit-us.eu\/","logo":{"@type":"ImageObject","inLanguage":"fr-FR","@id":"https:\/\/www.spirit-us.eu\/#\/schema\/logo\/image\/","url":"https:\/\/www.spirit-us.eu\/wp-content\/uploads\/2025\/11\/logo-regarde-linterlocutrice-sans-arrriere-plan.jpg","contentUrl":"https:\/\/www.spirit-us.eu\/wp-content\/uploads\/2025\/11\/logo-regarde-linterlocutrice-sans-arrriere-plan.jpg","width":1080,"height":1080,"caption":"Spirit-US"},"image":{"@id":"https:\/\/www.spirit-us.eu\/#\/schema\/logo\/image\/"},"sameAs":["https:\/\/www.facebook.com\/spirit.us.deum"]}]}},"jetpack_sharing_enabled":true,"_links":{"self":[{"href":"https:\/\/www.spirit-us.eu\/index.php\/wp-json\/wp\/v2\/product\/1860","targetHints":{"allow":["GET"]}}],"collection":[{"href":"https:\/\/www.spirit-us.eu\/index.php\/wp-json\/wp\/v2\/product"}],"about":[{"href":"https:\/\/www.spirit-us.eu\/index.php\/wp-json\/wp\/v2\/types\/product"}],"replies":[{"embeddable":true,"href":"https:\/\/www.spirit-us.eu\/index.php\/wp-json\/wp\/v2\/comments?post=1860"}],"wp:featuredmedia":[{"embeddable":true,"href":"https:\/\/www.spirit-us.eu\/index.php\/wp-json\/wp\/v2\/media\/1862"}],"wp:attachment":[{"href":"https:\/\/www.spirit-us.eu\/index.php\/wp-json\/wp\/v2\/media?parent=1860"}],"wp:term":[{"taxonomy":"product_brand","embeddable":true,"href":"https:\/\/www.spirit-us.eu\/index.php\/wp-json\/wp\/v2\/product_brand?post=1860"},{"taxonomy":"product_cat","embeddable":true,"href":"https:\/\/www.spirit-us.eu\/index.php\/wp-json\/wp\/v2\/product_cat?post=1860"},{"taxonomy":"product_tag","embeddable":true,"href":"https:\/\/www.spirit-us.eu\/index.php\/wp-json\/wp\/v2\/product_tag?post=1860"},{"taxonomy":"mwb_booking_cost","embeddable":true,"href":"https:\/\/www.spirit-us.eu\/index.php\/wp-json\/wp\/v2\/mwb_booking_cost?post=1860"},{"taxonomy":"mwb_booking_service","embeddable":true,"href":"https:\/\/www.spirit-us.eu\/index.php\/wp-json\/wp\/v2\/mwb_booking_service?post=1860"}],"curies":[{"name":"wp","href":"https:\/\/api.w.org\/{rel}","templated":true}]}}