{"id":1849,"date":"2025-07-13T10:02:40","date_gmt":"2025-07-13T08:02:40","guid":{"rendered":"https:\/\/www.spirit-us.eu\/?post_type=product&#038;p=1849"},"modified":"2025-12-17T14:54:14","modified_gmt":"2025-12-17T13:54:14","slug":"pendentif-coeur-en-citrine-chakra-solaire","status":"publish","type":"product","link":"https:\/\/www.spirit-us.eu\/index.php\/produit\/pendentif-coeur-en-citrine-chakra-solaire\/","title":{"rendered":"PENDENTIF C\u0152UR EN CITRINE &#8211; chakra solaire"},"content":{"rendered":"<p><strong>Mat\u00e9riaux<\/strong> : citrine et m\u00e9tal dor\u00e9<\/p>\n<p><strong>Dimension du pendentif<\/strong> (breloque) : largeur 2 cm \/ hauteur 2 cm (hors suspensoir)<\/p>\n<p><strong>Forme<\/strong>\u00a0: c\u0153ur<\/p>\n<p><strong>Couleur<\/strong> : jaune translucide<\/p>\n<p><strong>Dimension de la cha\u00eenette<\/strong> : 50 cm<\/p>\n<p><strong>Couleur de la cha\u00eenette<\/strong> : dor\u00e9e<\/p>\n<p>Livr\u00e9 dans un coffret de velours.\u00a0 Id\u00e9al comme cadeau lorsqu\u2019une personne a besoin de renforcer sa vitalit\u00e9 et sa positivit\u00e9, ou de d\u00e9ployer sa cr\u00e9ativit\u00e9 dans le domaine de la prosp\u00e9rit\u00e9.<\/p>\n<p>&nbsp;<\/p>\n","protected":false},"excerpt":{"rendered":"<p style=\"text-align: justify;\">Tr\u00e8s joli pendentif en forme de c\u0153ur, en pierre\u00a0 de citrine, symbolisant l\u2019\u00e9veil du chakra du plexus solaire : pierre de la richesse, \u00e9nergisante, et pierre de la cr\u00e9ativit\u00e9 sacr\u00e9e. Ni trop grand, ni trop petit, il a une taille discr\u00e8te.\u00a0 Il se porte seul ou avec d\u2019autres bijoux.\u00a0 Les nombreuses couleurs de ces petits c\u0153urs en pierres semi-pr\u00e9cieuses, permet de l\u2019assortir \u00e0 votre tenue, \u00e0 votre humeur ou \u00e0 l\u2019\u00e9nergie que vous souhaitez travailler \u00e0 un moment pr\u00e9cis. La citrine est connue pour ses vertus apaisantes d&rsquo;une part et dynamisantes d&rsquo;autre part.\u00a0 On lui attribue la facult\u00e9 d&rsquo;aider \u00e0 lutter contre la d\u00e9pression et la col\u00e8re; elle augmente la confiance en soi et renforce la d\u00e9termination. C\u2019est un cadeau id\u00e9al \u00e0 offrir en toute circonstance ; il convient tr\u00e8s bien pour la f\u00eate des m\u00e8res ou la saint Valentin. Il est livr\u00e9 dans son \u00e9crin blanc avec une cha\u00eenette dor\u00e9e.<\/p>\n","protected":false},"featured_media":1844,"comment_status":"open","ping_status":"closed","template":"","meta":[],"product_brand":[],"product_cat":[156,463,17],"product_tag":[173,188,246,244,249],"mwb_booking_cost":[],"mwb_booking_service":[],"class_list":{"0":"post-1849","1":"product","2":"type-product","3":"status-publish","4":"has-post-thumbnail","6":"product_cat-04-bijoux","7":"product_cat-pendentif","8":"product_cat-tous-les-produits","9":"product_tag-chakras","10":"product_tag-chakras-collection","11":"product_tag-jaune","12":"product_tag-plexus-solaire","13":"product_tag-richesse","15":"first","16":"instock","17":"shipping-taxable","18":"purchasable","19":"product-type-simple"},"yoast_head":"<!-- This site is optimized with the Yoast SEO plugin v27.1.1 - https:\/\/yoast.com\/product\/yoast-seo-wordpress\/ -->\n<title>PENDENTIF C\u0152UR EN CITRINE - chakra solaire - Spirit-US<\/title>\n<meta name=\"robots\" content=\"index, follow, max-snippet:-1, max-image-preview:large, max-video-preview:-1\" \/>\n<link rel=\"canonical\" href=\"https:\/\/www.spirit-us.eu\/index.php\/produit\/pendentif-coeur-en-citrine-chakra-solaire\/\" \/>\n<meta property=\"og:locale\" content=\"fr_FR\" \/>\n<meta property=\"og:type\" content=\"article\" \/>\n<meta property=\"og:title\" content=\"PENDENTIF C\u0152UR EN CITRINE - chakra solaire - Spirit-US\" \/>\n<meta property=\"og:description\" content=\"Tr\u00e8s joli pendentif en forme de c\u0153ur, en pierre\u00a0 de citrine, symbolisant l\u2019\u00e9veil du chakra du plexus solaire : pierre de la richesse, \u00e9nergisante, et pierre de la cr\u00e9ativit\u00e9 sacr\u00e9e. Ni trop grand, ni trop petit, il a une taille discr\u00e8te.\u00a0 Il se porte seul ou avec d\u2019autres bijoux.\u00a0 Les nombreuses couleurs de ces petits c\u0153urs en pierres semi-pr\u00e9cieuses, permet de l\u2019assortir \u00e0 votre tenue, \u00e0 votre humeur ou \u00e0 l\u2019\u00e9nergie que vous souhaitez travailler \u00e0 un moment pr\u00e9cis. La citrine est connue pour ses vertus apaisantes d&#039;une part et dynamisantes d&#039;autre part.\u00a0 On lui attribue la facult\u00e9 d&#039;aider \u00e0 lutter contre la d\u00e9pression et la col\u00e8re; elle augmente la confiance en soi et renforce la d\u00e9termination. C\u2019est un cadeau id\u00e9al \u00e0 offrir en toute circonstance ; il convient tr\u00e8s bien pour la f\u00eate des m\u00e8res ou la saint Valentin. Il est livr\u00e9 dans son \u00e9crin blanc avec une cha\u00eenette dor\u00e9e.\" \/>\n<meta property=\"og:url\" content=\"https:\/\/www.spirit-us.eu\/index.php\/produit\/pendentif-coeur-en-citrine-chakra-solaire\/\" \/>\n<meta property=\"og:site_name\" content=\"Spirit-US\" \/>\n<meta property=\"article:publisher\" content=\"https:\/\/www.facebook.com\/spirit.us.deum\" \/>\n<meta property=\"article:modified_time\" content=\"2025-12-17T13:54:14+00:00\" \/>\n<meta property=\"og:image\" content=\"https:\/\/www.spirit-us.eu\/wp-content\/uploads\/2025\/07\/IMG_6656.1-scaled.jpg\" \/>\n\t<meta property=\"og:image:width\" content=\"2560\" \/>\n\t<meta property=\"og:image:height\" content=\"2522\" \/>\n\t<meta property=\"og:image:type\" content=\"image\/jpeg\" \/>\n<meta name=\"twitter:card\" content=\"summary_large_image\" \/>\n<script type=\"application\/ld+json\" class=\"yoast-schema-graph\">{\"@context\":\"https:\/\/schema.org\",\"@graph\":[{\"@type\":\"WebPage\",\"@id\":\"https:\/\/www.spirit-us.eu\/index.php\/produit\/pendentif-coeur-en-citrine-chakra-solaire\/\",\"url\":\"https:\/\/www.spirit-us.eu\/index.php\/produit\/pendentif-coeur-en-citrine-chakra-solaire\/\",\"name\":\"PENDENTIF C\u0152UR EN CITRINE - chakra solaire - Spirit-US\",\"isPartOf\":{\"@id\":\"https:\/\/www.spirit-us.eu\/#website\"},\"primaryImageOfPage\":{\"@id\":\"https:\/\/www.spirit-us.eu\/index.php\/produit\/pendentif-coeur-en-citrine-chakra-solaire\/#primaryimage\"},\"image\":{\"@id\":\"https:\/\/www.spirit-us.eu\/index.php\/produit\/pendentif-coeur-en-citrine-chakra-solaire\/#primaryimage\"},\"thumbnailUrl\":\"https:\/\/www.spirit-us.eu\/wp-content\/uploads\/2025\/07\/IMG_6656.1-scaled.jpg\",\"datePublished\":\"2025-07-13T08:02:40+00:00\",\"dateModified\":\"2025-12-17T13:54:14+00:00\",\"breadcrumb\":{\"@id\":\"https:\/\/www.spirit-us.eu\/index.php\/produit\/pendentif-coeur-en-citrine-chakra-solaire\/#breadcrumb\"},\"inLanguage\":\"fr-FR\",\"potentialAction\":[{\"@type\":\"ReadAction\",\"target\":[\"https:\/\/www.spirit-us.eu\/index.php\/produit\/pendentif-coeur-en-citrine-chakra-solaire\/\"]}]},{\"@type\":\"ImageObject\",\"inLanguage\":\"fr-FR\",\"@id\":\"https:\/\/www.spirit-us.eu\/index.php\/produit\/pendentif-coeur-en-citrine-chakra-solaire\/#primaryimage\",\"url\":\"https:\/\/www.spirit-us.eu\/wp-content\/uploads\/2025\/07\/IMG_6656.1-scaled.jpg\",\"contentUrl\":\"https:\/\/www.spirit-us.eu\/wp-content\/uploads\/2025\/07\/IMG_6656.1-scaled.jpg\",\"width\":2560,\"height\":2522},{\"@type\":\"BreadcrumbList\",\"@id\":\"https:\/\/www.spirit-us.eu\/index.php\/produit\/pendentif-coeur-en-citrine-chakra-solaire\/#breadcrumb\",\"itemListElement\":[{\"@type\":\"ListItem\",\"position\":1,\"name\":\"Accueil\",\"item\":\"https:\/\/www.spirit-us.eu\/\"},{\"@type\":\"ListItem\",\"position\":2,\"name\":\"Boutique\",\"item\":\"https:\/\/www.spirit-us.eu\/index.php\/boutique\/\"},{\"@type\":\"ListItem\",\"position\":3,\"name\":\"PENDENTIF C\u0152UR EN CITRINE &#8211; chakra solaire\"}]},{\"@type\":\"WebSite\",\"@id\":\"https:\/\/www.spirit-us.eu\/#website\",\"url\":\"https:\/\/www.spirit-us.eu\/\",\"name\":\"Spirit-US\",\"description\":\"\",\"publisher\":{\"@id\":\"https:\/\/www.spirit-us.eu\/#organization\"},\"potentialAction\":[{\"@type\":\"SearchAction\",\"target\":{\"@type\":\"EntryPoint\",\"urlTemplate\":\"https:\/\/www.spirit-us.eu\/?s={search_term_string}\"},\"query-input\":{\"@type\":\"PropertyValueSpecification\",\"valueRequired\":true,\"valueName\":\"search_term_string\"}}],\"inLanguage\":\"fr-FR\"},{\"@type\":\"Organization\",\"@id\":\"https:\/\/www.spirit-us.eu\/#organization\",\"name\":\"Spirit-US\",\"url\":\"https:\/\/www.spirit-us.eu\/\",\"logo\":{\"@type\":\"ImageObject\",\"inLanguage\":\"fr-FR\",\"@id\":\"https:\/\/www.spirit-us.eu\/#\/schema\/logo\/image\/\",\"url\":\"https:\/\/www.spirit-us.eu\/wp-content\/uploads\/2025\/11\/logo-regarde-linterlocutrice-sans-arrriere-plan.jpg\",\"contentUrl\":\"https:\/\/www.spirit-us.eu\/wp-content\/uploads\/2025\/11\/logo-regarde-linterlocutrice-sans-arrriere-plan.jpg\",\"width\":1080,\"height\":1080,\"caption\":\"Spirit-US\"},\"image\":{\"@id\":\"https:\/\/www.spirit-us.eu\/#\/schema\/logo\/image\/\"},\"sameAs\":[\"https:\/\/www.facebook.com\/spirit.us.deum\"]}]}<\/script>\n<!-- \/ Yoast SEO plugin. -->","yoast_head_json":{"title":"PENDENTIF C\u0152UR EN CITRINE - chakra solaire - Spirit-US","robots":{"index":"index","follow":"follow","max-snippet":"max-snippet:-1","max-image-preview":"max-image-preview:large","max-video-preview":"max-video-preview:-1"},"canonical":"https:\/\/www.spirit-us.eu\/index.php\/produit\/pendentif-coeur-en-citrine-chakra-solaire\/","og_locale":"fr_FR","og_type":"article","og_title":"PENDENTIF C\u0152UR EN CITRINE - chakra solaire - Spirit-US","og_description":"Tr\u00e8s joli pendentif en forme de c\u0153ur, en pierre\u00a0 de citrine, symbolisant l\u2019\u00e9veil du chakra du plexus solaire : pierre de la richesse, \u00e9nergisante, et pierre de la cr\u00e9ativit\u00e9 sacr\u00e9e. Ni trop grand, ni trop petit, il a une taille discr\u00e8te.\u00a0 Il se porte seul ou avec d\u2019autres bijoux.\u00a0 Les nombreuses couleurs de ces petits c\u0153urs en pierres semi-pr\u00e9cieuses, permet de l\u2019assortir \u00e0 votre tenue, \u00e0 votre humeur ou \u00e0 l\u2019\u00e9nergie que vous souhaitez travailler \u00e0 un moment pr\u00e9cis. La citrine est connue pour ses vertus apaisantes d'une part et dynamisantes d'autre part.\u00a0 On lui attribue la facult\u00e9 d'aider \u00e0 lutter contre la d\u00e9pression et la col\u00e8re; elle augmente la confiance en soi et renforce la d\u00e9termination. C\u2019est un cadeau id\u00e9al \u00e0 offrir en toute circonstance ; il convient tr\u00e8s bien pour la f\u00eate des m\u00e8res ou la saint Valentin. Il est livr\u00e9 dans son \u00e9crin blanc avec une cha\u00eenette dor\u00e9e.","og_url":"https:\/\/www.spirit-us.eu\/index.php\/produit\/pendentif-coeur-en-citrine-chakra-solaire\/","og_site_name":"Spirit-US","article_publisher":"https:\/\/www.facebook.com\/spirit.us.deum","article_modified_time":"2025-12-17T13:54:14+00:00","og_image":[{"width":2560,"height":2522,"url":"https:\/\/www.spirit-us.eu\/wp-content\/uploads\/2025\/07\/IMG_6656.1-scaled.jpg","type":"image\/jpeg"}],"twitter_card":"summary_large_image","schema":{"@context":"https:\/\/schema.org","@graph":[{"@type":"WebPage","@id":"https:\/\/www.spirit-us.eu\/index.php\/produit\/pendentif-coeur-en-citrine-chakra-solaire\/","url":"https:\/\/www.spirit-us.eu\/index.php\/produit\/pendentif-coeur-en-citrine-chakra-solaire\/","name":"PENDENTIF C\u0152UR EN CITRINE - chakra solaire - Spirit-US","isPartOf":{"@id":"https:\/\/www.spirit-us.eu\/#website"},"primaryImageOfPage":{"@id":"https:\/\/www.spirit-us.eu\/index.php\/produit\/pendentif-coeur-en-citrine-chakra-solaire\/#primaryimage"},"image":{"@id":"https:\/\/www.spirit-us.eu\/index.php\/produit\/pendentif-coeur-en-citrine-chakra-solaire\/#primaryimage"},"thumbnailUrl":"https:\/\/www.spirit-us.eu\/wp-content\/uploads\/2025\/07\/IMG_6656.1-scaled.jpg","datePublished":"2025-07-13T08:02:40+00:00","dateModified":"2025-12-17T13:54:14+00:00","breadcrumb":{"@id":"https:\/\/www.spirit-us.eu\/index.php\/produit\/pendentif-coeur-en-citrine-chakra-solaire\/#breadcrumb"},"inLanguage":"fr-FR","potentialAction":[{"@type":"ReadAction","target":["https:\/\/www.spirit-us.eu\/index.php\/produit\/pendentif-coeur-en-citrine-chakra-solaire\/"]}]},{"@type":"ImageObject","inLanguage":"fr-FR","@id":"https:\/\/www.spirit-us.eu\/index.php\/produit\/pendentif-coeur-en-citrine-chakra-solaire\/#primaryimage","url":"https:\/\/www.spirit-us.eu\/wp-content\/uploads\/2025\/07\/IMG_6656.1-scaled.jpg","contentUrl":"https:\/\/www.spirit-us.eu\/wp-content\/uploads\/2025\/07\/IMG_6656.1-scaled.jpg","width":2560,"height":2522},{"@type":"BreadcrumbList","@id":"https:\/\/www.spirit-us.eu\/index.php\/produit\/pendentif-coeur-en-citrine-chakra-solaire\/#breadcrumb","itemListElement":[{"@type":"ListItem","position":1,"name":"Accueil","item":"https:\/\/www.spirit-us.eu\/"},{"@type":"ListItem","position":2,"name":"Boutique","item":"https:\/\/www.spirit-us.eu\/index.php\/boutique\/"},{"@type":"ListItem","position":3,"name":"PENDENTIF C\u0152UR EN CITRINE &#8211; chakra solaire"}]},{"@type":"WebSite","@id":"https:\/\/www.spirit-us.eu\/#website","url":"https:\/\/www.spirit-us.eu\/","name":"Spirit-US","description":"","publisher":{"@id":"https:\/\/www.spirit-us.eu\/#organization"},"potentialAction":[{"@type":"SearchAction","target":{"@type":"EntryPoint","urlTemplate":"https:\/\/www.spirit-us.eu\/?s={search_term_string}"},"query-input":{"@type":"PropertyValueSpecification","valueRequired":true,"valueName":"search_term_string"}}],"inLanguage":"fr-FR"},{"@type":"Organization","@id":"https:\/\/www.spirit-us.eu\/#organization","name":"Spirit-US","url":"https:\/\/www.spirit-us.eu\/","logo":{"@type":"ImageObject","inLanguage":"fr-FR","@id":"https:\/\/www.spirit-us.eu\/#\/schema\/logo\/image\/","url":"https:\/\/www.spirit-us.eu\/wp-content\/uploads\/2025\/11\/logo-regarde-linterlocutrice-sans-arrriere-plan.jpg","contentUrl":"https:\/\/www.spirit-us.eu\/wp-content\/uploads\/2025\/11\/logo-regarde-linterlocutrice-sans-arrriere-plan.jpg","width":1080,"height":1080,"caption":"Spirit-US"},"image":{"@id":"https:\/\/www.spirit-us.eu\/#\/schema\/logo\/image\/"},"sameAs":["https:\/\/www.facebook.com\/spirit.us.deum"]}]}},"jetpack_sharing_enabled":true,"_links":{"self":[{"href":"https:\/\/www.spirit-us.eu\/index.php\/wp-json\/wp\/v2\/product\/1849","targetHints":{"allow":["GET"]}}],"collection":[{"href":"https:\/\/www.spirit-us.eu\/index.php\/wp-json\/wp\/v2\/product"}],"about":[{"href":"https:\/\/www.spirit-us.eu\/index.php\/wp-json\/wp\/v2\/types\/product"}],"replies":[{"embeddable":true,"href":"https:\/\/www.spirit-us.eu\/index.php\/wp-json\/wp\/v2\/comments?post=1849"}],"wp:featuredmedia":[{"embeddable":true,"href":"https:\/\/www.spirit-us.eu\/index.php\/wp-json\/wp\/v2\/media\/1844"}],"wp:attachment":[{"href":"https:\/\/www.spirit-us.eu\/index.php\/wp-json\/wp\/v2\/media?parent=1849"}],"wp:term":[{"taxonomy":"product_brand","embeddable":true,"href":"https:\/\/www.spirit-us.eu\/index.php\/wp-json\/wp\/v2\/product_brand?post=1849"},{"taxonomy":"product_cat","embeddable":true,"href":"https:\/\/www.spirit-us.eu\/index.php\/wp-json\/wp\/v2\/product_cat?post=1849"},{"taxonomy":"product_tag","embeddable":true,"href":"https:\/\/www.spirit-us.eu\/index.php\/wp-json\/wp\/v2\/product_tag?post=1849"},{"taxonomy":"mwb_booking_cost","embeddable":true,"href":"https:\/\/www.spirit-us.eu\/index.php\/wp-json\/wp\/v2\/mwb_booking_cost?post=1849"},{"taxonomy":"mwb_booking_service","embeddable":true,"href":"https:\/\/www.spirit-us.eu\/index.php\/wp-json\/wp\/v2\/mwb_booking_service?post=1849"}],"curies":[{"name":"wp","href":"https:\/\/api.w.org\/{rel}","templated":true}]}}