{"id":1811,"date":"2025-07-11T09:39:45","date_gmt":"2025-07-11T07:39:45","guid":{"rendered":"https:\/\/www.spirit-us.eu\/?post_type=product&#038;p=1811"},"modified":"2025-12-17T10:48:52","modified_gmt":"2025-12-17T09:48:52","slug":"bracelet-en-labradorite-defense-protection","status":"publish","type":"product","link":"https:\/\/www.spirit-us.eu\/index.php\/produit\/bracelet-en-labradorite-defense-protection\/","title":{"rendered":"BRACELET EN LABRADORITE \u2013 d\u00e9fense &#038; protection"},"content":{"rendered":"<p><strong>Nature des pierres<\/strong> : labradorite &#8211; une pierre semi-pr\u00e9cieuse \/ tr\u00e8s haute qualit\u00e9<\/p>\n<p><strong>Fa\u00e7on du bijou<\/strong> : pierres roul\u00e9es de fa\u00e7on artisanale \u2013 perles de 6 mm (peut varier l\u00e9g\u00e8rement) \u2013 mont\u00e9 sur fil \u00e9lastique solide<\/p>\n<p><strong>Couleurs<\/strong> : gris &#8211; diverses nuances de gris (clair &#8211; plus fonc\u00e9) &#8211; nuances m\u00e9tallis\u00e9es (la pierre contient du sodium, du calcium, des traces de fer et du potassium)<\/p>\n<p><strong>Origine<\/strong> : Canada (r\u00e9gion Innue)<\/p>\n<p><strong>Dimensions du bijou<\/strong> : 20 \u00e0 22 cm<\/p>\n<p><em>La labradorite tire son nom de la r\u00e9gion du Labrador au Canada; le mot signifie \u00ab\u00a0min\u00e9ral extrait au Labrador\u00a0\u00bb et a \u00e9t\u00e9 d\u00e9couvert \u00e0 la fin du <\/em>18<sup>\u00e8me\u00a0 <\/sup><em>si\u00e8cle. On l&rsquo;appelle aussi \u00ab\u00a0pierre de lune arc-en-ciel car ses couleurs sont changeantes en fonction de la luminosit\u00e9.<\/em><\/p>\n","protected":false},"excerpt":{"rendered":"<p style=\"text-align: justify;\">Tr\u00e8s joli bracelet, fin, en pierres naturelles grises, discr\u00e8tes. Porter ce bracelet offre un v\u00e9ritable bouclier contre les \u00e9nergies n\u00e9gatives.\u00a0 Les pierres contiennent entre autres du potassium.\u00a0 Les carences en potassium, pour la sant\u00e9, sont parfois difficiles \u00e0 d\u00e9celer car souvent asymptomatiques.\u00a0 Cette pierre est r\u00e9put\u00e9e pour r\u00e9guler &#8211; mais elle ne se substitue \u00e9videmment pas un traitement m\u00e9dical.\u00a0 Cela dit, on lui attribue les vertus de r\u00e9\u00e9quilibrer ce genre de carence et le syst\u00e8me digestif, de stimuler le syst\u00e8me immunitaire et les troubles hormonaux.\u00a0 Au plan psychique &amp; \u00e9nerg\u00e9tique, la labradorite prot\u00e8ge des \u00e9nergies toxiques, encourage le syst\u00e8me de d\u00e9fense, r\u00e9duit le stress et les troubles anxieux, et donne une belle \u00e9nergie combattive. Un cadeau discret \u00e0 se faire si on se retrouve dans ce genre de situation; ou \u00e0 offrir \u00e0 une personne ch\u00e8re dont on pense qu&rsquo;elle a besoin de cette pierre de protection.<\/p>\n","protected":false},"featured_media":1813,"comment_status":"open","ping_status":"closed","template":"","meta":[],"product_brand":[],"product_cat":[156,460,17],"product_tag":[248,247,169],"mwb_booking_cost":[],"mwb_booking_service":[],"class_list":{"0":"post-1811","1":"product","2":"type-product","3":"status-publish","4":"has-post-thumbnail","6":"product_cat-04-bijoux","7":"product_cat-bracelets","8":"product_cat-tous-les-produits","9":"product_tag-combat-psychique","10":"product_tag-energie-positive","11":"product_tag-protection","13":"first","14":"instock","15":"shipping-taxable","16":"purchasable","17":"product-type-simple"},"yoast_head":"<!-- This site is optimized with the Yoast SEO plugin v27.1.1 - https:\/\/yoast.com\/product\/yoast-seo-wordpress\/ -->\n<title>BRACELET EN LABRADORITE \u2013 d\u00e9fense &amp; protection - Spirit-US<\/title>\n<meta name=\"robots\" content=\"index, follow, max-snippet:-1, max-image-preview:large, max-video-preview:-1\" \/>\n<link rel=\"canonical\" href=\"https:\/\/www.spirit-us.eu\/index.php\/produit\/bracelet-en-labradorite-defense-protection\/\" \/>\n<meta property=\"og:locale\" content=\"fr_FR\" \/>\n<meta property=\"og:type\" content=\"article\" \/>\n<meta property=\"og:title\" content=\"BRACELET EN LABRADORITE \u2013 d\u00e9fense &amp; protection - Spirit-US\" \/>\n<meta property=\"og:description\" content=\"Tr\u00e8s joli bracelet, fin, en pierres naturelles grises, discr\u00e8tes. Porter ce bracelet offre un v\u00e9ritable bouclier contre les \u00e9nergies n\u00e9gatives.\u00a0 Les pierres contiennent entre autres du potassium.\u00a0 Les carences en potassium, pour la sant\u00e9, sont parfois difficiles \u00e0 d\u00e9celer car souvent asymptomatiques.\u00a0 Cette pierre est r\u00e9put\u00e9e pour r\u00e9guler - mais elle ne se substitue \u00e9videmment pas un traitement m\u00e9dical.\u00a0 Cela dit, on lui attribue les vertus de r\u00e9\u00e9quilibrer ce genre de carence et le syst\u00e8me digestif, de stimuler le syst\u00e8me immunitaire et les troubles hormonaux.\u00a0 Au plan psychique &amp; \u00e9nerg\u00e9tique, la labradorite prot\u00e8ge des \u00e9nergies toxiques, encourage le syst\u00e8me de d\u00e9fense, r\u00e9duit le stress et les troubles anxieux, et donne une belle \u00e9nergie combattive. Un cadeau discret \u00e0 se faire si on se retrouve dans ce genre de situation; ou \u00e0 offrir \u00e0 une personne ch\u00e8re dont on pense qu&#039;elle a besoin de cette pierre de protection.\" \/>\n<meta property=\"og:url\" content=\"https:\/\/www.spirit-us.eu\/index.php\/produit\/bracelet-en-labradorite-defense-protection\/\" \/>\n<meta property=\"og:site_name\" content=\"Spirit-US\" \/>\n<meta property=\"article:publisher\" content=\"https:\/\/www.facebook.com\/spirit.us.deum\" \/>\n<meta property=\"article:modified_time\" content=\"2025-12-17T09:48:52+00:00\" \/>\n<meta property=\"og:image\" content=\"https:\/\/www.spirit-us.eu\/wp-content\/uploads\/2025\/07\/bracelet-labradorite-image-produit-1024x1024.png\" \/>\n\t<meta property=\"og:image:width\" content=\"1024\" \/>\n\t<meta property=\"og:image:height\" content=\"1024\" \/>\n\t<meta property=\"og:image:type\" content=\"image\/png\" \/>\n<meta name=\"twitter:card\" content=\"summary_large_image\" \/>\n<meta name=\"twitter:label1\" content=\"Dur\u00e9e de lecture estim\u00e9e\" \/>\n\t<meta name=\"twitter:data1\" content=\"1 minute\" \/>\n<script type=\"application\/ld+json\" class=\"yoast-schema-graph\">{\"@context\":\"https:\/\/schema.org\",\"@graph\":[{\"@type\":\"WebPage\",\"@id\":\"https:\/\/www.spirit-us.eu\/index.php\/produit\/bracelet-en-labradorite-defense-protection\/\",\"url\":\"https:\/\/www.spirit-us.eu\/index.php\/produit\/bracelet-en-labradorite-defense-protection\/\",\"name\":\"BRACELET EN LABRADORITE \u2013 d\u00e9fense & protection - Spirit-US\",\"isPartOf\":{\"@id\":\"https:\/\/www.spirit-us.eu\/#website\"},\"primaryImageOfPage\":{\"@id\":\"https:\/\/www.spirit-us.eu\/index.php\/produit\/bracelet-en-labradorite-defense-protection\/#primaryimage\"},\"image\":{\"@id\":\"https:\/\/www.spirit-us.eu\/index.php\/produit\/bracelet-en-labradorite-defense-protection\/#primaryimage\"},\"thumbnailUrl\":\"https:\/\/www.spirit-us.eu\/wp-content\/uploads\/2025\/07\/bracelet-labradorite-image-produit.png\",\"datePublished\":\"2025-07-11T07:39:45+00:00\",\"dateModified\":\"2025-12-17T09:48:52+00:00\",\"breadcrumb\":{\"@id\":\"https:\/\/www.spirit-us.eu\/index.php\/produit\/bracelet-en-labradorite-defense-protection\/#breadcrumb\"},\"inLanguage\":\"fr-FR\",\"potentialAction\":[{\"@type\":\"ReadAction\",\"target\":[\"https:\/\/www.spirit-us.eu\/index.php\/produit\/bracelet-en-labradorite-defense-protection\/\"]}]},{\"@type\":\"ImageObject\",\"inLanguage\":\"fr-FR\",\"@id\":\"https:\/\/www.spirit-us.eu\/index.php\/produit\/bracelet-en-labradorite-defense-protection\/#primaryimage\",\"url\":\"https:\/\/www.spirit-us.eu\/wp-content\/uploads\/2025\/07\/bracelet-labradorite-image-produit.png\",\"contentUrl\":\"https:\/\/www.spirit-us.eu\/wp-content\/uploads\/2025\/07\/bracelet-labradorite-image-produit.png\",\"width\":2295,\"height\":2295},{\"@type\":\"BreadcrumbList\",\"@id\":\"https:\/\/www.spirit-us.eu\/index.php\/produit\/bracelet-en-labradorite-defense-protection\/#breadcrumb\",\"itemListElement\":[{\"@type\":\"ListItem\",\"position\":1,\"name\":\"Accueil\",\"item\":\"https:\/\/www.spirit-us.eu\/\"},{\"@type\":\"ListItem\",\"position\":2,\"name\":\"Boutique\",\"item\":\"https:\/\/www.spirit-us.eu\/index.php\/boutique\/\"},{\"@type\":\"ListItem\",\"position\":3,\"name\":\"BRACELET EN LABRADORITE \u2013 d\u00e9fense &#038; protection\"}]},{\"@type\":\"WebSite\",\"@id\":\"https:\/\/www.spirit-us.eu\/#website\",\"url\":\"https:\/\/www.spirit-us.eu\/\",\"name\":\"Spirit-US\",\"description\":\"\",\"publisher\":{\"@id\":\"https:\/\/www.spirit-us.eu\/#organization\"},\"potentialAction\":[{\"@type\":\"SearchAction\",\"target\":{\"@type\":\"EntryPoint\",\"urlTemplate\":\"https:\/\/www.spirit-us.eu\/?s={search_term_string}\"},\"query-input\":{\"@type\":\"PropertyValueSpecification\",\"valueRequired\":true,\"valueName\":\"search_term_string\"}}],\"inLanguage\":\"fr-FR\"},{\"@type\":\"Organization\",\"@id\":\"https:\/\/www.spirit-us.eu\/#organization\",\"name\":\"Spirit-US\",\"url\":\"https:\/\/www.spirit-us.eu\/\",\"logo\":{\"@type\":\"ImageObject\",\"inLanguage\":\"fr-FR\",\"@id\":\"https:\/\/www.spirit-us.eu\/#\/schema\/logo\/image\/\",\"url\":\"https:\/\/www.spirit-us.eu\/wp-content\/uploads\/2025\/11\/logo-regarde-linterlocutrice-sans-arrriere-plan.jpg\",\"contentUrl\":\"https:\/\/www.spirit-us.eu\/wp-content\/uploads\/2025\/11\/logo-regarde-linterlocutrice-sans-arrriere-plan.jpg\",\"width\":1080,\"height\":1080,\"caption\":\"Spirit-US\"},\"image\":{\"@id\":\"https:\/\/www.spirit-us.eu\/#\/schema\/logo\/image\/\"},\"sameAs\":[\"https:\/\/www.facebook.com\/spirit.us.deum\"]}]}<\/script>\n<!-- \/ Yoast SEO plugin. -->","yoast_head_json":{"title":"BRACELET EN LABRADORITE \u2013 d\u00e9fense & protection - Spirit-US","robots":{"index":"index","follow":"follow","max-snippet":"max-snippet:-1","max-image-preview":"max-image-preview:large","max-video-preview":"max-video-preview:-1"},"canonical":"https:\/\/www.spirit-us.eu\/index.php\/produit\/bracelet-en-labradorite-defense-protection\/","og_locale":"fr_FR","og_type":"article","og_title":"BRACELET EN LABRADORITE \u2013 d\u00e9fense & protection - Spirit-US","og_description":"Tr\u00e8s joli bracelet, fin, en pierres naturelles grises, discr\u00e8tes. Porter ce bracelet offre un v\u00e9ritable bouclier contre les \u00e9nergies n\u00e9gatives.\u00a0 Les pierres contiennent entre autres du potassium.\u00a0 Les carences en potassium, pour la sant\u00e9, sont parfois difficiles \u00e0 d\u00e9celer car souvent asymptomatiques.\u00a0 Cette pierre est r\u00e9put\u00e9e pour r\u00e9guler - mais elle ne se substitue \u00e9videmment pas un traitement m\u00e9dical.\u00a0 Cela dit, on lui attribue les vertus de r\u00e9\u00e9quilibrer ce genre de carence et le syst\u00e8me digestif, de stimuler le syst\u00e8me immunitaire et les troubles hormonaux.\u00a0 Au plan psychique &amp; \u00e9nerg\u00e9tique, la labradorite prot\u00e8ge des \u00e9nergies toxiques, encourage le syst\u00e8me de d\u00e9fense, r\u00e9duit le stress et les troubles anxieux, et donne une belle \u00e9nergie combattive. Un cadeau discret \u00e0 se faire si on se retrouve dans ce genre de situation; ou \u00e0 offrir \u00e0 une personne ch\u00e8re dont on pense qu'elle a besoin de cette pierre de protection.","og_url":"https:\/\/www.spirit-us.eu\/index.php\/produit\/bracelet-en-labradorite-defense-protection\/","og_site_name":"Spirit-US","article_publisher":"https:\/\/www.facebook.com\/spirit.us.deum","article_modified_time":"2025-12-17T09:48:52+00:00","og_image":[{"width":1024,"height":1024,"url":"https:\/\/www.spirit-us.eu\/wp-content\/uploads\/2025\/07\/bracelet-labradorite-image-produit-1024x1024.png","type":"image\/png"}],"twitter_card":"summary_large_image","twitter_misc":{"Dur\u00e9e de lecture estim\u00e9e":"1 minute"},"schema":{"@context":"https:\/\/schema.org","@graph":[{"@type":"WebPage","@id":"https:\/\/www.spirit-us.eu\/index.php\/produit\/bracelet-en-labradorite-defense-protection\/","url":"https:\/\/www.spirit-us.eu\/index.php\/produit\/bracelet-en-labradorite-defense-protection\/","name":"BRACELET EN LABRADORITE \u2013 d\u00e9fense & protection - Spirit-US","isPartOf":{"@id":"https:\/\/www.spirit-us.eu\/#website"},"primaryImageOfPage":{"@id":"https:\/\/www.spirit-us.eu\/index.php\/produit\/bracelet-en-labradorite-defense-protection\/#primaryimage"},"image":{"@id":"https:\/\/www.spirit-us.eu\/index.php\/produit\/bracelet-en-labradorite-defense-protection\/#primaryimage"},"thumbnailUrl":"https:\/\/www.spirit-us.eu\/wp-content\/uploads\/2025\/07\/bracelet-labradorite-image-produit.png","datePublished":"2025-07-11T07:39:45+00:00","dateModified":"2025-12-17T09:48:52+00:00","breadcrumb":{"@id":"https:\/\/www.spirit-us.eu\/index.php\/produit\/bracelet-en-labradorite-defense-protection\/#breadcrumb"},"inLanguage":"fr-FR","potentialAction":[{"@type":"ReadAction","target":["https:\/\/www.spirit-us.eu\/index.php\/produit\/bracelet-en-labradorite-defense-protection\/"]}]},{"@type":"ImageObject","inLanguage":"fr-FR","@id":"https:\/\/www.spirit-us.eu\/index.php\/produit\/bracelet-en-labradorite-defense-protection\/#primaryimage","url":"https:\/\/www.spirit-us.eu\/wp-content\/uploads\/2025\/07\/bracelet-labradorite-image-produit.png","contentUrl":"https:\/\/www.spirit-us.eu\/wp-content\/uploads\/2025\/07\/bracelet-labradorite-image-produit.png","width":2295,"height":2295},{"@type":"BreadcrumbList","@id":"https:\/\/www.spirit-us.eu\/index.php\/produit\/bracelet-en-labradorite-defense-protection\/#breadcrumb","itemListElement":[{"@type":"ListItem","position":1,"name":"Accueil","item":"https:\/\/www.spirit-us.eu\/"},{"@type":"ListItem","position":2,"name":"Boutique","item":"https:\/\/www.spirit-us.eu\/index.php\/boutique\/"},{"@type":"ListItem","position":3,"name":"BRACELET EN LABRADORITE \u2013 d\u00e9fense &#038; protection"}]},{"@type":"WebSite","@id":"https:\/\/www.spirit-us.eu\/#website","url":"https:\/\/www.spirit-us.eu\/","name":"Spirit-US","description":"","publisher":{"@id":"https:\/\/www.spirit-us.eu\/#organization"},"potentialAction":[{"@type":"SearchAction","target":{"@type":"EntryPoint","urlTemplate":"https:\/\/www.spirit-us.eu\/?s={search_term_string}"},"query-input":{"@type":"PropertyValueSpecification","valueRequired":true,"valueName":"search_term_string"}}],"inLanguage":"fr-FR"},{"@type":"Organization","@id":"https:\/\/www.spirit-us.eu\/#organization","name":"Spirit-US","url":"https:\/\/www.spirit-us.eu\/","logo":{"@type":"ImageObject","inLanguage":"fr-FR","@id":"https:\/\/www.spirit-us.eu\/#\/schema\/logo\/image\/","url":"https:\/\/www.spirit-us.eu\/wp-content\/uploads\/2025\/11\/logo-regarde-linterlocutrice-sans-arrriere-plan.jpg","contentUrl":"https:\/\/www.spirit-us.eu\/wp-content\/uploads\/2025\/11\/logo-regarde-linterlocutrice-sans-arrriere-plan.jpg","width":1080,"height":1080,"caption":"Spirit-US"},"image":{"@id":"https:\/\/www.spirit-us.eu\/#\/schema\/logo\/image\/"},"sameAs":["https:\/\/www.facebook.com\/spirit.us.deum"]}]}},"jetpack_sharing_enabled":true,"_links":{"self":[{"href":"https:\/\/www.spirit-us.eu\/index.php\/wp-json\/wp\/v2\/product\/1811","targetHints":{"allow":["GET"]}}],"collection":[{"href":"https:\/\/www.spirit-us.eu\/index.php\/wp-json\/wp\/v2\/product"}],"about":[{"href":"https:\/\/www.spirit-us.eu\/index.php\/wp-json\/wp\/v2\/types\/product"}],"replies":[{"embeddable":true,"href":"https:\/\/www.spirit-us.eu\/index.php\/wp-json\/wp\/v2\/comments?post=1811"}],"wp:featuredmedia":[{"embeddable":true,"href":"https:\/\/www.spirit-us.eu\/index.php\/wp-json\/wp\/v2\/media\/1813"}],"wp:attachment":[{"href":"https:\/\/www.spirit-us.eu\/index.php\/wp-json\/wp\/v2\/media?parent=1811"}],"wp:term":[{"taxonomy":"product_brand","embeddable":true,"href":"https:\/\/www.spirit-us.eu\/index.php\/wp-json\/wp\/v2\/product_brand?post=1811"},{"taxonomy":"product_cat","embeddable":true,"href":"https:\/\/www.spirit-us.eu\/index.php\/wp-json\/wp\/v2\/product_cat?post=1811"},{"taxonomy":"product_tag","embeddable":true,"href":"https:\/\/www.spirit-us.eu\/index.php\/wp-json\/wp\/v2\/product_tag?post=1811"},{"taxonomy":"mwb_booking_cost","embeddable":true,"href":"https:\/\/www.spirit-us.eu\/index.php\/wp-json\/wp\/v2\/mwb_booking_cost?post=1811"},{"taxonomy":"mwb_booking_service","embeddable":true,"href":"https:\/\/www.spirit-us.eu\/index.php\/wp-json\/wp\/v2\/mwb_booking_service?post=1811"}],"curies":[{"name":"wp","href":"https:\/\/api.w.org\/{rel}","templated":true}]}}