{"id":1714,"date":"2025-06-04T18:13:31","date_gmt":"2025-06-04T16:13:31","guid":{"rendered":"https:\/\/www.spirit-us.eu\/?post_type=product&#038;p=1714"},"modified":"2025-06-05T20:57:04","modified_gmt":"2025-06-05T18:57:04","slug":"entrepreneur-e-prenez-soin-de-vous","status":"publish","type":"product","link":"https:\/\/www.spirit-us.eu\/index.php\/produit\/entrepreneur-e-prenez-soin-de-vous\/","title":{"rendered":"ENTREPRENEUR.E &#8211; prenez soin de vous"},"content":{"rendered":"<p><strong>Audio de soin mp3<\/strong> dynamique, mont\u00e9 avec une musique particuli\u00e8re pour se recentrer en tant qu\u2019entrepreneur.e.<\/p>\n<p><strong>Dur\u00e9e<\/strong>\u00a0: 16 minutes<\/p>\n<p><strong>Musique<\/strong>\u00a0: inspir\u00e9e de Vang\u00e9lis (Conquest of Paradise)<\/p>\n<p><strong>Objectifs<\/strong>\u00a0: ouvrir l\u2019espace int\u00e9rieur, dynamiser les ressources, apporter une nouvelle \u00e9nergie et cr\u00e9er un ancrage r\u00e9activable \u00e0 tout moment.<\/p>\n<p><strong>Auteure<\/strong>\u00a0: Lola LACROIX [tous droits r\u00e9serv\u00e9s]<\/p>\n<p><strong>Produits conseill\u00e9s<\/strong> <strong>en synergie<\/strong>\u00a0:\u00a0pour optimiser la dynamique \u00e9nerg\u00e9tique, l\u2019\u00e9leuth\u00e9rocoque, le gingko biloba<\/p>\n<p><strong>Label\u00a0<\/strong>: r\u00e9alisation 100% humaine et artisanale<\/p>\n","protected":false},"excerpt":{"rendered":"<p style=\"text-align: justify;\">En \u00e9tablissant une solide protection \u00e9nerg\u00e9tique, ce soin vous invite \u00e0 apaiser votre corps physique, tandis que vous instaurez un espace de d\u00e9tente et un canal de communication avec votre inconscient et vos corps \u00e9nerg\u00e9tiques. Il ne s\u2019agit pas d\u2019hypnose ni de m\u00e9ditation, mais d\u2019un soin dynamique permettant de se r\u00e9ancrer \u00e0 tout moment de la journ\u00e9e via un geste d\u2019ancrage simple.\u00a0 Lorsque le besoin s\u2019en fait sentir, il vous suffit de vous accorder un quart d\u2019heure au calme pour recr\u00e9er vos forces, ou pour les cr\u00e9er le matin, pour visualiser de fa\u00e7on cr\u00e9ative la suite de vos activit\u00e9s.\u00a0 Le geste d\u2019ancrage vous permet m\u00eame de r\u00e9activer l\u2019ensemble de ce soin en quelques secondes, par exemple, avant d\u2019entrer en r\u00e9union. Un moment intense assorti d\u2019une belle musique. Vous pouvez trouver ici des teintures-m\u00e8res faites avec de puissantes plantes pour optimiser encore de fa\u00e7on naturelle et non-addictive, la dynamique que vous recherchez. Prenez soin de vous\u00a0!<\/p>\n","protected":false},"featured_media":1715,"comment_status":"open","ping_status":"closed","template":"","meta":[],"product_brand":[],"product_cat":[155,17],"product_tag":[],"mwb_booking_cost":[],"mwb_booking_service":[],"class_list":{"0":"post-1714","1":"product","2":"type-product","3":"status-publish","4":"has-post-thumbnail","6":"product_cat-02-soins-accueil","7":"product_cat-tous-les-produits","9":"first","10":"instock","11":"downloadable","12":"virtual","13":"purchasable","14":"product-type-simple"},"yoast_head":"<!-- This site is optimized with the Yoast SEO plugin v27.1.1 - https:\/\/yoast.com\/product\/yoast-seo-wordpress\/ -->\n<title>ENTREPRENEUR.E - prenez soin de vous - Spirit-US<\/title>\n<meta name=\"robots\" content=\"index, follow, max-snippet:-1, max-image-preview:large, max-video-preview:-1\" \/>\n<link rel=\"canonical\" href=\"https:\/\/www.spirit-us.eu\/index.php\/produit\/entrepreneur-e-prenez-soin-de-vous\/\" \/>\n<meta property=\"og:locale\" content=\"fr_FR\" \/>\n<meta property=\"og:type\" content=\"article\" \/>\n<meta property=\"og:title\" content=\"ENTREPRENEUR.E - prenez soin de vous - Spirit-US\" \/>\n<meta property=\"og:description\" content=\"En \u00e9tablissant une solide protection \u00e9nerg\u00e9tique, ce soin vous invite \u00e0 apaiser votre corps physique, tandis que vous instaurez un espace de d\u00e9tente et un canal de communication avec votre inconscient et vos corps \u00e9nerg\u00e9tiques. Il ne s\u2019agit pas d\u2019hypnose ni de m\u00e9ditation, mais d\u2019un soin dynamique permettant de se r\u00e9ancrer \u00e0 tout moment de la journ\u00e9e via un geste d\u2019ancrage simple.\u00a0 Lorsque le besoin s\u2019en fait sentir, il vous suffit de vous accorder un quart d\u2019heure au calme pour recr\u00e9er vos forces, ou pour les cr\u00e9er le matin, pour visualiser de fa\u00e7on cr\u00e9ative la suite de vos activit\u00e9s.\u00a0 Le geste d\u2019ancrage vous permet m\u00eame de r\u00e9activer l\u2019ensemble de ce soin en quelques secondes, par exemple, avant d\u2019entrer en r\u00e9union. Un moment intense assorti d\u2019une belle musique. Vous pouvez trouver ici des teintures-m\u00e8res faites avec de puissantes plantes pour optimiser encore de fa\u00e7on naturelle et non-addictive, la dynamique que vous recherchez. Prenez soin de vous\u00a0!\" \/>\n<meta property=\"og:url\" content=\"https:\/\/www.spirit-us.eu\/index.php\/produit\/entrepreneur-e-prenez-soin-de-vous\/\" \/>\n<meta property=\"og:site_name\" content=\"Spirit-US\" \/>\n<meta property=\"article:publisher\" content=\"https:\/\/www.facebook.com\/spirit.us.deum\" \/>\n<meta property=\"article:modified_time\" content=\"2025-06-05T18:57:04+00:00\" \/>\n<meta property=\"og:image\" content=\"https:\/\/www.spirit-us.eu\/wp-content\/uploads\/2025\/06\/image-produit-complete-1024x1024.png\" \/>\n\t<meta property=\"og:image:width\" content=\"1024\" \/>\n\t<meta property=\"og:image:height\" content=\"1024\" \/>\n\t<meta property=\"og:image:type\" content=\"image\/png\" \/>\n<meta name=\"twitter:card\" content=\"summary_large_image\" \/>\n<script type=\"application\/ld+json\" class=\"yoast-schema-graph\">{\"@context\":\"https:\/\/schema.org\",\"@graph\":[{\"@type\":\"WebPage\",\"@id\":\"https:\/\/www.spirit-us.eu\/index.php\/produit\/entrepreneur-e-prenez-soin-de-vous\/\",\"url\":\"https:\/\/www.spirit-us.eu\/index.php\/produit\/entrepreneur-e-prenez-soin-de-vous\/\",\"name\":\"ENTREPRENEUR.E - prenez soin de vous - Spirit-US\",\"isPartOf\":{\"@id\":\"https:\/\/www.spirit-us.eu\/#website\"},\"primaryImageOfPage\":{\"@id\":\"https:\/\/www.spirit-us.eu\/index.php\/produit\/entrepreneur-e-prenez-soin-de-vous\/#primaryimage\"},\"image\":{\"@id\":\"https:\/\/www.spirit-us.eu\/index.php\/produit\/entrepreneur-e-prenez-soin-de-vous\/#primaryimage\"},\"thumbnailUrl\":\"https:\/\/www.spirit-us.eu\/wp-content\/uploads\/2025\/06\/image-produit-complete.png\",\"datePublished\":\"2025-06-04T16:13:31+00:00\",\"dateModified\":\"2025-06-05T18:57:04+00:00\",\"breadcrumb\":{\"@id\":\"https:\/\/www.spirit-us.eu\/index.php\/produit\/entrepreneur-e-prenez-soin-de-vous\/#breadcrumb\"},\"inLanguage\":\"fr-FR\",\"potentialAction\":[{\"@type\":\"ReadAction\",\"target\":[\"https:\/\/www.spirit-us.eu\/index.php\/produit\/entrepreneur-e-prenez-soin-de-vous\/\"]}]},{\"@type\":\"ImageObject\",\"inLanguage\":\"fr-FR\",\"@id\":\"https:\/\/www.spirit-us.eu\/index.php\/produit\/entrepreneur-e-prenez-soin-de-vous\/#primaryimage\",\"url\":\"https:\/\/www.spirit-us.eu\/wp-content\/uploads\/2025\/06\/image-produit-complete.png\",\"contentUrl\":\"https:\/\/www.spirit-us.eu\/wp-content\/uploads\/2025\/06\/image-produit-complete.png\",\"width\":2160,\"height\":2160},{\"@type\":\"BreadcrumbList\",\"@id\":\"https:\/\/www.spirit-us.eu\/index.php\/produit\/entrepreneur-e-prenez-soin-de-vous\/#breadcrumb\",\"itemListElement\":[{\"@type\":\"ListItem\",\"position\":1,\"name\":\"Accueil\",\"item\":\"https:\/\/www.spirit-us.eu\/\"},{\"@type\":\"ListItem\",\"position\":2,\"name\":\"Boutique\",\"item\":\"https:\/\/www.spirit-us.eu\/index.php\/boutique\/\"},{\"@type\":\"ListItem\",\"position\":3,\"name\":\"ENTREPRENEUR.E &#8211; prenez soin de vous\"}]},{\"@type\":\"WebSite\",\"@id\":\"https:\/\/www.spirit-us.eu\/#website\",\"url\":\"https:\/\/www.spirit-us.eu\/\",\"name\":\"Spirit-US\",\"description\":\"\",\"publisher\":{\"@id\":\"https:\/\/www.spirit-us.eu\/#organization\"},\"potentialAction\":[{\"@type\":\"SearchAction\",\"target\":{\"@type\":\"EntryPoint\",\"urlTemplate\":\"https:\/\/www.spirit-us.eu\/?s={search_term_string}\"},\"query-input\":{\"@type\":\"PropertyValueSpecification\",\"valueRequired\":true,\"valueName\":\"search_term_string\"}}],\"inLanguage\":\"fr-FR\"},{\"@type\":\"Organization\",\"@id\":\"https:\/\/www.spirit-us.eu\/#organization\",\"name\":\"Spirit-US\",\"url\":\"https:\/\/www.spirit-us.eu\/\",\"logo\":{\"@type\":\"ImageObject\",\"inLanguage\":\"fr-FR\",\"@id\":\"https:\/\/www.spirit-us.eu\/#\/schema\/logo\/image\/\",\"url\":\"https:\/\/www.spirit-us.eu\/wp-content\/uploads\/2025\/11\/logo-regarde-linterlocutrice-sans-arrriere-plan.jpg\",\"contentUrl\":\"https:\/\/www.spirit-us.eu\/wp-content\/uploads\/2025\/11\/logo-regarde-linterlocutrice-sans-arrriere-plan.jpg\",\"width\":1080,\"height\":1080,\"caption\":\"Spirit-US\"},\"image\":{\"@id\":\"https:\/\/www.spirit-us.eu\/#\/schema\/logo\/image\/\"},\"sameAs\":[\"https:\/\/www.facebook.com\/spirit.us.deum\"]}]}<\/script>\n<!-- \/ Yoast SEO plugin. -->","yoast_head_json":{"title":"ENTREPRENEUR.E - prenez soin de vous - Spirit-US","robots":{"index":"index","follow":"follow","max-snippet":"max-snippet:-1","max-image-preview":"max-image-preview:large","max-video-preview":"max-video-preview:-1"},"canonical":"https:\/\/www.spirit-us.eu\/index.php\/produit\/entrepreneur-e-prenez-soin-de-vous\/","og_locale":"fr_FR","og_type":"article","og_title":"ENTREPRENEUR.E - prenez soin de vous - Spirit-US","og_description":"En \u00e9tablissant une solide protection \u00e9nerg\u00e9tique, ce soin vous invite \u00e0 apaiser votre corps physique, tandis que vous instaurez un espace de d\u00e9tente et un canal de communication avec votre inconscient et vos corps \u00e9nerg\u00e9tiques. Il ne s\u2019agit pas d\u2019hypnose ni de m\u00e9ditation, mais d\u2019un soin dynamique permettant de se r\u00e9ancrer \u00e0 tout moment de la journ\u00e9e via un geste d\u2019ancrage simple.\u00a0 Lorsque le besoin s\u2019en fait sentir, il vous suffit de vous accorder un quart d\u2019heure au calme pour recr\u00e9er vos forces, ou pour les cr\u00e9er le matin, pour visualiser de fa\u00e7on cr\u00e9ative la suite de vos activit\u00e9s.\u00a0 Le geste d\u2019ancrage vous permet m\u00eame de r\u00e9activer l\u2019ensemble de ce soin en quelques secondes, par exemple, avant d\u2019entrer en r\u00e9union. Un moment intense assorti d\u2019une belle musique. Vous pouvez trouver ici des teintures-m\u00e8res faites avec de puissantes plantes pour optimiser encore de fa\u00e7on naturelle et non-addictive, la dynamique que vous recherchez. Prenez soin de vous\u00a0!","og_url":"https:\/\/www.spirit-us.eu\/index.php\/produit\/entrepreneur-e-prenez-soin-de-vous\/","og_site_name":"Spirit-US","article_publisher":"https:\/\/www.facebook.com\/spirit.us.deum","article_modified_time":"2025-06-05T18:57:04+00:00","og_image":[{"width":1024,"height":1024,"url":"https:\/\/www.spirit-us.eu\/wp-content\/uploads\/2025\/06\/image-produit-complete-1024x1024.png","type":"image\/png"}],"twitter_card":"summary_large_image","schema":{"@context":"https:\/\/schema.org","@graph":[{"@type":"WebPage","@id":"https:\/\/www.spirit-us.eu\/index.php\/produit\/entrepreneur-e-prenez-soin-de-vous\/","url":"https:\/\/www.spirit-us.eu\/index.php\/produit\/entrepreneur-e-prenez-soin-de-vous\/","name":"ENTREPRENEUR.E - prenez soin de vous - Spirit-US","isPartOf":{"@id":"https:\/\/www.spirit-us.eu\/#website"},"primaryImageOfPage":{"@id":"https:\/\/www.spirit-us.eu\/index.php\/produit\/entrepreneur-e-prenez-soin-de-vous\/#primaryimage"},"image":{"@id":"https:\/\/www.spirit-us.eu\/index.php\/produit\/entrepreneur-e-prenez-soin-de-vous\/#primaryimage"},"thumbnailUrl":"https:\/\/www.spirit-us.eu\/wp-content\/uploads\/2025\/06\/image-produit-complete.png","datePublished":"2025-06-04T16:13:31+00:00","dateModified":"2025-06-05T18:57:04+00:00","breadcrumb":{"@id":"https:\/\/www.spirit-us.eu\/index.php\/produit\/entrepreneur-e-prenez-soin-de-vous\/#breadcrumb"},"inLanguage":"fr-FR","potentialAction":[{"@type":"ReadAction","target":["https:\/\/www.spirit-us.eu\/index.php\/produit\/entrepreneur-e-prenez-soin-de-vous\/"]}]},{"@type":"ImageObject","inLanguage":"fr-FR","@id":"https:\/\/www.spirit-us.eu\/index.php\/produit\/entrepreneur-e-prenez-soin-de-vous\/#primaryimage","url":"https:\/\/www.spirit-us.eu\/wp-content\/uploads\/2025\/06\/image-produit-complete.png","contentUrl":"https:\/\/www.spirit-us.eu\/wp-content\/uploads\/2025\/06\/image-produit-complete.png","width":2160,"height":2160},{"@type":"BreadcrumbList","@id":"https:\/\/www.spirit-us.eu\/index.php\/produit\/entrepreneur-e-prenez-soin-de-vous\/#breadcrumb","itemListElement":[{"@type":"ListItem","position":1,"name":"Accueil","item":"https:\/\/www.spirit-us.eu\/"},{"@type":"ListItem","position":2,"name":"Boutique","item":"https:\/\/www.spirit-us.eu\/index.php\/boutique\/"},{"@type":"ListItem","position":3,"name":"ENTREPRENEUR.E &#8211; prenez soin de vous"}]},{"@type":"WebSite","@id":"https:\/\/www.spirit-us.eu\/#website","url":"https:\/\/www.spirit-us.eu\/","name":"Spirit-US","description":"","publisher":{"@id":"https:\/\/www.spirit-us.eu\/#organization"},"potentialAction":[{"@type":"SearchAction","target":{"@type":"EntryPoint","urlTemplate":"https:\/\/www.spirit-us.eu\/?s={search_term_string}"},"query-input":{"@type":"PropertyValueSpecification","valueRequired":true,"valueName":"search_term_string"}}],"inLanguage":"fr-FR"},{"@type":"Organization","@id":"https:\/\/www.spirit-us.eu\/#organization","name":"Spirit-US","url":"https:\/\/www.spirit-us.eu\/","logo":{"@type":"ImageObject","inLanguage":"fr-FR","@id":"https:\/\/www.spirit-us.eu\/#\/schema\/logo\/image\/","url":"https:\/\/www.spirit-us.eu\/wp-content\/uploads\/2025\/11\/logo-regarde-linterlocutrice-sans-arrriere-plan.jpg","contentUrl":"https:\/\/www.spirit-us.eu\/wp-content\/uploads\/2025\/11\/logo-regarde-linterlocutrice-sans-arrriere-plan.jpg","width":1080,"height":1080,"caption":"Spirit-US"},"image":{"@id":"https:\/\/www.spirit-us.eu\/#\/schema\/logo\/image\/"},"sameAs":["https:\/\/www.facebook.com\/spirit.us.deum"]}]}},"jetpack_sharing_enabled":true,"_links":{"self":[{"href":"https:\/\/www.spirit-us.eu\/index.php\/wp-json\/wp\/v2\/product\/1714","targetHints":{"allow":["GET"]}}],"collection":[{"href":"https:\/\/www.spirit-us.eu\/index.php\/wp-json\/wp\/v2\/product"}],"about":[{"href":"https:\/\/www.spirit-us.eu\/index.php\/wp-json\/wp\/v2\/types\/product"}],"replies":[{"embeddable":true,"href":"https:\/\/www.spirit-us.eu\/index.php\/wp-json\/wp\/v2\/comments?post=1714"}],"wp:featuredmedia":[{"embeddable":true,"href":"https:\/\/www.spirit-us.eu\/index.php\/wp-json\/wp\/v2\/media\/1715"}],"wp:attachment":[{"href":"https:\/\/www.spirit-us.eu\/index.php\/wp-json\/wp\/v2\/media?parent=1714"}],"wp:term":[{"taxonomy":"product_brand","embeddable":true,"href":"https:\/\/www.spirit-us.eu\/index.php\/wp-json\/wp\/v2\/product_brand?post=1714"},{"taxonomy":"product_cat","embeddable":true,"href":"https:\/\/www.spirit-us.eu\/index.php\/wp-json\/wp\/v2\/product_cat?post=1714"},{"taxonomy":"product_tag","embeddable":true,"href":"https:\/\/www.spirit-us.eu\/index.php\/wp-json\/wp\/v2\/product_tag?post=1714"},{"taxonomy":"mwb_booking_cost","embeddable":true,"href":"https:\/\/www.spirit-us.eu\/index.php\/wp-json\/wp\/v2\/mwb_booking_cost?post=1714"},{"taxonomy":"mwb_booking_service","embeddable":true,"href":"https:\/\/www.spirit-us.eu\/index.php\/wp-json\/wp\/v2\/mwb_booking_service?post=1714"}],"curies":[{"name":"wp","href":"https:\/\/api.w.org\/{rel}","templated":true}]}}