{"id":1622,"date":"2025-05-22T18:54:09","date_gmt":"2025-05-22T16:54:09","guid":{"rendered":"https:\/\/www.spirit-us.eu\/?post_type=product&#038;p=1622"},"modified":"2025-05-27T11:14:06","modified_gmt":"2025-05-27T09:14:06","slug":"detoxifier-debloquer","status":"publish","type":"product","link":"https:\/\/www.spirit-us.eu\/index.php\/produit\/detoxifier-debloquer\/","title":{"rendered":"DETOXIFIER &#038; DEBLOQUER &#8211; la Sauge"},"content":{"rendered":"<p><strong>Nature du produit<\/strong> : compl\u00e9ment alimentaire<\/p>\n<p><strong>Composantes<\/strong> : salvia medicinalis<\/p>\n<p><strong>Composantes secondaires<\/strong> : propolis, glyc\u00e9rine, eau distill\u00e9e<\/p>\n<p><strong>Conditionnement<\/strong> : compte-gouttes de 30 ml<\/p>\n<p><strong>Garanties<\/strong> : ce produit a pass\u00e9 tous les tests des autorit\u00e9s en charge de la s\u00e9curit\u00e9 alimentaire<\/p>\n<p><strong>Dosage conseill\u00e9<\/strong> : ne pas d\u00e9passer les 3&#215;15 gouttes par jour<\/p>\n<p><strong>Conseil d&rsquo;utilisation<\/strong> :\u00a0 il est conseill\u00e9 de l&rsquo;additionner \u00e0 un jus de fruits ou \u00e0 une tisane \u00e9ventuellement sucr\u00e9e au sirop de canne bio.<\/p>\n<p>Ceci est un compl\u00e9ment alimentaire. Il convient de l&rsquo;utiliser selon les indications.\u00a0 Il ne se substitue en aucun cas \u00e0 un traitement sous contr\u00f4le m\u00e9dical.<\/p>\n<p>La sauge est une plante puissante et gu\u00e9risseuse.\u00a0 Elle est faite pour soulager le corps physique et en aucun cas pour \u00eatre incin\u00e9r\u00e9e \u00e0 des fins de superstition.\u00a0 A ce sujet, nous avons publi\u00e9 une vid\u00e9o : <a href=\"https:\/\/youtu.be\/0-BlaiX0KHI\" target=\"_blank\" rel=\"noopener\">https:\/\/youtu.be\/0-BlaiX0KHI<\/a><\/p>\n","protected":false},"excerpt":{"rendered":"<p style=\"text-align: justify;\">La base de ce produit est la sauge m\u00e9dicinale (<em>salvia medicinalis<\/em>). Cette plante est notamment apaisante et antiseptique, gr\u00e2ce \u00e0 ses propri\u00e9t\u00e9s anti-inflammatoires; la sauge est aussi utilis\u00e9e en cas de gingivite, d&rsquo;amygdalite ou d&rsquo;aphte. F\u00e9brifuge, la sauge aide \u00e0 faire baisser la fi\u00e8vre. Elle apaise les maux d\u2019estomac et d\u00e9bloque l\u2019intestin. La sauge officinale est aussi appel\u00e9e la plante des femmes, car elle apaise les troubles li\u00e9s aux r\u00e8gles et \u00e0 la m\u00e9nopause : elle r\u00e9gule les taux hormonaux f\u00e9minins.\u00a0 Elle est aussi anti\u00e9m\u00e9tique. Elle permet d\u2019abaisser le taux de cholest\u00e9rol. Le produit ici pr\u00e9sent\u00e9 peut \u00eatre qualifi\u00e9 de d\u00e9toxifiant. Pour les gargarismes et le traitement de la toux des fumeurs, r\u00e9f\u00e9rez-vous \u00e0 notre huile essentielle de sauge et \u00e0 notre tisane (100% bio et cultiv\u00e9e par nos soins).<\/p>\n","protected":false},"featured_media":1623,"comment_status":"open","ping_status":"closed","template":"","meta":[],"product_brand":[],"product_cat":[163,17],"product_tag":[189],"mwb_booking_cost":[],"mwb_booking_service":[],"class_list":{"0":"post-1622","1":"product","2":"type-product","3":"status-publish","4":"has-post-thumbnail","6":"product_cat-07-plantes-huiles-remedes","7":"product_cat-tous-les-produits","8":"product_tag-phytotherapie","10":"first","11":"instock","12":"shipping-taxable","13":"purchasable","14":"product-type-simple"},"yoast_head":"<!-- This site is optimized with the Yoast SEO plugin v27.1.1 - https:\/\/yoast.com\/product\/yoast-seo-wordpress\/ -->\n<title>DETOXIFIER &amp; DEBLOQUER - la Sauge - Spirit-US<\/title>\n<meta name=\"robots\" content=\"index, follow, max-snippet:-1, max-image-preview:large, max-video-preview:-1\" \/>\n<link rel=\"canonical\" href=\"https:\/\/www.spirit-us.eu\/index.php\/produit\/detoxifier-debloquer\/\" \/>\n<meta property=\"og:locale\" content=\"fr_FR\" \/>\n<meta property=\"og:type\" content=\"article\" \/>\n<meta property=\"og:title\" content=\"DETOXIFIER &amp; DEBLOQUER - la Sauge - Spirit-US\" \/>\n<meta property=\"og:description\" content=\"La base de ce produit est la sauge m\u00e9dicinale (salvia medicinalis). Cette plante est notamment apaisante et antiseptique, gr\u00e2ce \u00e0 ses propri\u00e9t\u00e9s anti-inflammatoires; la sauge est aussi utilis\u00e9e en cas de gingivite, d&#039;amygdalite ou d&#039;aphte. F\u00e9brifuge, la sauge aide \u00e0 faire baisser la fi\u00e8vre. Elle apaise les maux d\u2019estomac et d\u00e9bloque l\u2019intestin. La sauge officinale est aussi appel\u00e9e la plante des femmes, car elle apaise les troubles li\u00e9s aux r\u00e8gles et \u00e0 la m\u00e9nopause : elle r\u00e9gule les taux hormonaux f\u00e9minins.\u00a0 Elle est aussi anti\u00e9m\u00e9tique. Elle permet d\u2019abaisser le taux de cholest\u00e9rol. Le produit ici pr\u00e9sent\u00e9 peut \u00eatre qualifi\u00e9 de d\u00e9toxifiant. Pour les gargarismes et le traitement de la toux des fumeurs, r\u00e9f\u00e9rez-vous \u00e0 notre huile essentielle de sauge et \u00e0 notre tisane (100% bio et cultiv\u00e9e par nos soins).\" \/>\n<meta property=\"og:url\" content=\"https:\/\/www.spirit-us.eu\/index.php\/produit\/detoxifier-debloquer\/\" \/>\n<meta property=\"og:site_name\" content=\"Spirit-US\" \/>\n<meta property=\"article:publisher\" content=\"https:\/\/www.facebook.com\/spirit.us.deum\" \/>\n<meta property=\"article:modified_time\" content=\"2025-05-27T09:14:06+00:00\" \/>\n<meta property=\"og:image\" content=\"https:\/\/www.spirit-us.eu\/wp-content\/uploads\/2025\/05\/sauge-image-produit.png\" \/>\n\t<meta property=\"og:image:width\" content=\"1485\" \/>\n\t<meta property=\"og:image:height\" content=\"1485\" \/>\n\t<meta property=\"og:image:type\" content=\"image\/png\" \/>\n<meta name=\"twitter:card\" content=\"summary_large_image\" \/>\n<meta name=\"twitter:label1\" content=\"Dur\u00e9e de lecture estim\u00e9e\" \/>\n\t<meta name=\"twitter:data1\" content=\"1 minute\" \/>\n<script type=\"application\/ld+json\" class=\"yoast-schema-graph\">{\"@context\":\"https:\/\/schema.org\",\"@graph\":[{\"@type\":\"WebPage\",\"@id\":\"https:\/\/www.spirit-us.eu\/index.php\/produit\/detoxifier-debloquer\/\",\"url\":\"https:\/\/www.spirit-us.eu\/index.php\/produit\/detoxifier-debloquer\/\",\"name\":\"DETOXIFIER & DEBLOQUER - la Sauge - Spirit-US\",\"isPartOf\":{\"@id\":\"https:\/\/www.spirit-us.eu\/#website\"},\"primaryImageOfPage\":{\"@id\":\"https:\/\/www.spirit-us.eu\/index.php\/produit\/detoxifier-debloquer\/#primaryimage\"},\"image\":{\"@id\":\"https:\/\/www.spirit-us.eu\/index.php\/produit\/detoxifier-debloquer\/#primaryimage\"},\"thumbnailUrl\":\"https:\/\/www.spirit-us.eu\/wp-content\/uploads\/2025\/05\/sauge-image-produit.png\",\"datePublished\":\"2025-05-22T16:54:09+00:00\",\"dateModified\":\"2025-05-27T09:14:06+00:00\",\"breadcrumb\":{\"@id\":\"https:\/\/www.spirit-us.eu\/index.php\/produit\/detoxifier-debloquer\/#breadcrumb\"},\"inLanguage\":\"fr-FR\",\"potentialAction\":[{\"@type\":\"ReadAction\",\"target\":[\"https:\/\/www.spirit-us.eu\/index.php\/produit\/detoxifier-debloquer\/\"]}]},{\"@type\":\"ImageObject\",\"inLanguage\":\"fr-FR\",\"@id\":\"https:\/\/www.spirit-us.eu\/index.php\/produit\/detoxifier-debloquer\/#primaryimage\",\"url\":\"https:\/\/www.spirit-us.eu\/wp-content\/uploads\/2025\/05\/sauge-image-produit.png\",\"contentUrl\":\"https:\/\/www.spirit-us.eu\/wp-content\/uploads\/2025\/05\/sauge-image-produit.png\",\"width\":1485,\"height\":1485},{\"@type\":\"BreadcrumbList\",\"@id\":\"https:\/\/www.spirit-us.eu\/index.php\/produit\/detoxifier-debloquer\/#breadcrumb\",\"itemListElement\":[{\"@type\":\"ListItem\",\"position\":1,\"name\":\"Accueil\",\"item\":\"https:\/\/www.spirit-us.eu\/\"},{\"@type\":\"ListItem\",\"position\":2,\"name\":\"Boutique\",\"item\":\"https:\/\/www.spirit-us.eu\/index.php\/boutique\/\"},{\"@type\":\"ListItem\",\"position\":3,\"name\":\"DETOXIFIER &#038; DEBLOQUER &#8211; la Sauge\"}]},{\"@type\":\"WebSite\",\"@id\":\"https:\/\/www.spirit-us.eu\/#website\",\"url\":\"https:\/\/www.spirit-us.eu\/\",\"name\":\"Spirit-US\",\"description\":\"\",\"publisher\":{\"@id\":\"https:\/\/www.spirit-us.eu\/#organization\"},\"potentialAction\":[{\"@type\":\"SearchAction\",\"target\":{\"@type\":\"EntryPoint\",\"urlTemplate\":\"https:\/\/www.spirit-us.eu\/?s={search_term_string}\"},\"query-input\":{\"@type\":\"PropertyValueSpecification\",\"valueRequired\":true,\"valueName\":\"search_term_string\"}}],\"inLanguage\":\"fr-FR\"},{\"@type\":\"Organization\",\"@id\":\"https:\/\/www.spirit-us.eu\/#organization\",\"name\":\"Spirit-US\",\"url\":\"https:\/\/www.spirit-us.eu\/\",\"logo\":{\"@type\":\"ImageObject\",\"inLanguage\":\"fr-FR\",\"@id\":\"https:\/\/www.spirit-us.eu\/#\/schema\/logo\/image\/\",\"url\":\"https:\/\/www.spirit-us.eu\/wp-content\/uploads\/2025\/11\/logo-regarde-linterlocutrice-sans-arrriere-plan.jpg\",\"contentUrl\":\"https:\/\/www.spirit-us.eu\/wp-content\/uploads\/2025\/11\/logo-regarde-linterlocutrice-sans-arrriere-plan.jpg\",\"width\":1080,\"height\":1080,\"caption\":\"Spirit-US\"},\"image\":{\"@id\":\"https:\/\/www.spirit-us.eu\/#\/schema\/logo\/image\/\"},\"sameAs\":[\"https:\/\/www.facebook.com\/spirit.us.deum\"]}]}<\/script>\n<!-- \/ Yoast SEO plugin. -->","yoast_head_json":{"title":"DETOXIFIER & DEBLOQUER - la Sauge - Spirit-US","robots":{"index":"index","follow":"follow","max-snippet":"max-snippet:-1","max-image-preview":"max-image-preview:large","max-video-preview":"max-video-preview:-1"},"canonical":"https:\/\/www.spirit-us.eu\/index.php\/produit\/detoxifier-debloquer\/","og_locale":"fr_FR","og_type":"article","og_title":"DETOXIFIER & DEBLOQUER - la Sauge - Spirit-US","og_description":"La base de ce produit est la sauge m\u00e9dicinale (salvia medicinalis). Cette plante est notamment apaisante et antiseptique, gr\u00e2ce \u00e0 ses propri\u00e9t\u00e9s anti-inflammatoires; la sauge est aussi utilis\u00e9e en cas de gingivite, d'amygdalite ou d'aphte. F\u00e9brifuge, la sauge aide \u00e0 faire baisser la fi\u00e8vre. Elle apaise les maux d\u2019estomac et d\u00e9bloque l\u2019intestin. La sauge officinale est aussi appel\u00e9e la plante des femmes, car elle apaise les troubles li\u00e9s aux r\u00e8gles et \u00e0 la m\u00e9nopause : elle r\u00e9gule les taux hormonaux f\u00e9minins.\u00a0 Elle est aussi anti\u00e9m\u00e9tique. Elle permet d\u2019abaisser le taux de cholest\u00e9rol. Le produit ici pr\u00e9sent\u00e9 peut \u00eatre qualifi\u00e9 de d\u00e9toxifiant. Pour les gargarismes et le traitement de la toux des fumeurs, r\u00e9f\u00e9rez-vous \u00e0 notre huile essentielle de sauge et \u00e0 notre tisane (100% bio et cultiv\u00e9e par nos soins).","og_url":"https:\/\/www.spirit-us.eu\/index.php\/produit\/detoxifier-debloquer\/","og_site_name":"Spirit-US","article_publisher":"https:\/\/www.facebook.com\/spirit.us.deum","article_modified_time":"2025-05-27T09:14:06+00:00","og_image":[{"width":1485,"height":1485,"url":"https:\/\/www.spirit-us.eu\/wp-content\/uploads\/2025\/05\/sauge-image-produit.png","type":"image\/png"}],"twitter_card":"summary_large_image","twitter_misc":{"Dur\u00e9e de lecture estim\u00e9e":"1 minute"},"schema":{"@context":"https:\/\/schema.org","@graph":[{"@type":"WebPage","@id":"https:\/\/www.spirit-us.eu\/index.php\/produit\/detoxifier-debloquer\/","url":"https:\/\/www.spirit-us.eu\/index.php\/produit\/detoxifier-debloquer\/","name":"DETOXIFIER & DEBLOQUER - la Sauge - Spirit-US","isPartOf":{"@id":"https:\/\/www.spirit-us.eu\/#website"},"primaryImageOfPage":{"@id":"https:\/\/www.spirit-us.eu\/index.php\/produit\/detoxifier-debloquer\/#primaryimage"},"image":{"@id":"https:\/\/www.spirit-us.eu\/index.php\/produit\/detoxifier-debloquer\/#primaryimage"},"thumbnailUrl":"https:\/\/www.spirit-us.eu\/wp-content\/uploads\/2025\/05\/sauge-image-produit.png","datePublished":"2025-05-22T16:54:09+00:00","dateModified":"2025-05-27T09:14:06+00:00","breadcrumb":{"@id":"https:\/\/www.spirit-us.eu\/index.php\/produit\/detoxifier-debloquer\/#breadcrumb"},"inLanguage":"fr-FR","potentialAction":[{"@type":"ReadAction","target":["https:\/\/www.spirit-us.eu\/index.php\/produit\/detoxifier-debloquer\/"]}]},{"@type":"ImageObject","inLanguage":"fr-FR","@id":"https:\/\/www.spirit-us.eu\/index.php\/produit\/detoxifier-debloquer\/#primaryimage","url":"https:\/\/www.spirit-us.eu\/wp-content\/uploads\/2025\/05\/sauge-image-produit.png","contentUrl":"https:\/\/www.spirit-us.eu\/wp-content\/uploads\/2025\/05\/sauge-image-produit.png","width":1485,"height":1485},{"@type":"BreadcrumbList","@id":"https:\/\/www.spirit-us.eu\/index.php\/produit\/detoxifier-debloquer\/#breadcrumb","itemListElement":[{"@type":"ListItem","position":1,"name":"Accueil","item":"https:\/\/www.spirit-us.eu\/"},{"@type":"ListItem","position":2,"name":"Boutique","item":"https:\/\/www.spirit-us.eu\/index.php\/boutique\/"},{"@type":"ListItem","position":3,"name":"DETOXIFIER &#038; DEBLOQUER &#8211; la Sauge"}]},{"@type":"WebSite","@id":"https:\/\/www.spirit-us.eu\/#website","url":"https:\/\/www.spirit-us.eu\/","name":"Spirit-US","description":"","publisher":{"@id":"https:\/\/www.spirit-us.eu\/#organization"},"potentialAction":[{"@type":"SearchAction","target":{"@type":"EntryPoint","urlTemplate":"https:\/\/www.spirit-us.eu\/?s={search_term_string}"},"query-input":{"@type":"PropertyValueSpecification","valueRequired":true,"valueName":"search_term_string"}}],"inLanguage":"fr-FR"},{"@type":"Organization","@id":"https:\/\/www.spirit-us.eu\/#organization","name":"Spirit-US","url":"https:\/\/www.spirit-us.eu\/","logo":{"@type":"ImageObject","inLanguage":"fr-FR","@id":"https:\/\/www.spirit-us.eu\/#\/schema\/logo\/image\/","url":"https:\/\/www.spirit-us.eu\/wp-content\/uploads\/2025\/11\/logo-regarde-linterlocutrice-sans-arrriere-plan.jpg","contentUrl":"https:\/\/www.spirit-us.eu\/wp-content\/uploads\/2025\/11\/logo-regarde-linterlocutrice-sans-arrriere-plan.jpg","width":1080,"height":1080,"caption":"Spirit-US"},"image":{"@id":"https:\/\/www.spirit-us.eu\/#\/schema\/logo\/image\/"},"sameAs":["https:\/\/www.facebook.com\/spirit.us.deum"]}]}},"jetpack_sharing_enabled":true,"_links":{"self":[{"href":"https:\/\/www.spirit-us.eu\/index.php\/wp-json\/wp\/v2\/product\/1622","targetHints":{"allow":["GET"]}}],"collection":[{"href":"https:\/\/www.spirit-us.eu\/index.php\/wp-json\/wp\/v2\/product"}],"about":[{"href":"https:\/\/www.spirit-us.eu\/index.php\/wp-json\/wp\/v2\/types\/product"}],"replies":[{"embeddable":true,"href":"https:\/\/www.spirit-us.eu\/index.php\/wp-json\/wp\/v2\/comments?post=1622"}],"wp:featuredmedia":[{"embeddable":true,"href":"https:\/\/www.spirit-us.eu\/index.php\/wp-json\/wp\/v2\/media\/1623"}],"wp:attachment":[{"href":"https:\/\/www.spirit-us.eu\/index.php\/wp-json\/wp\/v2\/media?parent=1622"}],"wp:term":[{"taxonomy":"product_brand","embeddable":true,"href":"https:\/\/www.spirit-us.eu\/index.php\/wp-json\/wp\/v2\/product_brand?post=1622"},{"taxonomy":"product_cat","embeddable":true,"href":"https:\/\/www.spirit-us.eu\/index.php\/wp-json\/wp\/v2\/product_cat?post=1622"},{"taxonomy":"product_tag","embeddable":true,"href":"https:\/\/www.spirit-us.eu\/index.php\/wp-json\/wp\/v2\/product_tag?post=1622"},{"taxonomy":"mwb_booking_cost","embeddable":true,"href":"https:\/\/www.spirit-us.eu\/index.php\/wp-json\/wp\/v2\/mwb_booking_cost?post=1622"},{"taxonomy":"mwb_booking_service","embeddable":true,"href":"https:\/\/www.spirit-us.eu\/index.php\/wp-json\/wp\/v2\/mwb_booking_service?post=1622"}],"curies":[{"name":"wp","href":"https:\/\/api.w.org\/{rel}","templated":true}]}}