{"id":1619,"date":"2025-05-22T14:46:19","date_gmt":"2025-05-22T12:46:19","guid":{"rendered":"https:\/\/www.spirit-us.eu\/?post_type=product&#038;p=1619"},"modified":"2025-05-22T19:28:33","modified_gmt":"2025-05-22T17:28:33","slug":"purification-nettoyage-energetique","status":"publish","type":"product","link":"https:\/\/www.spirit-us.eu\/index.php\/produit\/purification-nettoyage-energetique\/","title":{"rendered":"PURIFICATION &#038; NETTOYAGE ENERGETIQUE &#8211; l&rsquo;Hysope"},"content":{"rendered":"<p><strong>Nature du produit<\/strong> : compl\u00e9ment alimentaire<\/p>\n<p><strong>Composantes<\/strong> : hyssopus officinalis<\/p>\n<p><strong>Composantes secondaires<\/strong> : propolis, glyc\u00e9rine, eau distill\u00e9e<\/p>\n<p><strong>Conditionnement<\/strong> : compte-gouttes de 30 ml<\/p>\n<p><strong>Garanties<\/strong> : ce produit a pass\u00e9 tous les tests des autorit\u00e9s en charge de la s\u00e9curit\u00e9 alimentaire<\/p>\n<p><strong>Dosage conseill\u00e9<\/strong> : ne pas d\u00e9passer les 3&#215;15 gouttes par jour<\/p>\n<p><strong>Conseil d&rsquo;utilisation<\/strong> : le go\u00fbt est amer, il est conseill\u00e9 de l&rsquo;additionner \u00e0 un jus de fruits<\/p>\n<p>Ceci est un compl\u00e9ment alimentaire. Il convient de l&rsquo;utiliser selon les indications.\u00a0 Il ne se substitue en aucun cas \u00e0 un traitement sous contr\u00f4le m\u00e9dical.<\/p>\n","protected":false},"excerpt":{"rendered":"<p style=\"text-align: justify;\">La base de ce produit est l&rsquo;hysope officinal (ou m\u00e9dicinal), une plante puissante dont on utilise les feuilles et les sommit\u00e9s fleuries pour en faire des rem\u00e8des. L&rsquo;hysope est connue depuis la plus haute Antiquit\u00e9, pour ses vertus purificatrices, expectorantes et fluidifiantes des s\u00e9cr\u00e9tions des bronches, du larynx et du pharynx. Elle offre des propri\u00e9t\u00e9s sudorifiques et f\u00e9brifuges. Gr\u00e2ce \u00e0 ses vertus antispasmodiques, elle soulage l&rsquo;asthme, les inflammations en g\u00e9n\u00e9ral, les \u00e9tats grippaux, la fi\u00e8vre et les r\u00e8gles douloureuses. Dans le domaine spirituel, elle est utilis\u00e9e comme symbole de purification et de protection dans les rituels sacr\u00e9s. Dans le Livre des Psaumes, l&rsquo;hysope est associ\u00e9e \u00e0 la purification spirituelle et au pardon. Pour soulager les probl\u00e8mes cutan\u00e9s, r\u00e9f\u00e9rez-vous \u00e0 notre huile essentielle et \u00e0 l&rsquo;hysope s\u00e9ch\u00e9e, disponibles, sur notre site dans cette cat\u00e9gorie (100% bio et cultiv\u00e9e par nos soins).<\/p>\n","protected":false},"featured_media":1627,"comment_status":"open","ping_status":"closed","template":"","meta":[],"product_brand":[],"product_cat":[163,17],"product_tag":[189],"mwb_booking_cost":[],"mwb_booking_service":[],"class_list":{"0":"post-1619","1":"product","2":"type-product","3":"status-publish","4":"has-post-thumbnail","6":"product_cat-07-plantes-huiles-remedes","7":"product_cat-tous-les-produits","8":"product_tag-phytotherapie","10":"first","11":"instock","12":"shipping-taxable","13":"purchasable","14":"product-type-simple"},"yoast_head":"<!-- This site is optimized with the Yoast SEO plugin v27.1.1 - https:\/\/yoast.com\/product\/yoast-seo-wordpress\/ -->\n<title>PURIFICATION &amp; NETTOYAGE ENERGETIQUE - l&#039;Hysope - Spirit-US<\/title>\n<meta name=\"robots\" content=\"index, follow, max-snippet:-1, max-image-preview:large, max-video-preview:-1\" \/>\n<link rel=\"canonical\" href=\"https:\/\/www.spirit-us.eu\/index.php\/produit\/purification-nettoyage-energetique\/\" \/>\n<meta property=\"og:locale\" content=\"fr_FR\" \/>\n<meta property=\"og:type\" content=\"article\" \/>\n<meta property=\"og:title\" content=\"PURIFICATION &amp; NETTOYAGE ENERGETIQUE - l&#039;Hysope - Spirit-US\" \/>\n<meta property=\"og:description\" content=\"La base de ce produit est l&#039;hysope officinal (ou m\u00e9dicinal), une plante puissante dont on utilise les feuilles et les sommit\u00e9s fleuries pour en faire des rem\u00e8des. L&#039;hysope est connue depuis la plus haute Antiquit\u00e9, pour ses vertus purificatrices, expectorantes et fluidifiantes des s\u00e9cr\u00e9tions des bronches, du larynx et du pharynx. Elle offre des propri\u00e9t\u00e9s sudorifiques et f\u00e9brifuges. Gr\u00e2ce \u00e0 ses vertus antispasmodiques, elle soulage l&#039;asthme, les inflammations en g\u00e9n\u00e9ral, les \u00e9tats grippaux, la fi\u00e8vre et les r\u00e8gles douloureuses. Dans le domaine spirituel, elle est utilis\u00e9e comme symbole de purification et de protection dans les rituels sacr\u00e9s. Dans le Livre des Psaumes, l&#039;hysope est associ\u00e9e \u00e0 la purification spirituelle et au pardon. Pour soulager les probl\u00e8mes cutan\u00e9s, r\u00e9f\u00e9rez-vous \u00e0 notre huile essentielle et \u00e0 l&#039;hysope s\u00e9ch\u00e9e, disponibles, sur notre site dans cette cat\u00e9gorie (100% bio et cultiv\u00e9e par nos soins).\" \/>\n<meta property=\"og:url\" content=\"https:\/\/www.spirit-us.eu\/index.php\/produit\/purification-nettoyage-energetique\/\" \/>\n<meta property=\"og:site_name\" content=\"Spirit-US\" \/>\n<meta property=\"article:publisher\" content=\"https:\/\/www.facebook.com\/spirit.us.deum\" \/>\n<meta property=\"article:modified_time\" content=\"2025-05-22T17:28:33+00:00\" \/>\n<meta property=\"og:image\" content=\"https:\/\/www.spirit-us.eu\/wp-content\/uploads\/2025\/05\/hysope-image-produit-1-1024x1024.png\" \/>\n\t<meta property=\"og:image:width\" content=\"1024\" \/>\n\t<meta property=\"og:image:height\" content=\"1024\" \/>\n\t<meta property=\"og:image:type\" content=\"image\/png\" \/>\n<meta name=\"twitter:card\" content=\"summary_large_image\" \/>\n<script type=\"application\/ld+json\" class=\"yoast-schema-graph\">{\"@context\":\"https:\/\/schema.org\",\"@graph\":[{\"@type\":\"WebPage\",\"@id\":\"https:\/\/www.spirit-us.eu\/index.php\/produit\/purification-nettoyage-energetique\/\",\"url\":\"https:\/\/www.spirit-us.eu\/index.php\/produit\/purification-nettoyage-energetique\/\",\"name\":\"PURIFICATION & NETTOYAGE ENERGETIQUE - l'Hysope - Spirit-US\",\"isPartOf\":{\"@id\":\"https:\/\/www.spirit-us.eu\/#website\"},\"primaryImageOfPage\":{\"@id\":\"https:\/\/www.spirit-us.eu\/index.php\/produit\/purification-nettoyage-energetique\/#primaryimage\"},\"image\":{\"@id\":\"https:\/\/www.spirit-us.eu\/index.php\/produit\/purification-nettoyage-energetique\/#primaryimage\"},\"thumbnailUrl\":\"https:\/\/www.spirit-us.eu\/wp-content\/uploads\/2025\/05\/hysope-image-produit-1.png\",\"datePublished\":\"2025-05-22T12:46:19+00:00\",\"dateModified\":\"2025-05-22T17:28:33+00:00\",\"breadcrumb\":{\"@id\":\"https:\/\/www.spirit-us.eu\/index.php\/produit\/purification-nettoyage-energetique\/#breadcrumb\"},\"inLanguage\":\"fr-FR\",\"potentialAction\":[{\"@type\":\"ReadAction\",\"target\":[\"https:\/\/www.spirit-us.eu\/index.php\/produit\/purification-nettoyage-energetique\/\"]}]},{\"@type\":\"ImageObject\",\"inLanguage\":\"fr-FR\",\"@id\":\"https:\/\/www.spirit-us.eu\/index.php\/produit\/purification-nettoyage-energetique\/#primaryimage\",\"url\":\"https:\/\/www.spirit-us.eu\/wp-content\/uploads\/2025\/05\/hysope-image-produit-1.png\",\"contentUrl\":\"https:\/\/www.spirit-us.eu\/wp-content\/uploads\/2025\/05\/hysope-image-produit-1.png\",\"width\":1890,\"height\":1890},{\"@type\":\"BreadcrumbList\",\"@id\":\"https:\/\/www.spirit-us.eu\/index.php\/produit\/purification-nettoyage-energetique\/#breadcrumb\",\"itemListElement\":[{\"@type\":\"ListItem\",\"position\":1,\"name\":\"Accueil\",\"item\":\"https:\/\/www.spirit-us.eu\/\"},{\"@type\":\"ListItem\",\"position\":2,\"name\":\"Boutique\",\"item\":\"https:\/\/www.spirit-us.eu\/index.php\/boutique\/\"},{\"@type\":\"ListItem\",\"position\":3,\"name\":\"PURIFICATION &#038; NETTOYAGE ENERGETIQUE &#8211; l&rsquo;Hysope\"}]},{\"@type\":\"WebSite\",\"@id\":\"https:\/\/www.spirit-us.eu\/#website\",\"url\":\"https:\/\/www.spirit-us.eu\/\",\"name\":\"Spirit-US\",\"description\":\"\",\"publisher\":{\"@id\":\"https:\/\/www.spirit-us.eu\/#organization\"},\"potentialAction\":[{\"@type\":\"SearchAction\",\"target\":{\"@type\":\"EntryPoint\",\"urlTemplate\":\"https:\/\/www.spirit-us.eu\/?s={search_term_string}\"},\"query-input\":{\"@type\":\"PropertyValueSpecification\",\"valueRequired\":true,\"valueName\":\"search_term_string\"}}],\"inLanguage\":\"fr-FR\"},{\"@type\":\"Organization\",\"@id\":\"https:\/\/www.spirit-us.eu\/#organization\",\"name\":\"Spirit-US\",\"url\":\"https:\/\/www.spirit-us.eu\/\",\"logo\":{\"@type\":\"ImageObject\",\"inLanguage\":\"fr-FR\",\"@id\":\"https:\/\/www.spirit-us.eu\/#\/schema\/logo\/image\/\",\"url\":\"https:\/\/www.spirit-us.eu\/wp-content\/uploads\/2025\/11\/logo-regarde-linterlocutrice-sans-arrriere-plan.jpg\",\"contentUrl\":\"https:\/\/www.spirit-us.eu\/wp-content\/uploads\/2025\/11\/logo-regarde-linterlocutrice-sans-arrriere-plan.jpg\",\"width\":1080,\"height\":1080,\"caption\":\"Spirit-US\"},\"image\":{\"@id\":\"https:\/\/www.spirit-us.eu\/#\/schema\/logo\/image\/\"},\"sameAs\":[\"https:\/\/www.facebook.com\/spirit.us.deum\"]}]}<\/script>\n<!-- \/ Yoast SEO plugin. -->","yoast_head_json":{"title":"PURIFICATION & NETTOYAGE ENERGETIQUE - l'Hysope - Spirit-US","robots":{"index":"index","follow":"follow","max-snippet":"max-snippet:-1","max-image-preview":"max-image-preview:large","max-video-preview":"max-video-preview:-1"},"canonical":"https:\/\/www.spirit-us.eu\/index.php\/produit\/purification-nettoyage-energetique\/","og_locale":"fr_FR","og_type":"article","og_title":"PURIFICATION & NETTOYAGE ENERGETIQUE - l'Hysope - Spirit-US","og_description":"La base de ce produit est l'hysope officinal (ou m\u00e9dicinal), une plante puissante dont on utilise les feuilles et les sommit\u00e9s fleuries pour en faire des rem\u00e8des. L'hysope est connue depuis la plus haute Antiquit\u00e9, pour ses vertus purificatrices, expectorantes et fluidifiantes des s\u00e9cr\u00e9tions des bronches, du larynx et du pharynx. Elle offre des propri\u00e9t\u00e9s sudorifiques et f\u00e9brifuges. Gr\u00e2ce \u00e0 ses vertus antispasmodiques, elle soulage l'asthme, les inflammations en g\u00e9n\u00e9ral, les \u00e9tats grippaux, la fi\u00e8vre et les r\u00e8gles douloureuses. Dans le domaine spirituel, elle est utilis\u00e9e comme symbole de purification et de protection dans les rituels sacr\u00e9s. Dans le Livre des Psaumes, l'hysope est associ\u00e9e \u00e0 la purification spirituelle et au pardon. Pour soulager les probl\u00e8mes cutan\u00e9s, r\u00e9f\u00e9rez-vous \u00e0 notre huile essentielle et \u00e0 l'hysope s\u00e9ch\u00e9e, disponibles, sur notre site dans cette cat\u00e9gorie (100% bio et cultiv\u00e9e par nos soins).","og_url":"https:\/\/www.spirit-us.eu\/index.php\/produit\/purification-nettoyage-energetique\/","og_site_name":"Spirit-US","article_publisher":"https:\/\/www.facebook.com\/spirit.us.deum","article_modified_time":"2025-05-22T17:28:33+00:00","og_image":[{"width":1024,"height":1024,"url":"https:\/\/www.spirit-us.eu\/wp-content\/uploads\/2025\/05\/hysope-image-produit-1-1024x1024.png","type":"image\/png"}],"twitter_card":"summary_large_image","schema":{"@context":"https:\/\/schema.org","@graph":[{"@type":"WebPage","@id":"https:\/\/www.spirit-us.eu\/index.php\/produit\/purification-nettoyage-energetique\/","url":"https:\/\/www.spirit-us.eu\/index.php\/produit\/purification-nettoyage-energetique\/","name":"PURIFICATION & NETTOYAGE ENERGETIQUE - l'Hysope - Spirit-US","isPartOf":{"@id":"https:\/\/www.spirit-us.eu\/#website"},"primaryImageOfPage":{"@id":"https:\/\/www.spirit-us.eu\/index.php\/produit\/purification-nettoyage-energetique\/#primaryimage"},"image":{"@id":"https:\/\/www.spirit-us.eu\/index.php\/produit\/purification-nettoyage-energetique\/#primaryimage"},"thumbnailUrl":"https:\/\/www.spirit-us.eu\/wp-content\/uploads\/2025\/05\/hysope-image-produit-1.png","datePublished":"2025-05-22T12:46:19+00:00","dateModified":"2025-05-22T17:28:33+00:00","breadcrumb":{"@id":"https:\/\/www.spirit-us.eu\/index.php\/produit\/purification-nettoyage-energetique\/#breadcrumb"},"inLanguage":"fr-FR","potentialAction":[{"@type":"ReadAction","target":["https:\/\/www.spirit-us.eu\/index.php\/produit\/purification-nettoyage-energetique\/"]}]},{"@type":"ImageObject","inLanguage":"fr-FR","@id":"https:\/\/www.spirit-us.eu\/index.php\/produit\/purification-nettoyage-energetique\/#primaryimage","url":"https:\/\/www.spirit-us.eu\/wp-content\/uploads\/2025\/05\/hysope-image-produit-1.png","contentUrl":"https:\/\/www.spirit-us.eu\/wp-content\/uploads\/2025\/05\/hysope-image-produit-1.png","width":1890,"height":1890},{"@type":"BreadcrumbList","@id":"https:\/\/www.spirit-us.eu\/index.php\/produit\/purification-nettoyage-energetique\/#breadcrumb","itemListElement":[{"@type":"ListItem","position":1,"name":"Accueil","item":"https:\/\/www.spirit-us.eu\/"},{"@type":"ListItem","position":2,"name":"Boutique","item":"https:\/\/www.spirit-us.eu\/index.php\/boutique\/"},{"@type":"ListItem","position":3,"name":"PURIFICATION &#038; NETTOYAGE ENERGETIQUE &#8211; l&rsquo;Hysope"}]},{"@type":"WebSite","@id":"https:\/\/www.spirit-us.eu\/#website","url":"https:\/\/www.spirit-us.eu\/","name":"Spirit-US","description":"","publisher":{"@id":"https:\/\/www.spirit-us.eu\/#organization"},"potentialAction":[{"@type":"SearchAction","target":{"@type":"EntryPoint","urlTemplate":"https:\/\/www.spirit-us.eu\/?s={search_term_string}"},"query-input":{"@type":"PropertyValueSpecification","valueRequired":true,"valueName":"search_term_string"}}],"inLanguage":"fr-FR"},{"@type":"Organization","@id":"https:\/\/www.spirit-us.eu\/#organization","name":"Spirit-US","url":"https:\/\/www.spirit-us.eu\/","logo":{"@type":"ImageObject","inLanguage":"fr-FR","@id":"https:\/\/www.spirit-us.eu\/#\/schema\/logo\/image\/","url":"https:\/\/www.spirit-us.eu\/wp-content\/uploads\/2025\/11\/logo-regarde-linterlocutrice-sans-arrriere-plan.jpg","contentUrl":"https:\/\/www.spirit-us.eu\/wp-content\/uploads\/2025\/11\/logo-regarde-linterlocutrice-sans-arrriere-plan.jpg","width":1080,"height":1080,"caption":"Spirit-US"},"image":{"@id":"https:\/\/www.spirit-us.eu\/#\/schema\/logo\/image\/"},"sameAs":["https:\/\/www.facebook.com\/spirit.us.deum"]}]}},"jetpack_sharing_enabled":true,"_links":{"self":[{"href":"https:\/\/www.spirit-us.eu\/index.php\/wp-json\/wp\/v2\/product\/1619","targetHints":{"allow":["GET"]}}],"collection":[{"href":"https:\/\/www.spirit-us.eu\/index.php\/wp-json\/wp\/v2\/product"}],"about":[{"href":"https:\/\/www.spirit-us.eu\/index.php\/wp-json\/wp\/v2\/types\/product"}],"replies":[{"embeddable":true,"href":"https:\/\/www.spirit-us.eu\/index.php\/wp-json\/wp\/v2\/comments?post=1619"}],"wp:featuredmedia":[{"embeddable":true,"href":"https:\/\/www.spirit-us.eu\/index.php\/wp-json\/wp\/v2\/media\/1627"}],"wp:attachment":[{"href":"https:\/\/www.spirit-us.eu\/index.php\/wp-json\/wp\/v2\/media?parent=1619"}],"wp:term":[{"taxonomy":"product_brand","embeddable":true,"href":"https:\/\/www.spirit-us.eu\/index.php\/wp-json\/wp\/v2\/product_brand?post=1619"},{"taxonomy":"product_cat","embeddable":true,"href":"https:\/\/www.spirit-us.eu\/index.php\/wp-json\/wp\/v2\/product_cat?post=1619"},{"taxonomy":"product_tag","embeddable":true,"href":"https:\/\/www.spirit-us.eu\/index.php\/wp-json\/wp\/v2\/product_tag?post=1619"},{"taxonomy":"mwb_booking_cost","embeddable":true,"href":"https:\/\/www.spirit-us.eu\/index.php\/wp-json\/wp\/v2\/mwb_booking_cost?post=1619"},{"taxonomy":"mwb_booking_service","embeddable":true,"href":"https:\/\/www.spirit-us.eu\/index.php\/wp-json\/wp\/v2\/mwb_booking_service?post=1619"}],"curies":[{"name":"wp","href":"https:\/\/api.w.org\/{rel}","templated":true}]}}