{"id":1585,"date":"2025-05-20T21:40:41","date_gmt":"2025-05-20T19:40:41","guid":{"rendered":"https:\/\/www.spirit-us.eu\/?post_type=product&#038;p=1585"},"modified":"2025-05-20T21:44:38","modified_gmt":"2025-05-20T19:44:38","slug":"etole-blanche-chakra-de-letoile-de-lame","status":"publish","type":"product","link":"https:\/\/www.spirit-us.eu\/index.php\/produit\/etole-blanche-chakra-de-letoile-de-lame\/","title":{"rendered":"ETOLE BLANCHE \u2013 chakra de l&rsquo;\u00e9toile-de-l&rsquo;\u00e2me"},"content":{"rendered":"<p><strong>Mat\u00e9riau <\/strong>:\u00a0Polyester<\/p>\n<p><strong>Couleur<\/strong> :\u00a0 blanche nuanc\u00e9e<\/p>\n<p><strong>Ornements<\/strong> : paillettes repr\u00e9sentant la lune (argent\u00e9e)\u00a0 et les \u00e9toiles (dor\u00e9es)<\/p>\n<p><strong>Dimensions<\/strong>\u00a0: largeur 47 cm\u00a0; longueur 155 cm<\/p>\n<p><strong>Style <\/strong>:\u00a0D\u00e9contract\u00e9<\/p>\n<p><strong>Type<\/strong> :\u00a0non \u00e9lastique, PAS de strech<\/p>\n<p><strong>Utilisation fonctionnelle<\/strong> :\u00a0Respirant, tr\u00e8s joli accessoire pour toute occasion<\/p>\n<p><strong>Composition<\/strong> :\u00a0 polyester et soie<\/p>\n<p><strong>Conseils d&rsquo;entretien<\/strong> :\u00a0Lavage en machine ou nettoyage \u00e0 sec professionnel<\/p>\n","protected":false},"excerpt":{"rendered":"<p>Tr\u00e8s jolie \u00e9tole l\u00e9g\u00e8re en mati\u00e8re soyeuse blanc doux, \u00e9l\u00e9gante et fine, ch\u00e2le en mousseline de soie, simple pour femme. l&rsquo;\u00e9tole est \u00e9maill\u00e9e de paillettes en forme de lunes et d&rsquo;\u00e9toiles. La couleur de cette \u00e9charpe adopte la couleur du chakra de l&rsquo;\u00e2me totalement lib\u00e9r\u00e9e de la densit\u00e9 de la mati\u00e8re, cette interface entre l&rsquo;\u00e2me du Monde et les hautes sph\u00e8res spirituelles, entre votre \u00e2me et votre esprit.\u00a0 Si celui-ci a besoin de s\u2019ouvrir ou de se lib\u00e9rer de ses blocages provoqu\u00e9s par les \u00e9preuves de la vie, vous pouvez le sublimer dans ses couleurs, pour potentialiser encore l\u2019effet des soins que vous apportez votre chakra de l&rsquo;\u00e9toile de l&rsquo;\u00e2me. Cette \u00e9charpe convient \u00e0 tous les styles et s\u2019utilise en toute saison.<\/p>\n","protected":false},"featured_media":1586,"comment_status":"open","ping_status":"closed","template":"","meta":[],"product_brand":[],"product_cat":[17],"product_tag":[188],"mwb_booking_cost":[],"mwb_booking_service":[],"class_list":{"0":"post-1585","1":"product","2":"type-product","3":"status-publish","4":"has-post-thumbnail","6":"product_cat-tous-les-produits","7":"product_tag-chakras-collection","9":"first","10":"instock","11":"shipping-taxable","12":"purchasable","13":"product-type-simple"},"yoast_head":"<!-- This site is optimized with the Yoast SEO plugin v27.1.1 - https:\/\/yoast.com\/product\/yoast-seo-wordpress\/ -->\n<title>ETOLE BLANCHE \u2013 chakra de l&#039;\u00e9toile-de-l&#039;\u00e2me - Spirit-US<\/title>\n<meta name=\"robots\" content=\"index, follow, max-snippet:-1, max-image-preview:large, max-video-preview:-1\" \/>\n<link rel=\"canonical\" href=\"https:\/\/www.spirit-us.eu\/index.php\/produit\/etole-blanche-chakra-de-letoile-de-lame\/\" \/>\n<meta property=\"og:locale\" content=\"fr_FR\" \/>\n<meta property=\"og:type\" content=\"article\" \/>\n<meta property=\"og:title\" content=\"ETOLE BLANCHE \u2013 chakra de l&#039;\u00e9toile-de-l&#039;\u00e2me - Spirit-US\" \/>\n<meta property=\"og:description\" content=\"Tr\u00e8s jolie \u00e9tole l\u00e9g\u00e8re en mati\u00e8re soyeuse blanc doux, \u00e9l\u00e9gante et fine, ch\u00e2le en mousseline de soie, simple pour femme. l&#039;\u00e9tole est \u00e9maill\u00e9e de paillettes en forme de lunes et d&#039;\u00e9toiles. La couleur de cette \u00e9charpe adopte la couleur du chakra de l&#039;\u00e2me totalement lib\u00e9r\u00e9e de la densit\u00e9 de la mati\u00e8re, cette interface entre l&#039;\u00e2me du Monde et les hautes sph\u00e8res spirituelles, entre votre \u00e2me et votre esprit.\u00a0 Si celui-ci a besoin de s\u2019ouvrir ou de se lib\u00e9rer de ses blocages provoqu\u00e9s par les \u00e9preuves de la vie, vous pouvez le sublimer dans ses couleurs, pour potentialiser encore l\u2019effet des soins que vous apportez votre chakra de l&#039;\u00e9toile de l&#039;\u00e2me. Cette \u00e9charpe convient \u00e0 tous les styles et s\u2019utilise en toute saison.\" \/>\n<meta property=\"og:url\" content=\"https:\/\/www.spirit-us.eu\/index.php\/produit\/etole-blanche-chakra-de-letoile-de-lame\/\" \/>\n<meta property=\"og:site_name\" content=\"Spirit-US\" \/>\n<meta property=\"article:publisher\" content=\"https:\/\/www.facebook.com\/spirit.us.deum\" \/>\n<meta property=\"article:modified_time\" content=\"2025-05-20T19:44:38+00:00\" \/>\n<meta property=\"og:image\" content=\"https:\/\/www.spirit-us.eu\/wp-content\/uploads\/2025\/05\/etole-pailletee-lune-etoile-chakra-etoile-de-lame.png\" \/>\n\t<meta property=\"og:image:width\" content=\"1080\" \/>\n\t<meta property=\"og:image:height\" content=\"1080\" \/>\n\t<meta property=\"og:image:type\" content=\"image\/png\" \/>\n<meta name=\"twitter:card\" content=\"summary_large_image\" \/>\n<script type=\"application\/ld+json\" class=\"yoast-schema-graph\">{\"@context\":\"https:\/\/schema.org\",\"@graph\":[{\"@type\":\"WebPage\",\"@id\":\"https:\/\/www.spirit-us.eu\/index.php\/produit\/etole-blanche-chakra-de-letoile-de-lame\/\",\"url\":\"https:\/\/www.spirit-us.eu\/index.php\/produit\/etole-blanche-chakra-de-letoile-de-lame\/\",\"name\":\"ETOLE BLANCHE \u2013 chakra de l'\u00e9toile-de-l'\u00e2me - Spirit-US\",\"isPartOf\":{\"@id\":\"https:\/\/www.spirit-us.eu\/#website\"},\"primaryImageOfPage\":{\"@id\":\"https:\/\/www.spirit-us.eu\/index.php\/produit\/etole-blanche-chakra-de-letoile-de-lame\/#primaryimage\"},\"image\":{\"@id\":\"https:\/\/www.spirit-us.eu\/index.php\/produit\/etole-blanche-chakra-de-letoile-de-lame\/#primaryimage\"},\"thumbnailUrl\":\"https:\/\/www.spirit-us.eu\/wp-content\/uploads\/2025\/05\/etole-pailletee-lune-etoile-chakra-etoile-de-lame.png\",\"datePublished\":\"2025-05-20T19:40:41+00:00\",\"dateModified\":\"2025-05-20T19:44:38+00:00\",\"breadcrumb\":{\"@id\":\"https:\/\/www.spirit-us.eu\/index.php\/produit\/etole-blanche-chakra-de-letoile-de-lame\/#breadcrumb\"},\"inLanguage\":\"fr-FR\",\"potentialAction\":[{\"@type\":\"ReadAction\",\"target\":[\"https:\/\/www.spirit-us.eu\/index.php\/produit\/etole-blanche-chakra-de-letoile-de-lame\/\"]}]},{\"@type\":\"ImageObject\",\"inLanguage\":\"fr-FR\",\"@id\":\"https:\/\/www.spirit-us.eu\/index.php\/produit\/etole-blanche-chakra-de-letoile-de-lame\/#primaryimage\",\"url\":\"https:\/\/www.spirit-us.eu\/wp-content\/uploads\/2025\/05\/etole-pailletee-lune-etoile-chakra-etoile-de-lame.png\",\"contentUrl\":\"https:\/\/www.spirit-us.eu\/wp-content\/uploads\/2025\/05\/etole-pailletee-lune-etoile-chakra-etoile-de-lame.png\",\"width\":1080,\"height\":1080},{\"@type\":\"BreadcrumbList\",\"@id\":\"https:\/\/www.spirit-us.eu\/index.php\/produit\/etole-blanche-chakra-de-letoile-de-lame\/#breadcrumb\",\"itemListElement\":[{\"@type\":\"ListItem\",\"position\":1,\"name\":\"Accueil\",\"item\":\"https:\/\/www.spirit-us.eu\/\"},{\"@type\":\"ListItem\",\"position\":2,\"name\":\"Boutique\",\"item\":\"https:\/\/www.spirit-us.eu\/index.php\/boutique\/\"},{\"@type\":\"ListItem\",\"position\":3,\"name\":\"ETOLE BLANCHE \u2013 chakra de l&rsquo;\u00e9toile-de-l&rsquo;\u00e2me\"}]},{\"@type\":\"WebSite\",\"@id\":\"https:\/\/www.spirit-us.eu\/#website\",\"url\":\"https:\/\/www.spirit-us.eu\/\",\"name\":\"Spirit-US\",\"description\":\"\",\"publisher\":{\"@id\":\"https:\/\/www.spirit-us.eu\/#organization\"},\"potentialAction\":[{\"@type\":\"SearchAction\",\"target\":{\"@type\":\"EntryPoint\",\"urlTemplate\":\"https:\/\/www.spirit-us.eu\/?s={search_term_string}\"},\"query-input\":{\"@type\":\"PropertyValueSpecification\",\"valueRequired\":true,\"valueName\":\"search_term_string\"}}],\"inLanguage\":\"fr-FR\"},{\"@type\":\"Organization\",\"@id\":\"https:\/\/www.spirit-us.eu\/#organization\",\"name\":\"Spirit-US\",\"url\":\"https:\/\/www.spirit-us.eu\/\",\"logo\":{\"@type\":\"ImageObject\",\"inLanguage\":\"fr-FR\",\"@id\":\"https:\/\/www.spirit-us.eu\/#\/schema\/logo\/image\/\",\"url\":\"https:\/\/www.spirit-us.eu\/wp-content\/uploads\/2025\/11\/logo-regarde-linterlocutrice-sans-arrriere-plan.jpg\",\"contentUrl\":\"https:\/\/www.spirit-us.eu\/wp-content\/uploads\/2025\/11\/logo-regarde-linterlocutrice-sans-arrriere-plan.jpg\",\"width\":1080,\"height\":1080,\"caption\":\"Spirit-US\"},\"image\":{\"@id\":\"https:\/\/www.spirit-us.eu\/#\/schema\/logo\/image\/\"},\"sameAs\":[\"https:\/\/www.facebook.com\/spirit.us.deum\"]}]}<\/script>\n<!-- \/ Yoast SEO plugin. -->","yoast_head_json":{"title":"ETOLE BLANCHE \u2013 chakra de l'\u00e9toile-de-l'\u00e2me - Spirit-US","robots":{"index":"index","follow":"follow","max-snippet":"max-snippet:-1","max-image-preview":"max-image-preview:large","max-video-preview":"max-video-preview:-1"},"canonical":"https:\/\/www.spirit-us.eu\/index.php\/produit\/etole-blanche-chakra-de-letoile-de-lame\/","og_locale":"fr_FR","og_type":"article","og_title":"ETOLE BLANCHE \u2013 chakra de l'\u00e9toile-de-l'\u00e2me - Spirit-US","og_description":"Tr\u00e8s jolie \u00e9tole l\u00e9g\u00e8re en mati\u00e8re soyeuse blanc doux, \u00e9l\u00e9gante et fine, ch\u00e2le en mousseline de soie, simple pour femme. l'\u00e9tole est \u00e9maill\u00e9e de paillettes en forme de lunes et d'\u00e9toiles. La couleur de cette \u00e9charpe adopte la couleur du chakra de l'\u00e2me totalement lib\u00e9r\u00e9e de la densit\u00e9 de la mati\u00e8re, cette interface entre l'\u00e2me du Monde et les hautes sph\u00e8res spirituelles, entre votre \u00e2me et votre esprit.\u00a0 Si celui-ci a besoin de s\u2019ouvrir ou de se lib\u00e9rer de ses blocages provoqu\u00e9s par les \u00e9preuves de la vie, vous pouvez le sublimer dans ses couleurs, pour potentialiser encore l\u2019effet des soins que vous apportez votre chakra de l'\u00e9toile de l'\u00e2me. Cette \u00e9charpe convient \u00e0 tous les styles et s\u2019utilise en toute saison.","og_url":"https:\/\/www.spirit-us.eu\/index.php\/produit\/etole-blanche-chakra-de-letoile-de-lame\/","og_site_name":"Spirit-US","article_publisher":"https:\/\/www.facebook.com\/spirit.us.deum","article_modified_time":"2025-05-20T19:44:38+00:00","og_image":[{"width":1080,"height":1080,"url":"https:\/\/www.spirit-us.eu\/wp-content\/uploads\/2025\/05\/etole-pailletee-lune-etoile-chakra-etoile-de-lame.png","type":"image\/png"}],"twitter_card":"summary_large_image","schema":{"@context":"https:\/\/schema.org","@graph":[{"@type":"WebPage","@id":"https:\/\/www.spirit-us.eu\/index.php\/produit\/etole-blanche-chakra-de-letoile-de-lame\/","url":"https:\/\/www.spirit-us.eu\/index.php\/produit\/etole-blanche-chakra-de-letoile-de-lame\/","name":"ETOLE BLANCHE \u2013 chakra de l'\u00e9toile-de-l'\u00e2me - Spirit-US","isPartOf":{"@id":"https:\/\/www.spirit-us.eu\/#website"},"primaryImageOfPage":{"@id":"https:\/\/www.spirit-us.eu\/index.php\/produit\/etole-blanche-chakra-de-letoile-de-lame\/#primaryimage"},"image":{"@id":"https:\/\/www.spirit-us.eu\/index.php\/produit\/etole-blanche-chakra-de-letoile-de-lame\/#primaryimage"},"thumbnailUrl":"https:\/\/www.spirit-us.eu\/wp-content\/uploads\/2025\/05\/etole-pailletee-lune-etoile-chakra-etoile-de-lame.png","datePublished":"2025-05-20T19:40:41+00:00","dateModified":"2025-05-20T19:44:38+00:00","breadcrumb":{"@id":"https:\/\/www.spirit-us.eu\/index.php\/produit\/etole-blanche-chakra-de-letoile-de-lame\/#breadcrumb"},"inLanguage":"fr-FR","potentialAction":[{"@type":"ReadAction","target":["https:\/\/www.spirit-us.eu\/index.php\/produit\/etole-blanche-chakra-de-letoile-de-lame\/"]}]},{"@type":"ImageObject","inLanguage":"fr-FR","@id":"https:\/\/www.spirit-us.eu\/index.php\/produit\/etole-blanche-chakra-de-letoile-de-lame\/#primaryimage","url":"https:\/\/www.spirit-us.eu\/wp-content\/uploads\/2025\/05\/etole-pailletee-lune-etoile-chakra-etoile-de-lame.png","contentUrl":"https:\/\/www.spirit-us.eu\/wp-content\/uploads\/2025\/05\/etole-pailletee-lune-etoile-chakra-etoile-de-lame.png","width":1080,"height":1080},{"@type":"BreadcrumbList","@id":"https:\/\/www.spirit-us.eu\/index.php\/produit\/etole-blanche-chakra-de-letoile-de-lame\/#breadcrumb","itemListElement":[{"@type":"ListItem","position":1,"name":"Accueil","item":"https:\/\/www.spirit-us.eu\/"},{"@type":"ListItem","position":2,"name":"Boutique","item":"https:\/\/www.spirit-us.eu\/index.php\/boutique\/"},{"@type":"ListItem","position":3,"name":"ETOLE BLANCHE \u2013 chakra de l&rsquo;\u00e9toile-de-l&rsquo;\u00e2me"}]},{"@type":"WebSite","@id":"https:\/\/www.spirit-us.eu\/#website","url":"https:\/\/www.spirit-us.eu\/","name":"Spirit-US","description":"","publisher":{"@id":"https:\/\/www.spirit-us.eu\/#organization"},"potentialAction":[{"@type":"SearchAction","target":{"@type":"EntryPoint","urlTemplate":"https:\/\/www.spirit-us.eu\/?s={search_term_string}"},"query-input":{"@type":"PropertyValueSpecification","valueRequired":true,"valueName":"search_term_string"}}],"inLanguage":"fr-FR"},{"@type":"Organization","@id":"https:\/\/www.spirit-us.eu\/#organization","name":"Spirit-US","url":"https:\/\/www.spirit-us.eu\/","logo":{"@type":"ImageObject","inLanguage":"fr-FR","@id":"https:\/\/www.spirit-us.eu\/#\/schema\/logo\/image\/","url":"https:\/\/www.spirit-us.eu\/wp-content\/uploads\/2025\/11\/logo-regarde-linterlocutrice-sans-arrriere-plan.jpg","contentUrl":"https:\/\/www.spirit-us.eu\/wp-content\/uploads\/2025\/11\/logo-regarde-linterlocutrice-sans-arrriere-plan.jpg","width":1080,"height":1080,"caption":"Spirit-US"},"image":{"@id":"https:\/\/www.spirit-us.eu\/#\/schema\/logo\/image\/"},"sameAs":["https:\/\/www.facebook.com\/spirit.us.deum"]}]}},"jetpack_sharing_enabled":true,"_links":{"self":[{"href":"https:\/\/www.spirit-us.eu\/index.php\/wp-json\/wp\/v2\/product\/1585","targetHints":{"allow":["GET"]}}],"collection":[{"href":"https:\/\/www.spirit-us.eu\/index.php\/wp-json\/wp\/v2\/product"}],"about":[{"href":"https:\/\/www.spirit-us.eu\/index.php\/wp-json\/wp\/v2\/types\/product"}],"replies":[{"embeddable":true,"href":"https:\/\/www.spirit-us.eu\/index.php\/wp-json\/wp\/v2\/comments?post=1585"}],"wp:featuredmedia":[{"embeddable":true,"href":"https:\/\/www.spirit-us.eu\/index.php\/wp-json\/wp\/v2\/media\/1586"}],"wp:attachment":[{"href":"https:\/\/www.spirit-us.eu\/index.php\/wp-json\/wp\/v2\/media?parent=1585"}],"wp:term":[{"taxonomy":"product_brand","embeddable":true,"href":"https:\/\/www.spirit-us.eu\/index.php\/wp-json\/wp\/v2\/product_brand?post=1585"},{"taxonomy":"product_cat","embeddable":true,"href":"https:\/\/www.spirit-us.eu\/index.php\/wp-json\/wp\/v2\/product_cat?post=1585"},{"taxonomy":"product_tag","embeddable":true,"href":"https:\/\/www.spirit-us.eu\/index.php\/wp-json\/wp\/v2\/product_tag?post=1585"},{"taxonomy":"mwb_booking_cost","embeddable":true,"href":"https:\/\/www.spirit-us.eu\/index.php\/wp-json\/wp\/v2\/mwb_booking_cost?post=1585"},{"taxonomy":"mwb_booking_service","embeddable":true,"href":"https:\/\/www.spirit-us.eu\/index.php\/wp-json\/wp\/v2\/mwb_booking_service?post=1585"}],"curies":[{"name":"wp","href":"https:\/\/api.w.org\/{rel}","templated":true}]}}