{"id":1402,"date":"2025-05-12T17:21:46","date_gmt":"2025-05-12T15:21:46","guid":{"rendered":"https:\/\/www.spirit-us.eu\/?post_type=product&#038;p=1402"},"modified":"2025-12-20T10:24:37","modified_gmt":"2025-12-20T09:24:37","slug":"medaillon-de-notre-dame-de-bonsecours","status":"publish","type":"product","link":"https:\/\/www.spirit-us.eu\/index.php\/produit\/medaillon-de-notre-dame-de-bonsecours\/","title":{"rendered":"MEDAILLE DE NOTRE DAME DE BONSECOURS"},"content":{"rendered":"<p>M\u00e9daille de forme rectangulaire en m\u00e9tal dor\u00e9 \u00e0 l\u2019effigie de Notre Damede Bonsecours portant l&rsquo;enfant J\u00e9sus;\u00a0 au verso est grav\u00e9e l&rsquo;image de la Basilique de Bonsecours<\/p>\n<p><strong>Dimensions<\/strong>\u00a0: largeur 1 cm\u00a0; hauteur\u00a0: 3 cm (avec le suspensoir)<\/p>\n<p><strong>Mat\u00e9riau<\/strong>\u00a0: acier inoxydable dor\u00e9<\/p>\n<p><strong>Livr\u00e9 avec<\/strong> cha\u00eenette en m\u00e9tal dor\u00e9, dans un \u00e9crin de velours bleu<\/p>\n<p><strong>Longueur de la cha\u00eene<\/strong>\u00a0: 50 cm<\/p>\n","protected":false},"excerpt":{"rendered":"<p style=\"text-align: justify;\">Puissant bijou de protection maternelle et spirituelle.\u00a0 Notre Dame de Bonsecours est aimante protectrice. On la v\u00e9n\u00e8re depuis des temps imm\u00e9moriaux.<\/p>\n<p style=\"text-align: justify;\">La face de cette m\u00e9daille repr\u00e9sente Notre Dame \u00e0 l&rsquo;enfant, couronn\u00e9e de la couronne de la reine de l&rsquo;univers et couronn\u00e9e des 12 \u00e9toiles ; tandis que le verso de la m\u00e9daille repr\u00e9sente la Basilique de Bonsecours, symbole de la protection maternelle de Marie, m\u00e8re de toutes les m\u00e8res. Livr\u00e9 dans un \u00e9crin en velours bleu.\u00a0 Se porte en toute circonstance, discr\u00e8tement sous les v\u00eatements pour une protection ind\u00e9fectible ou de fa\u00e7on visible pour montrer au monde que Notre Dame \u00e0 l&rsquo;enfant continue son \u0153uvre de lib\u00e9ration et de d\u00e9livrance \u00e0 travers nous. Offrez-vous ce bijou de protection ou offrez-le \u00e0 quelqu\u2019un que vous aimez : il convient en toute occasion et particuli\u00e8rement lorsque les \u00e9preuves de la vie incitent \u00e0 renforcer notre protection spirituelle et l&rsquo;amour familial. Ce bijou est livr\u00e9 b\u00e9ni et exorcis\u00e9.<\/p>\n","protected":false},"featured_media":1404,"comment_status":"open","ping_status":"closed","template":"","meta":[],"product_brand":[],"product_cat":[156,508,17,504],"product_tag":[169],"mwb_booking_cost":[],"mwb_booking_service":[],"class_list":{"0":"post-1402","1":"product","2":"type-product","3":"status-publish","4":"has-post-thumbnail","6":"product_cat-04-bijoux","7":"product_cat-004-images-bijoux-saints","8":"product_cat-tous-les-produits","9":"product_cat-01-univers-sacre-accueil","10":"product_tag-protection","12":"first","13":"instock","14":"shipping-taxable","15":"purchasable","16":"product-type-simple"},"yoast_head":"<!-- This site is optimized with the Yoast SEO plugin v27.1.1 - https:\/\/yoast.com\/product\/yoast-seo-wordpress\/ -->\n<title>MEDAILLE DE NOTRE DAME DE BONSECOURS - Spirit-US<\/title>\n<meta name=\"robots\" content=\"index, follow, max-snippet:-1, max-image-preview:large, max-video-preview:-1\" \/>\n<link rel=\"canonical\" href=\"https:\/\/www.spirit-us.eu\/index.php\/produit\/medaillon-de-notre-dame-de-bonsecours\/\" \/>\n<meta property=\"og:locale\" content=\"fr_FR\" \/>\n<meta property=\"og:type\" content=\"article\" \/>\n<meta property=\"og:title\" content=\"MEDAILLE DE NOTRE DAME DE BONSECOURS - Spirit-US\" \/>\n<meta property=\"og:description\" content=\"Puissant bijou de protection maternelle et spirituelle.\u00a0 Notre Dame de Bonsecours est aimante protectrice. On la v\u00e9n\u00e8re depuis des temps imm\u00e9moriaux. La face de cette m\u00e9daille repr\u00e9sente Notre Dame \u00e0 l&#039;enfant, couronn\u00e9e de la couronne de la reine de l&#039;univers et couronn\u00e9e des 12 \u00e9toiles ; tandis que le verso de la m\u00e9daille repr\u00e9sente la Basilique de Bonsecours, symbole de la protection maternelle de Marie, m\u00e8re de toutes les m\u00e8res. Livr\u00e9 dans un \u00e9crin en velours bleu.\u00a0 Se porte en toute circonstance, discr\u00e8tement sous les v\u00eatements pour une protection ind\u00e9fectible ou de fa\u00e7on visible pour montrer au monde que Notre Dame \u00e0 l&#039;enfant continue son \u0153uvre de lib\u00e9ration et de d\u00e9livrance \u00e0 travers nous. Offrez-vous ce bijou de protection ou offrez-le \u00e0 quelqu\u2019un que vous aimez : il convient en toute occasion et particuli\u00e8rement lorsque les \u00e9preuves de la vie incitent \u00e0 renforcer notre protection spirituelle et l&#039;amour familial. Ce bijou est livr\u00e9 b\u00e9ni et exorcis\u00e9.\" \/>\n<meta property=\"og:url\" content=\"https:\/\/www.spirit-us.eu\/index.php\/produit\/medaillon-de-notre-dame-de-bonsecours\/\" \/>\n<meta property=\"og:site_name\" content=\"Spirit-US\" \/>\n<meta property=\"article:publisher\" content=\"https:\/\/www.facebook.com\/spirit.us.deum\" \/>\n<meta property=\"article:modified_time\" content=\"2025-12-20T09:24:37+00:00\" \/>\n<meta property=\"og:image\" content=\"https:\/\/www.spirit-us.eu\/wp-content\/uploads\/2025\/05\/bonsecours-image-produit.png\" \/>\n\t<meta property=\"og:image:width\" content=\"1080\" \/>\n\t<meta property=\"og:image:height\" content=\"1080\" \/>\n\t<meta property=\"og:image:type\" content=\"image\/png\" \/>\n<meta name=\"twitter:card\" content=\"summary_large_image\" \/>\n<script type=\"application\/ld+json\" class=\"yoast-schema-graph\">{\"@context\":\"https:\/\/schema.org\",\"@graph\":[{\"@type\":\"WebPage\",\"@id\":\"https:\/\/www.spirit-us.eu\/index.php\/produit\/medaillon-de-notre-dame-de-bonsecours\/\",\"url\":\"https:\/\/www.spirit-us.eu\/index.php\/produit\/medaillon-de-notre-dame-de-bonsecours\/\",\"name\":\"MEDAILLE DE NOTRE DAME DE BONSECOURS - Spirit-US\",\"isPartOf\":{\"@id\":\"https:\/\/www.spirit-us.eu\/#website\"},\"primaryImageOfPage\":{\"@id\":\"https:\/\/www.spirit-us.eu\/index.php\/produit\/medaillon-de-notre-dame-de-bonsecours\/#primaryimage\"},\"image\":{\"@id\":\"https:\/\/www.spirit-us.eu\/index.php\/produit\/medaillon-de-notre-dame-de-bonsecours\/#primaryimage\"},\"thumbnailUrl\":\"https:\/\/www.spirit-us.eu\/wp-content\/uploads\/2025\/05\/bonsecours-image-produit.png\",\"datePublished\":\"2025-05-12T15:21:46+00:00\",\"dateModified\":\"2025-12-20T09:24:37+00:00\",\"breadcrumb\":{\"@id\":\"https:\/\/www.spirit-us.eu\/index.php\/produit\/medaillon-de-notre-dame-de-bonsecours\/#breadcrumb\"},\"inLanguage\":\"fr-FR\",\"potentialAction\":[{\"@type\":\"ReadAction\",\"target\":[\"https:\/\/www.spirit-us.eu\/index.php\/produit\/medaillon-de-notre-dame-de-bonsecours\/\"]}]},{\"@type\":\"ImageObject\",\"inLanguage\":\"fr-FR\",\"@id\":\"https:\/\/www.spirit-us.eu\/index.php\/produit\/medaillon-de-notre-dame-de-bonsecours\/#primaryimage\",\"url\":\"https:\/\/www.spirit-us.eu\/wp-content\/uploads\/2025\/05\/bonsecours-image-produit.png\",\"contentUrl\":\"https:\/\/www.spirit-us.eu\/wp-content\/uploads\/2025\/05\/bonsecours-image-produit.png\",\"width\":1080,\"height\":1080},{\"@type\":\"BreadcrumbList\",\"@id\":\"https:\/\/www.spirit-us.eu\/index.php\/produit\/medaillon-de-notre-dame-de-bonsecours\/#breadcrumb\",\"itemListElement\":[{\"@type\":\"ListItem\",\"position\":1,\"name\":\"Accueil\",\"item\":\"https:\/\/www.spirit-us.eu\/\"},{\"@type\":\"ListItem\",\"position\":2,\"name\":\"Boutique\",\"item\":\"https:\/\/www.spirit-us.eu\/index.php\/boutique\/\"},{\"@type\":\"ListItem\",\"position\":3,\"name\":\"MEDAILLE DE NOTRE DAME DE BONSECOURS\"}]},{\"@type\":\"WebSite\",\"@id\":\"https:\/\/www.spirit-us.eu\/#website\",\"url\":\"https:\/\/www.spirit-us.eu\/\",\"name\":\"Spirit-US\",\"description\":\"\",\"publisher\":{\"@id\":\"https:\/\/www.spirit-us.eu\/#organization\"},\"potentialAction\":[{\"@type\":\"SearchAction\",\"target\":{\"@type\":\"EntryPoint\",\"urlTemplate\":\"https:\/\/www.spirit-us.eu\/?s={search_term_string}\"},\"query-input\":{\"@type\":\"PropertyValueSpecification\",\"valueRequired\":true,\"valueName\":\"search_term_string\"}}],\"inLanguage\":\"fr-FR\"},{\"@type\":\"Organization\",\"@id\":\"https:\/\/www.spirit-us.eu\/#organization\",\"name\":\"Spirit-US\",\"url\":\"https:\/\/www.spirit-us.eu\/\",\"logo\":{\"@type\":\"ImageObject\",\"inLanguage\":\"fr-FR\",\"@id\":\"https:\/\/www.spirit-us.eu\/#\/schema\/logo\/image\/\",\"url\":\"https:\/\/www.spirit-us.eu\/wp-content\/uploads\/2025\/11\/logo-regarde-linterlocutrice-sans-arrriere-plan.jpg\",\"contentUrl\":\"https:\/\/www.spirit-us.eu\/wp-content\/uploads\/2025\/11\/logo-regarde-linterlocutrice-sans-arrriere-plan.jpg\",\"width\":1080,\"height\":1080,\"caption\":\"Spirit-US\"},\"image\":{\"@id\":\"https:\/\/www.spirit-us.eu\/#\/schema\/logo\/image\/\"},\"sameAs\":[\"https:\/\/www.facebook.com\/spirit.us.deum\"]}]}<\/script>\n<!-- \/ Yoast SEO plugin. -->","yoast_head_json":{"title":"MEDAILLE DE NOTRE DAME DE BONSECOURS - Spirit-US","robots":{"index":"index","follow":"follow","max-snippet":"max-snippet:-1","max-image-preview":"max-image-preview:large","max-video-preview":"max-video-preview:-1"},"canonical":"https:\/\/www.spirit-us.eu\/index.php\/produit\/medaillon-de-notre-dame-de-bonsecours\/","og_locale":"fr_FR","og_type":"article","og_title":"MEDAILLE DE NOTRE DAME DE BONSECOURS - Spirit-US","og_description":"Puissant bijou de protection maternelle et spirituelle.\u00a0 Notre Dame de Bonsecours est aimante protectrice. On la v\u00e9n\u00e8re depuis des temps imm\u00e9moriaux. La face de cette m\u00e9daille repr\u00e9sente Notre Dame \u00e0 l'enfant, couronn\u00e9e de la couronne de la reine de l'univers et couronn\u00e9e des 12 \u00e9toiles ; tandis que le verso de la m\u00e9daille repr\u00e9sente la Basilique de Bonsecours, symbole de la protection maternelle de Marie, m\u00e8re de toutes les m\u00e8res. Livr\u00e9 dans un \u00e9crin en velours bleu.\u00a0 Se porte en toute circonstance, discr\u00e8tement sous les v\u00eatements pour une protection ind\u00e9fectible ou de fa\u00e7on visible pour montrer au monde que Notre Dame \u00e0 l'enfant continue son \u0153uvre de lib\u00e9ration et de d\u00e9livrance \u00e0 travers nous. Offrez-vous ce bijou de protection ou offrez-le \u00e0 quelqu\u2019un que vous aimez : il convient en toute occasion et particuli\u00e8rement lorsque les \u00e9preuves de la vie incitent \u00e0 renforcer notre protection spirituelle et l'amour familial. Ce bijou est livr\u00e9 b\u00e9ni et exorcis\u00e9.","og_url":"https:\/\/www.spirit-us.eu\/index.php\/produit\/medaillon-de-notre-dame-de-bonsecours\/","og_site_name":"Spirit-US","article_publisher":"https:\/\/www.facebook.com\/spirit.us.deum","article_modified_time":"2025-12-20T09:24:37+00:00","og_image":[{"width":1080,"height":1080,"url":"https:\/\/www.spirit-us.eu\/wp-content\/uploads\/2025\/05\/bonsecours-image-produit.png","type":"image\/png"}],"twitter_card":"summary_large_image","schema":{"@context":"https:\/\/schema.org","@graph":[{"@type":"WebPage","@id":"https:\/\/www.spirit-us.eu\/index.php\/produit\/medaillon-de-notre-dame-de-bonsecours\/","url":"https:\/\/www.spirit-us.eu\/index.php\/produit\/medaillon-de-notre-dame-de-bonsecours\/","name":"MEDAILLE DE NOTRE DAME DE BONSECOURS - Spirit-US","isPartOf":{"@id":"https:\/\/www.spirit-us.eu\/#website"},"primaryImageOfPage":{"@id":"https:\/\/www.spirit-us.eu\/index.php\/produit\/medaillon-de-notre-dame-de-bonsecours\/#primaryimage"},"image":{"@id":"https:\/\/www.spirit-us.eu\/index.php\/produit\/medaillon-de-notre-dame-de-bonsecours\/#primaryimage"},"thumbnailUrl":"https:\/\/www.spirit-us.eu\/wp-content\/uploads\/2025\/05\/bonsecours-image-produit.png","datePublished":"2025-05-12T15:21:46+00:00","dateModified":"2025-12-20T09:24:37+00:00","breadcrumb":{"@id":"https:\/\/www.spirit-us.eu\/index.php\/produit\/medaillon-de-notre-dame-de-bonsecours\/#breadcrumb"},"inLanguage":"fr-FR","potentialAction":[{"@type":"ReadAction","target":["https:\/\/www.spirit-us.eu\/index.php\/produit\/medaillon-de-notre-dame-de-bonsecours\/"]}]},{"@type":"ImageObject","inLanguage":"fr-FR","@id":"https:\/\/www.spirit-us.eu\/index.php\/produit\/medaillon-de-notre-dame-de-bonsecours\/#primaryimage","url":"https:\/\/www.spirit-us.eu\/wp-content\/uploads\/2025\/05\/bonsecours-image-produit.png","contentUrl":"https:\/\/www.spirit-us.eu\/wp-content\/uploads\/2025\/05\/bonsecours-image-produit.png","width":1080,"height":1080},{"@type":"BreadcrumbList","@id":"https:\/\/www.spirit-us.eu\/index.php\/produit\/medaillon-de-notre-dame-de-bonsecours\/#breadcrumb","itemListElement":[{"@type":"ListItem","position":1,"name":"Accueil","item":"https:\/\/www.spirit-us.eu\/"},{"@type":"ListItem","position":2,"name":"Boutique","item":"https:\/\/www.spirit-us.eu\/index.php\/boutique\/"},{"@type":"ListItem","position":3,"name":"MEDAILLE DE NOTRE DAME DE BONSECOURS"}]},{"@type":"WebSite","@id":"https:\/\/www.spirit-us.eu\/#website","url":"https:\/\/www.spirit-us.eu\/","name":"Spirit-US","description":"","publisher":{"@id":"https:\/\/www.spirit-us.eu\/#organization"},"potentialAction":[{"@type":"SearchAction","target":{"@type":"EntryPoint","urlTemplate":"https:\/\/www.spirit-us.eu\/?s={search_term_string}"},"query-input":{"@type":"PropertyValueSpecification","valueRequired":true,"valueName":"search_term_string"}}],"inLanguage":"fr-FR"},{"@type":"Organization","@id":"https:\/\/www.spirit-us.eu\/#organization","name":"Spirit-US","url":"https:\/\/www.spirit-us.eu\/","logo":{"@type":"ImageObject","inLanguage":"fr-FR","@id":"https:\/\/www.spirit-us.eu\/#\/schema\/logo\/image\/","url":"https:\/\/www.spirit-us.eu\/wp-content\/uploads\/2025\/11\/logo-regarde-linterlocutrice-sans-arrriere-plan.jpg","contentUrl":"https:\/\/www.spirit-us.eu\/wp-content\/uploads\/2025\/11\/logo-regarde-linterlocutrice-sans-arrriere-plan.jpg","width":1080,"height":1080,"caption":"Spirit-US"},"image":{"@id":"https:\/\/www.spirit-us.eu\/#\/schema\/logo\/image\/"},"sameAs":["https:\/\/www.facebook.com\/spirit.us.deum"]}]}},"jetpack_sharing_enabled":true,"_links":{"self":[{"href":"https:\/\/www.spirit-us.eu\/index.php\/wp-json\/wp\/v2\/product\/1402","targetHints":{"allow":["GET"]}}],"collection":[{"href":"https:\/\/www.spirit-us.eu\/index.php\/wp-json\/wp\/v2\/product"}],"about":[{"href":"https:\/\/www.spirit-us.eu\/index.php\/wp-json\/wp\/v2\/types\/product"}],"replies":[{"embeddable":true,"href":"https:\/\/www.spirit-us.eu\/index.php\/wp-json\/wp\/v2\/comments?post=1402"}],"wp:featuredmedia":[{"embeddable":true,"href":"https:\/\/www.spirit-us.eu\/index.php\/wp-json\/wp\/v2\/media\/1404"}],"wp:attachment":[{"href":"https:\/\/www.spirit-us.eu\/index.php\/wp-json\/wp\/v2\/media?parent=1402"}],"wp:term":[{"taxonomy":"product_brand","embeddable":true,"href":"https:\/\/www.spirit-us.eu\/index.php\/wp-json\/wp\/v2\/product_brand?post=1402"},{"taxonomy":"product_cat","embeddable":true,"href":"https:\/\/www.spirit-us.eu\/index.php\/wp-json\/wp\/v2\/product_cat?post=1402"},{"taxonomy":"product_tag","embeddable":true,"href":"https:\/\/www.spirit-us.eu\/index.php\/wp-json\/wp\/v2\/product_tag?post=1402"},{"taxonomy":"mwb_booking_cost","embeddable":true,"href":"https:\/\/www.spirit-us.eu\/index.php\/wp-json\/wp\/v2\/mwb_booking_cost?post=1402"},{"taxonomy":"mwb_booking_service","embeddable":true,"href":"https:\/\/www.spirit-us.eu\/index.php\/wp-json\/wp\/v2\/mwb_booking_service?post=1402"}],"curies":[{"name":"wp","href":"https:\/\/api.w.org\/{rel}","templated":true}]}}