{"id":1379,"date":"2025-05-09T11:00:25","date_gmt":"2025-05-09T09:00:25","guid":{"rendered":"https:\/\/www.spirit-us.eu\/?post_type=product&#038;p=1379"},"modified":"2025-12-20T10:25:43","modified_gmt":"2025-12-20T09:25:43","slug":"dizainier-du-coeur-de-marie-et-jesus-bleu-turquoise","status":"publish","type":"product","link":"https:\/\/www.spirit-us.eu\/index.php\/produit\/dizainier-du-coeur-de-marie-et-jesus-bleu-turquoise\/","title":{"rendered":"DIZAINIER DU C\u0152UR DE MARIE ET JESUS (bleu turquoise)"},"content":{"rendered":"<p><strong>Poids de livraison : <\/strong>0.1 Kg<\/p>\n<p><strong>Mat\u00e9riaux\u00a0: <\/strong>Verre, m\u00e9tal, nacre et \u00e9lastique<\/p>\n<p><strong>Composition<\/strong> : 10 perles de verre translucide bleues turquoise, en forme de c\u0153ur, m\u00e9daille miraculeuse en m\u00e9tal argent\u00e9 et crucifix en m\u00e9tal argent\u00e9, pour les breloques. Entre les perles bleues, 10 perles plus petites en nacre.<\/p>\n<p><strong>Dimension des perles bleues<\/strong>\u00a0: 1,2 cm de c\u00f4t\u00e9<\/p>\n<p><strong>Origine : <\/strong>Italie<\/p>\n","protected":false},"excerpt":{"rendered":"<p style=\"text-align: justify;\">Ce dizainier allie un c\u00f4t\u00e9 esth\u00e9tique et un c\u00f4t\u00e9 tr\u00e8s pratique, puisqu\u2019il permet de prier les neuvaines \u00e0 tout moment et o\u00f9 qu\u2019on se trouve.\u00a0 La pri\u00e8re silencieuse ou dite \u00e0 haute voix, se fait tandis qu\u2019on \u00e9gr\u00e8ne les perles de ce bijou, discret et fort joli.\u00a0 Son \u00e9lasticit\u00e9 lui permet de s\u2019adapter \u00e0 tout type de poignet.\u00a0 Il se porte \u00e9galement dans une poche ou un sac. Ce bijou est l\u2019accompagnant id\u00e9al de vos neuvaines, de vos pri\u00e8res quotidiennes. C\u2019est \u00e9galement un cadeau \u00e0 toute personne aim\u00e9e ou pieuse. Il est livr\u00e9 b\u00e9ni. Existe en deux coloris (voir l\u2019autre fiche en fonction de vos go\u00fbts).<\/p>\n","protected":false},"featured_media":1380,"comment_status":"open","ping_status":"closed","template":"","meta":[],"product_brand":[],"product_cat":[508,17,504],"product_tag":[167],"mwb_booking_cost":[],"mwb_booking_service":[],"class_list":{"0":"post-1379","1":"product","2":"type-product","3":"status-publish","4":"has-post-thumbnail","6":"product_cat-004-images-bijoux-saints","7":"product_cat-tous-les-produits","8":"product_cat-01-univers-sacre-accueil","9":"product_tag-bleu","11":"first","12":"instock","13":"shipping-taxable","14":"purchasable","15":"product-type-simple"},"yoast_head":"<!-- This site is optimized with the Yoast SEO plugin v27.1.1 - https:\/\/yoast.com\/product\/yoast-seo-wordpress\/ -->\n<title>DIZAINIER DU C\u0152UR DE MARIE ET JESUS (bleu turquoise) - Spirit-US<\/title>\n<meta name=\"robots\" content=\"index, follow, max-snippet:-1, max-image-preview:large, max-video-preview:-1\" \/>\n<link rel=\"canonical\" href=\"https:\/\/www.spirit-us.eu\/index.php\/produit\/dizainier-du-coeur-de-marie-et-jesus-bleu-turquoise\/\" \/>\n<meta property=\"og:locale\" content=\"fr_FR\" \/>\n<meta property=\"og:type\" content=\"article\" \/>\n<meta property=\"og:title\" content=\"DIZAINIER DU C\u0152UR DE MARIE ET JESUS (bleu turquoise) - Spirit-US\" \/>\n<meta property=\"og:description\" content=\"Ce dizainier allie un c\u00f4t\u00e9 esth\u00e9tique et un c\u00f4t\u00e9 tr\u00e8s pratique, puisqu\u2019il permet de prier les neuvaines \u00e0 tout moment et o\u00f9 qu\u2019on se trouve.\u00a0 La pri\u00e8re silencieuse ou dite \u00e0 haute voix, se fait tandis qu\u2019on \u00e9gr\u00e8ne les perles de ce bijou, discret et fort joli.\u00a0 Son \u00e9lasticit\u00e9 lui permet de s\u2019adapter \u00e0 tout type de poignet.\u00a0 Il se porte \u00e9galement dans une poche ou un sac. Ce bijou est l\u2019accompagnant id\u00e9al de vos neuvaines, de vos pri\u00e8res quotidiennes. C\u2019est \u00e9galement un cadeau \u00e0 toute personne aim\u00e9e ou pieuse. Il est livr\u00e9 b\u00e9ni. Existe en deux coloris (voir l\u2019autre fiche en fonction de vos go\u00fbts).\" \/>\n<meta property=\"og:url\" content=\"https:\/\/www.spirit-us.eu\/index.php\/produit\/dizainier-du-coeur-de-marie-et-jesus-bleu-turquoise\/\" \/>\n<meta property=\"og:site_name\" content=\"Spirit-US\" \/>\n<meta property=\"article:publisher\" content=\"https:\/\/www.facebook.com\/spirit.us.deum\" \/>\n<meta property=\"article:modified_time\" content=\"2025-12-20T09:25:43+00:00\" \/>\n<meta property=\"og:image\" content=\"https:\/\/www.spirit-us.eu\/wp-content\/uploads\/2025\/05\/dizainier-bleu-clair.png\" \/>\n\t<meta property=\"og:image:width\" content=\"1080\" \/>\n\t<meta property=\"og:image:height\" content=\"1080\" \/>\n\t<meta property=\"og:image:type\" content=\"image\/png\" \/>\n<meta name=\"twitter:card\" content=\"summary_large_image\" \/>\n<script type=\"application\/ld+json\" class=\"yoast-schema-graph\">{\"@context\":\"https:\/\/schema.org\",\"@graph\":[{\"@type\":\"WebPage\",\"@id\":\"https:\/\/www.spirit-us.eu\/index.php\/produit\/dizainier-du-coeur-de-marie-et-jesus-bleu-turquoise\/\",\"url\":\"https:\/\/www.spirit-us.eu\/index.php\/produit\/dizainier-du-coeur-de-marie-et-jesus-bleu-turquoise\/\",\"name\":\"DIZAINIER DU C\u0152UR DE MARIE ET JESUS (bleu turquoise) - Spirit-US\",\"isPartOf\":{\"@id\":\"https:\/\/www.spirit-us.eu\/#website\"},\"primaryImageOfPage\":{\"@id\":\"https:\/\/www.spirit-us.eu\/index.php\/produit\/dizainier-du-coeur-de-marie-et-jesus-bleu-turquoise\/#primaryimage\"},\"image\":{\"@id\":\"https:\/\/www.spirit-us.eu\/index.php\/produit\/dizainier-du-coeur-de-marie-et-jesus-bleu-turquoise\/#primaryimage\"},\"thumbnailUrl\":\"https:\/\/www.spirit-us.eu\/wp-content\/uploads\/2025\/05\/dizainier-bleu-clair.png\",\"datePublished\":\"2025-05-09T09:00:25+00:00\",\"dateModified\":\"2025-12-20T09:25:43+00:00\",\"breadcrumb\":{\"@id\":\"https:\/\/www.spirit-us.eu\/index.php\/produit\/dizainier-du-coeur-de-marie-et-jesus-bleu-turquoise\/#breadcrumb\"},\"inLanguage\":\"fr-FR\",\"potentialAction\":[{\"@type\":\"ReadAction\",\"target\":[\"https:\/\/www.spirit-us.eu\/index.php\/produit\/dizainier-du-coeur-de-marie-et-jesus-bleu-turquoise\/\"]}]},{\"@type\":\"ImageObject\",\"inLanguage\":\"fr-FR\",\"@id\":\"https:\/\/www.spirit-us.eu\/index.php\/produit\/dizainier-du-coeur-de-marie-et-jesus-bleu-turquoise\/#primaryimage\",\"url\":\"https:\/\/www.spirit-us.eu\/wp-content\/uploads\/2025\/05\/dizainier-bleu-clair.png\",\"contentUrl\":\"https:\/\/www.spirit-us.eu\/wp-content\/uploads\/2025\/05\/dizainier-bleu-clair.png\",\"width\":1080,\"height\":1080},{\"@type\":\"BreadcrumbList\",\"@id\":\"https:\/\/www.spirit-us.eu\/index.php\/produit\/dizainier-du-coeur-de-marie-et-jesus-bleu-turquoise\/#breadcrumb\",\"itemListElement\":[{\"@type\":\"ListItem\",\"position\":1,\"name\":\"Accueil\",\"item\":\"https:\/\/www.spirit-us.eu\/\"},{\"@type\":\"ListItem\",\"position\":2,\"name\":\"Boutique\",\"item\":\"https:\/\/www.spirit-us.eu\/index.php\/boutique\/\"},{\"@type\":\"ListItem\",\"position\":3,\"name\":\"DIZAINIER DU C\u0152UR DE MARIE ET JESUS (bleu turquoise)\"}]},{\"@type\":\"WebSite\",\"@id\":\"https:\/\/www.spirit-us.eu\/#website\",\"url\":\"https:\/\/www.spirit-us.eu\/\",\"name\":\"Spirit-US\",\"description\":\"\",\"publisher\":{\"@id\":\"https:\/\/www.spirit-us.eu\/#organization\"},\"potentialAction\":[{\"@type\":\"SearchAction\",\"target\":{\"@type\":\"EntryPoint\",\"urlTemplate\":\"https:\/\/www.spirit-us.eu\/?s={search_term_string}\"},\"query-input\":{\"@type\":\"PropertyValueSpecification\",\"valueRequired\":true,\"valueName\":\"search_term_string\"}}],\"inLanguage\":\"fr-FR\"},{\"@type\":\"Organization\",\"@id\":\"https:\/\/www.spirit-us.eu\/#organization\",\"name\":\"Spirit-US\",\"url\":\"https:\/\/www.spirit-us.eu\/\",\"logo\":{\"@type\":\"ImageObject\",\"inLanguage\":\"fr-FR\",\"@id\":\"https:\/\/www.spirit-us.eu\/#\/schema\/logo\/image\/\",\"url\":\"https:\/\/www.spirit-us.eu\/wp-content\/uploads\/2025\/11\/logo-regarde-linterlocutrice-sans-arrriere-plan.jpg\",\"contentUrl\":\"https:\/\/www.spirit-us.eu\/wp-content\/uploads\/2025\/11\/logo-regarde-linterlocutrice-sans-arrriere-plan.jpg\",\"width\":1080,\"height\":1080,\"caption\":\"Spirit-US\"},\"image\":{\"@id\":\"https:\/\/www.spirit-us.eu\/#\/schema\/logo\/image\/\"},\"sameAs\":[\"https:\/\/www.facebook.com\/spirit.us.deum\"]}]}<\/script>\n<!-- \/ Yoast SEO plugin. -->","yoast_head_json":{"title":"DIZAINIER DU C\u0152UR DE MARIE ET JESUS (bleu turquoise) - Spirit-US","robots":{"index":"index","follow":"follow","max-snippet":"max-snippet:-1","max-image-preview":"max-image-preview:large","max-video-preview":"max-video-preview:-1"},"canonical":"https:\/\/www.spirit-us.eu\/index.php\/produit\/dizainier-du-coeur-de-marie-et-jesus-bleu-turquoise\/","og_locale":"fr_FR","og_type":"article","og_title":"DIZAINIER DU C\u0152UR DE MARIE ET JESUS (bleu turquoise) - Spirit-US","og_description":"Ce dizainier allie un c\u00f4t\u00e9 esth\u00e9tique et un c\u00f4t\u00e9 tr\u00e8s pratique, puisqu\u2019il permet de prier les neuvaines \u00e0 tout moment et o\u00f9 qu\u2019on se trouve.\u00a0 La pri\u00e8re silencieuse ou dite \u00e0 haute voix, se fait tandis qu\u2019on \u00e9gr\u00e8ne les perles de ce bijou, discret et fort joli.\u00a0 Son \u00e9lasticit\u00e9 lui permet de s\u2019adapter \u00e0 tout type de poignet.\u00a0 Il se porte \u00e9galement dans une poche ou un sac. Ce bijou est l\u2019accompagnant id\u00e9al de vos neuvaines, de vos pri\u00e8res quotidiennes. C\u2019est \u00e9galement un cadeau \u00e0 toute personne aim\u00e9e ou pieuse. Il est livr\u00e9 b\u00e9ni. Existe en deux coloris (voir l\u2019autre fiche en fonction de vos go\u00fbts).","og_url":"https:\/\/www.spirit-us.eu\/index.php\/produit\/dizainier-du-coeur-de-marie-et-jesus-bleu-turquoise\/","og_site_name":"Spirit-US","article_publisher":"https:\/\/www.facebook.com\/spirit.us.deum","article_modified_time":"2025-12-20T09:25:43+00:00","og_image":[{"width":1080,"height":1080,"url":"https:\/\/www.spirit-us.eu\/wp-content\/uploads\/2025\/05\/dizainier-bleu-clair.png","type":"image\/png"}],"twitter_card":"summary_large_image","schema":{"@context":"https:\/\/schema.org","@graph":[{"@type":"WebPage","@id":"https:\/\/www.spirit-us.eu\/index.php\/produit\/dizainier-du-coeur-de-marie-et-jesus-bleu-turquoise\/","url":"https:\/\/www.spirit-us.eu\/index.php\/produit\/dizainier-du-coeur-de-marie-et-jesus-bleu-turquoise\/","name":"DIZAINIER DU C\u0152UR DE MARIE ET JESUS (bleu turquoise) - Spirit-US","isPartOf":{"@id":"https:\/\/www.spirit-us.eu\/#website"},"primaryImageOfPage":{"@id":"https:\/\/www.spirit-us.eu\/index.php\/produit\/dizainier-du-coeur-de-marie-et-jesus-bleu-turquoise\/#primaryimage"},"image":{"@id":"https:\/\/www.spirit-us.eu\/index.php\/produit\/dizainier-du-coeur-de-marie-et-jesus-bleu-turquoise\/#primaryimage"},"thumbnailUrl":"https:\/\/www.spirit-us.eu\/wp-content\/uploads\/2025\/05\/dizainier-bleu-clair.png","datePublished":"2025-05-09T09:00:25+00:00","dateModified":"2025-12-20T09:25:43+00:00","breadcrumb":{"@id":"https:\/\/www.spirit-us.eu\/index.php\/produit\/dizainier-du-coeur-de-marie-et-jesus-bleu-turquoise\/#breadcrumb"},"inLanguage":"fr-FR","potentialAction":[{"@type":"ReadAction","target":["https:\/\/www.spirit-us.eu\/index.php\/produit\/dizainier-du-coeur-de-marie-et-jesus-bleu-turquoise\/"]}]},{"@type":"ImageObject","inLanguage":"fr-FR","@id":"https:\/\/www.spirit-us.eu\/index.php\/produit\/dizainier-du-coeur-de-marie-et-jesus-bleu-turquoise\/#primaryimage","url":"https:\/\/www.spirit-us.eu\/wp-content\/uploads\/2025\/05\/dizainier-bleu-clair.png","contentUrl":"https:\/\/www.spirit-us.eu\/wp-content\/uploads\/2025\/05\/dizainier-bleu-clair.png","width":1080,"height":1080},{"@type":"BreadcrumbList","@id":"https:\/\/www.spirit-us.eu\/index.php\/produit\/dizainier-du-coeur-de-marie-et-jesus-bleu-turquoise\/#breadcrumb","itemListElement":[{"@type":"ListItem","position":1,"name":"Accueil","item":"https:\/\/www.spirit-us.eu\/"},{"@type":"ListItem","position":2,"name":"Boutique","item":"https:\/\/www.spirit-us.eu\/index.php\/boutique\/"},{"@type":"ListItem","position":3,"name":"DIZAINIER DU C\u0152UR DE MARIE ET JESUS (bleu turquoise)"}]},{"@type":"WebSite","@id":"https:\/\/www.spirit-us.eu\/#website","url":"https:\/\/www.spirit-us.eu\/","name":"Spirit-US","description":"","publisher":{"@id":"https:\/\/www.spirit-us.eu\/#organization"},"potentialAction":[{"@type":"SearchAction","target":{"@type":"EntryPoint","urlTemplate":"https:\/\/www.spirit-us.eu\/?s={search_term_string}"},"query-input":{"@type":"PropertyValueSpecification","valueRequired":true,"valueName":"search_term_string"}}],"inLanguage":"fr-FR"},{"@type":"Organization","@id":"https:\/\/www.spirit-us.eu\/#organization","name":"Spirit-US","url":"https:\/\/www.spirit-us.eu\/","logo":{"@type":"ImageObject","inLanguage":"fr-FR","@id":"https:\/\/www.spirit-us.eu\/#\/schema\/logo\/image\/","url":"https:\/\/www.spirit-us.eu\/wp-content\/uploads\/2025\/11\/logo-regarde-linterlocutrice-sans-arrriere-plan.jpg","contentUrl":"https:\/\/www.spirit-us.eu\/wp-content\/uploads\/2025\/11\/logo-regarde-linterlocutrice-sans-arrriere-plan.jpg","width":1080,"height":1080,"caption":"Spirit-US"},"image":{"@id":"https:\/\/www.spirit-us.eu\/#\/schema\/logo\/image\/"},"sameAs":["https:\/\/www.facebook.com\/spirit.us.deum"]}]}},"jetpack_sharing_enabled":true,"_links":{"self":[{"href":"https:\/\/www.spirit-us.eu\/index.php\/wp-json\/wp\/v2\/product\/1379","targetHints":{"allow":["GET"]}}],"collection":[{"href":"https:\/\/www.spirit-us.eu\/index.php\/wp-json\/wp\/v2\/product"}],"about":[{"href":"https:\/\/www.spirit-us.eu\/index.php\/wp-json\/wp\/v2\/types\/product"}],"replies":[{"embeddable":true,"href":"https:\/\/www.spirit-us.eu\/index.php\/wp-json\/wp\/v2\/comments?post=1379"}],"wp:featuredmedia":[{"embeddable":true,"href":"https:\/\/www.spirit-us.eu\/index.php\/wp-json\/wp\/v2\/media\/1380"}],"wp:attachment":[{"href":"https:\/\/www.spirit-us.eu\/index.php\/wp-json\/wp\/v2\/media?parent=1379"}],"wp:term":[{"taxonomy":"product_brand","embeddable":true,"href":"https:\/\/www.spirit-us.eu\/index.php\/wp-json\/wp\/v2\/product_brand?post=1379"},{"taxonomy":"product_cat","embeddable":true,"href":"https:\/\/www.spirit-us.eu\/index.php\/wp-json\/wp\/v2\/product_cat?post=1379"},{"taxonomy":"product_tag","embeddable":true,"href":"https:\/\/www.spirit-us.eu\/index.php\/wp-json\/wp\/v2\/product_tag?post=1379"},{"taxonomy":"mwb_booking_cost","embeddable":true,"href":"https:\/\/www.spirit-us.eu\/index.php\/wp-json\/wp\/v2\/mwb_booking_cost?post=1379"},{"taxonomy":"mwb_booking_service","embeddable":true,"href":"https:\/\/www.spirit-us.eu\/index.php\/wp-json\/wp\/v2\/mwb_booking_service?post=1379"}],"curies":[{"name":"wp","href":"https:\/\/api.w.org\/{rel}","templated":true}]}}