{"id":1140,"date":"2025-04-27T10:03:19","date_gmt":"2025-04-27T08:03:19","guid":{"rendered":"https:\/\/www.spirit-us.eu\/?post_type=product&#038;p=1140"},"modified":"2025-12-21T17:00:11","modified_gmt":"2025-12-21T16:00:11","slug":"voyance-speciale-travailprofession","status":"publish","type":"product","link":"https:\/\/www.spirit-us.eu\/index.php\/produit\/voyance-speciale-travailprofession\/","title":{"rendered":"Voyance sp\u00e9ciale : TRAVAIL,PROFESSION"},"content":{"rendered":"","protected":false},"excerpt":{"rendered":"<p>Vous cherchez le travail de vos r\u00eaves et vous ne trouvez pas ? Au travail, les choses ne se passent pas aussi bien que vous le souhaitez ? Convoite-t-on votre poste, est-on jaloux, vous cache-t-on des choses qu&rsquo;il serait vital de conna\u00eetre ? Etes-vous victime de discrimination ou de harc\u00e8lement, comment mettre fin \u00e0 cette situation ? Consultation sp\u00e9cifique d&rsquo;une dur\u00e9e de 60 minutes, qui permettra de d\u00e9terminer quelles actions seront n\u00e9cessaires pour dynamiser votre activit\u00e9 professionnelle, si vous vivez un creux de la vague en cette mati\u00e8re, suite \u00e0 un \u00e9v\u00e9nement particulier, ou si le probl\u00e8me est plus ancr\u00e9 et que vous avez besoin d&rsquo;en conna\u00eetre les causes : si la situation est difficile, nous analyserons pourquoi et interrogerons l\u2019avenir pour vous. Souhaitez-vous changer de travail ? Aurez-vous cette promotion ? Vos coll\u00e8gues, votre hi\u00e9rarchie sont-ils loyaux envers vous ?\u00a0 <a href=\"https:\/\/exorciser-liberer-guerir.com\/prise-de-rendez-vous-par-domaine-dintervention\/\" target=\"_blank\" rel=\"noopener\"><strong>Prenez rendez-vous ici.<\/strong><\/a><\/p>\n","protected":false},"featured_media":1141,"comment_status":"open","ping_status":"closed","template":"","meta":[],"product_brand":[],"product_cat":[499,17,502],"product_tag":[171],"mwb_booking_cost":[],"mwb_booking_service":[],"class_list":{"0":"post-1140","1":"product","2":"type-product","3":"status-publish","4":"has-post-thumbnail","6":"product_cat-03-energetique","7":"product_cat-tous-les-produits","8":"product_cat-voyance","9":"product_tag-voyance","11":"first","12":"instock","13":"virtual","14":"purchasable","15":"product-type-simple"},"yoast_head":"<!-- This site is optimized with the Yoast SEO plugin v27.1.1 - https:\/\/yoast.com\/product\/yoast-seo-wordpress\/ -->\n<title>Voyance sp\u00e9ciale : TRAVAIL,PROFESSION - Spirit-US<\/title>\n<meta name=\"robots\" content=\"index, follow, max-snippet:-1, max-image-preview:large, max-video-preview:-1\" \/>\n<link rel=\"canonical\" href=\"https:\/\/www.spirit-us.eu\/index.php\/produit\/voyance-speciale-travailprofession\/\" \/>\n<meta property=\"og:locale\" content=\"fr_FR\" \/>\n<meta property=\"og:type\" content=\"article\" \/>\n<meta property=\"og:title\" content=\"Voyance sp\u00e9ciale : TRAVAIL,PROFESSION - Spirit-US\" \/>\n<meta property=\"og:description\" content=\"Vous cherchez le travail de vos r\u00eaves et vous ne trouvez pas ? Au travail, les choses ne se passent pas aussi bien que vous le souhaitez ? Convoite-t-on votre poste, est-on jaloux, vous cache-t-on des choses qu&#039;il serait vital de conna\u00eetre ? Etes-vous victime de discrimination ou de harc\u00e8lement, comment mettre fin \u00e0 cette situation ? Consultation sp\u00e9cifique d&#039;une dur\u00e9e de 60 minutes, qui permettra de d\u00e9terminer quelles actions seront n\u00e9cessaires pour dynamiser votre activit\u00e9 professionnelle, si vous vivez un creux de la vague en cette mati\u00e8re, suite \u00e0 un \u00e9v\u00e9nement particulier, ou si le probl\u00e8me est plus ancr\u00e9 et que vous avez besoin d&#039;en conna\u00eetre les causes : si la situation est difficile, nous analyserons pourquoi et interrogerons l\u2019avenir pour vous. Souhaitez-vous changer de travail ? Aurez-vous cette promotion ? Vos coll\u00e8gues, votre hi\u00e9rarchie sont-ils loyaux envers vous ?\u00a0 Prenez rendez-vous ici.\" \/>\n<meta property=\"og:url\" content=\"https:\/\/www.spirit-us.eu\/index.php\/produit\/voyance-speciale-travailprofession\/\" \/>\n<meta property=\"og:site_name\" content=\"Spirit-US\" \/>\n<meta property=\"article:publisher\" content=\"https:\/\/www.facebook.com\/spirit.us.deum\" \/>\n<meta property=\"article:modified_time\" content=\"2025-12-21T16:00:11+00:00\" \/>\n<meta property=\"og:image\" content=\"https:\/\/www.spirit-us.eu\/wp-content\/uploads\/2025\/04\/Voyance-speciale-travail-et-profession-2-1024x1024.png\" \/>\n\t<meta property=\"og:image:width\" content=\"1024\" \/>\n\t<meta property=\"og:image:height\" content=\"1024\" \/>\n\t<meta property=\"og:image:type\" content=\"image\/png\" \/>\n<meta name=\"twitter:card\" content=\"summary_large_image\" \/>\n<script type=\"application\/ld+json\" class=\"yoast-schema-graph\">{\"@context\":\"https:\/\/schema.org\",\"@graph\":[{\"@type\":\"WebPage\",\"@id\":\"https:\/\/www.spirit-us.eu\/index.php\/produit\/voyance-speciale-travailprofession\/\",\"url\":\"https:\/\/www.spirit-us.eu\/index.php\/produit\/voyance-speciale-travailprofession\/\",\"name\":\"Voyance sp\u00e9ciale : TRAVAIL,PROFESSION - Spirit-US\",\"isPartOf\":{\"@id\":\"https:\/\/www.spirit-us.eu\/#website\"},\"primaryImageOfPage\":{\"@id\":\"https:\/\/www.spirit-us.eu\/index.php\/produit\/voyance-speciale-travailprofession\/#primaryimage\"},\"image\":{\"@id\":\"https:\/\/www.spirit-us.eu\/index.php\/produit\/voyance-speciale-travailprofession\/#primaryimage\"},\"thumbnailUrl\":\"https:\/\/www.spirit-us.eu\/wp-content\/uploads\/2025\/04\/Voyance-speciale-travail-et-profession-2-scaled.png\",\"datePublished\":\"2025-04-27T08:03:19+00:00\",\"dateModified\":\"2025-12-21T16:00:11+00:00\",\"breadcrumb\":{\"@id\":\"https:\/\/www.spirit-us.eu\/index.php\/produit\/voyance-speciale-travailprofession\/#breadcrumb\"},\"inLanguage\":\"fr-FR\",\"potentialAction\":[{\"@type\":\"ReadAction\",\"target\":[\"https:\/\/www.spirit-us.eu\/index.php\/produit\/voyance-speciale-travailprofession\/\"]}]},{\"@type\":\"ImageObject\",\"inLanguage\":\"fr-FR\",\"@id\":\"https:\/\/www.spirit-us.eu\/index.php\/produit\/voyance-speciale-travailprofession\/#primaryimage\",\"url\":\"https:\/\/www.spirit-us.eu\/wp-content\/uploads\/2025\/04\/Voyance-speciale-travail-et-profession-2-scaled.png\",\"contentUrl\":\"https:\/\/www.spirit-us.eu\/wp-content\/uploads\/2025\/04\/Voyance-speciale-travail-et-profession-2-scaled.png\",\"width\":2560,\"height\":2560},{\"@type\":\"BreadcrumbList\",\"@id\":\"https:\/\/www.spirit-us.eu\/index.php\/produit\/voyance-speciale-travailprofession\/#breadcrumb\",\"itemListElement\":[{\"@type\":\"ListItem\",\"position\":1,\"name\":\"Accueil\",\"item\":\"https:\/\/www.spirit-us.eu\/\"},{\"@type\":\"ListItem\",\"position\":2,\"name\":\"Boutique\",\"item\":\"https:\/\/www.spirit-us.eu\/index.php\/boutique\/\"},{\"@type\":\"ListItem\",\"position\":3,\"name\":\"Voyance sp\u00e9ciale : TRAVAIL,PROFESSION\"}]},{\"@type\":\"WebSite\",\"@id\":\"https:\/\/www.spirit-us.eu\/#website\",\"url\":\"https:\/\/www.spirit-us.eu\/\",\"name\":\"Spirit-US\",\"description\":\"\",\"publisher\":{\"@id\":\"https:\/\/www.spirit-us.eu\/#organization\"},\"potentialAction\":[{\"@type\":\"SearchAction\",\"target\":{\"@type\":\"EntryPoint\",\"urlTemplate\":\"https:\/\/www.spirit-us.eu\/?s={search_term_string}\"},\"query-input\":{\"@type\":\"PropertyValueSpecification\",\"valueRequired\":true,\"valueName\":\"search_term_string\"}}],\"inLanguage\":\"fr-FR\"},{\"@type\":\"Organization\",\"@id\":\"https:\/\/www.spirit-us.eu\/#organization\",\"name\":\"Spirit-US\",\"url\":\"https:\/\/www.spirit-us.eu\/\",\"logo\":{\"@type\":\"ImageObject\",\"inLanguage\":\"fr-FR\",\"@id\":\"https:\/\/www.spirit-us.eu\/#\/schema\/logo\/image\/\",\"url\":\"https:\/\/www.spirit-us.eu\/wp-content\/uploads\/2025\/11\/logo-regarde-linterlocutrice-sans-arrriere-plan.jpg\",\"contentUrl\":\"https:\/\/www.spirit-us.eu\/wp-content\/uploads\/2025\/11\/logo-regarde-linterlocutrice-sans-arrriere-plan.jpg\",\"width\":1080,\"height\":1080,\"caption\":\"Spirit-US\"},\"image\":{\"@id\":\"https:\/\/www.spirit-us.eu\/#\/schema\/logo\/image\/\"},\"sameAs\":[\"https:\/\/www.facebook.com\/spirit.us.deum\"]}]}<\/script>\n<!-- \/ Yoast SEO plugin. -->","yoast_head_json":{"title":"Voyance sp\u00e9ciale : TRAVAIL,PROFESSION - Spirit-US","robots":{"index":"index","follow":"follow","max-snippet":"max-snippet:-1","max-image-preview":"max-image-preview:large","max-video-preview":"max-video-preview:-1"},"canonical":"https:\/\/www.spirit-us.eu\/index.php\/produit\/voyance-speciale-travailprofession\/","og_locale":"fr_FR","og_type":"article","og_title":"Voyance sp\u00e9ciale : TRAVAIL,PROFESSION - Spirit-US","og_description":"Vous cherchez le travail de vos r\u00eaves et vous ne trouvez pas ? Au travail, les choses ne se passent pas aussi bien que vous le souhaitez ? Convoite-t-on votre poste, est-on jaloux, vous cache-t-on des choses qu'il serait vital de conna\u00eetre ? Etes-vous victime de discrimination ou de harc\u00e8lement, comment mettre fin \u00e0 cette situation ? Consultation sp\u00e9cifique d'une dur\u00e9e de 60 minutes, qui permettra de d\u00e9terminer quelles actions seront n\u00e9cessaires pour dynamiser votre activit\u00e9 professionnelle, si vous vivez un creux de la vague en cette mati\u00e8re, suite \u00e0 un \u00e9v\u00e9nement particulier, ou si le probl\u00e8me est plus ancr\u00e9 et que vous avez besoin d'en conna\u00eetre les causes : si la situation est difficile, nous analyserons pourquoi et interrogerons l\u2019avenir pour vous. Souhaitez-vous changer de travail ? Aurez-vous cette promotion ? Vos coll\u00e8gues, votre hi\u00e9rarchie sont-ils loyaux envers vous ?\u00a0 Prenez rendez-vous ici.","og_url":"https:\/\/www.spirit-us.eu\/index.php\/produit\/voyance-speciale-travailprofession\/","og_site_name":"Spirit-US","article_publisher":"https:\/\/www.facebook.com\/spirit.us.deum","article_modified_time":"2025-12-21T16:00:11+00:00","og_image":[{"width":1024,"height":1024,"url":"https:\/\/www.spirit-us.eu\/wp-content\/uploads\/2025\/04\/Voyance-speciale-travail-et-profession-2-1024x1024.png","type":"image\/png"}],"twitter_card":"summary_large_image","schema":{"@context":"https:\/\/schema.org","@graph":[{"@type":"WebPage","@id":"https:\/\/www.spirit-us.eu\/index.php\/produit\/voyance-speciale-travailprofession\/","url":"https:\/\/www.spirit-us.eu\/index.php\/produit\/voyance-speciale-travailprofession\/","name":"Voyance sp\u00e9ciale : TRAVAIL,PROFESSION - Spirit-US","isPartOf":{"@id":"https:\/\/www.spirit-us.eu\/#website"},"primaryImageOfPage":{"@id":"https:\/\/www.spirit-us.eu\/index.php\/produit\/voyance-speciale-travailprofession\/#primaryimage"},"image":{"@id":"https:\/\/www.spirit-us.eu\/index.php\/produit\/voyance-speciale-travailprofession\/#primaryimage"},"thumbnailUrl":"https:\/\/www.spirit-us.eu\/wp-content\/uploads\/2025\/04\/Voyance-speciale-travail-et-profession-2-scaled.png","datePublished":"2025-04-27T08:03:19+00:00","dateModified":"2025-12-21T16:00:11+00:00","breadcrumb":{"@id":"https:\/\/www.spirit-us.eu\/index.php\/produit\/voyance-speciale-travailprofession\/#breadcrumb"},"inLanguage":"fr-FR","potentialAction":[{"@type":"ReadAction","target":["https:\/\/www.spirit-us.eu\/index.php\/produit\/voyance-speciale-travailprofession\/"]}]},{"@type":"ImageObject","inLanguage":"fr-FR","@id":"https:\/\/www.spirit-us.eu\/index.php\/produit\/voyance-speciale-travailprofession\/#primaryimage","url":"https:\/\/www.spirit-us.eu\/wp-content\/uploads\/2025\/04\/Voyance-speciale-travail-et-profession-2-scaled.png","contentUrl":"https:\/\/www.spirit-us.eu\/wp-content\/uploads\/2025\/04\/Voyance-speciale-travail-et-profession-2-scaled.png","width":2560,"height":2560},{"@type":"BreadcrumbList","@id":"https:\/\/www.spirit-us.eu\/index.php\/produit\/voyance-speciale-travailprofession\/#breadcrumb","itemListElement":[{"@type":"ListItem","position":1,"name":"Accueil","item":"https:\/\/www.spirit-us.eu\/"},{"@type":"ListItem","position":2,"name":"Boutique","item":"https:\/\/www.spirit-us.eu\/index.php\/boutique\/"},{"@type":"ListItem","position":3,"name":"Voyance sp\u00e9ciale : TRAVAIL,PROFESSION"}]},{"@type":"WebSite","@id":"https:\/\/www.spirit-us.eu\/#website","url":"https:\/\/www.spirit-us.eu\/","name":"Spirit-US","description":"","publisher":{"@id":"https:\/\/www.spirit-us.eu\/#organization"},"potentialAction":[{"@type":"SearchAction","target":{"@type":"EntryPoint","urlTemplate":"https:\/\/www.spirit-us.eu\/?s={search_term_string}"},"query-input":{"@type":"PropertyValueSpecification","valueRequired":true,"valueName":"search_term_string"}}],"inLanguage":"fr-FR"},{"@type":"Organization","@id":"https:\/\/www.spirit-us.eu\/#organization","name":"Spirit-US","url":"https:\/\/www.spirit-us.eu\/","logo":{"@type":"ImageObject","inLanguage":"fr-FR","@id":"https:\/\/www.spirit-us.eu\/#\/schema\/logo\/image\/","url":"https:\/\/www.spirit-us.eu\/wp-content\/uploads\/2025\/11\/logo-regarde-linterlocutrice-sans-arrriere-plan.jpg","contentUrl":"https:\/\/www.spirit-us.eu\/wp-content\/uploads\/2025\/11\/logo-regarde-linterlocutrice-sans-arrriere-plan.jpg","width":1080,"height":1080,"caption":"Spirit-US"},"image":{"@id":"https:\/\/www.spirit-us.eu\/#\/schema\/logo\/image\/"},"sameAs":["https:\/\/www.facebook.com\/spirit.us.deum"]}]}},"jetpack_sharing_enabled":true,"_links":{"self":[{"href":"https:\/\/www.spirit-us.eu\/index.php\/wp-json\/wp\/v2\/product\/1140","targetHints":{"allow":["GET"]}}],"collection":[{"href":"https:\/\/www.spirit-us.eu\/index.php\/wp-json\/wp\/v2\/product"}],"about":[{"href":"https:\/\/www.spirit-us.eu\/index.php\/wp-json\/wp\/v2\/types\/product"}],"replies":[{"embeddable":true,"href":"https:\/\/www.spirit-us.eu\/index.php\/wp-json\/wp\/v2\/comments?post=1140"}],"wp:featuredmedia":[{"embeddable":true,"href":"https:\/\/www.spirit-us.eu\/index.php\/wp-json\/wp\/v2\/media\/1141"}],"wp:attachment":[{"href":"https:\/\/www.spirit-us.eu\/index.php\/wp-json\/wp\/v2\/media?parent=1140"}],"wp:term":[{"taxonomy":"product_brand","embeddable":true,"href":"https:\/\/www.spirit-us.eu\/index.php\/wp-json\/wp\/v2\/product_brand?post=1140"},{"taxonomy":"product_cat","embeddable":true,"href":"https:\/\/www.spirit-us.eu\/index.php\/wp-json\/wp\/v2\/product_cat?post=1140"},{"taxonomy":"product_tag","embeddable":true,"href":"https:\/\/www.spirit-us.eu\/index.php\/wp-json\/wp\/v2\/product_tag?post=1140"},{"taxonomy":"mwb_booking_cost","embeddable":true,"href":"https:\/\/www.spirit-us.eu\/index.php\/wp-json\/wp\/v2\/mwb_booking_cost?post=1140"},{"taxonomy":"mwb_booking_service","embeddable":true,"href":"https:\/\/www.spirit-us.eu\/index.php\/wp-json\/wp\/v2\/mwb_booking_service?post=1140"}],"curies":[{"name":"wp","href":"https:\/\/api.w.org\/{rel}","templated":true}]}}