{"id":1117,"date":"2025-04-26T17:57:24","date_gmt":"2025-04-26T15:57:24","guid":{"rendered":"https:\/\/www.spirit-us.eu\/?post_type=product&#038;p=1117"},"modified":"2025-07-01T01:41:30","modified_gmt":"2025-06-30T23:41:30","slug":"soin-la-puissance-du-pardon-karmique","status":"publish","type":"product","link":"https:\/\/www.spirit-us.eu\/index.php\/produit\/soin-la-puissance-du-pardon-karmique\/","title":{"rendered":"Soin : La puissance du PARDON KARMIQUE"},"content":{"rendered":"<p>AVIS TRES IMPORTANT<\/p>\n<p>Ce soin au format audio mp3 est livr\u00e9 avec une notice explicative, d\u00e9crivant les gestes d&rsquo;auto-soin que vous accomplirez durant l&rsquo;\u00e9coute et le soin.\u00a0 Il est important de bien vous impr\u00e9gner de ses pr\u00e9ceptes et recommandations, de vous entra\u00eener aux gestes simples d&rsquo;acupression.\u00a0 Ces gestes sont destin\u00e9s \u00e0 d\u00e9sengrammer &#8211; \u00e0 d\u00e9bloquer &#8211; les \u00e9nergies stagnantes li\u00e9es \u00e0 des situations douloureuses o\u00f9 la rancoeur s&rsquo;est install\u00e9e en ma\u00eetre, bloquant aux passages les \u00e9nergies vitales d&rsquo;un m\u00e9ridien li\u00e9 \u00e0 la col\u00e8re (l\u00e9gitime) et \u00e0 la rancoeur.<\/p>\n<p><strong>Format<\/strong> : audio mp3<\/p>\n<p><strong>Dur\u00e9e<\/strong> : 35 minutes<\/p>\n<p><strong>Montage<\/strong> : musique sublime de Mozart <em>Contessa Perdono<\/em><\/p>\n<p><strong>Auteure<\/strong> : Lola Lacroix (texte, pri\u00e8re, soin)<\/p>\n<p><strong>Certification<\/strong> : le soin peut pr\u00e9senter des imperfections, il est en effet 100% pens\u00e9, enregistr\u00e9, mont\u00e9 par une \u00eatre humaine.<\/p>\n<p>Tous droits r\u00e9serv\u00e9s.\u00a0 La diffusion ou la copie de cet audio sont soumies \u00e0 des droits d&rsquo;auteure.<\/p>\n","protected":false},"excerpt":{"rendered":"<p>La chose la plus difficile \u00e0 faire, sans doute, dans les relations humaines, c&rsquo;est pardonner lorsqu&rsquo;on a subi de tr\u00e8s graves dommages de la part de personnes tierces.<\/p>\n<p>Pourtant, pardonner &#8211; restituer les \u00e9nergies sombres et les pactes de sorcellerie &#8211; n&rsquo;est pas un acte mi\u00e8vre qui \u00ab\u00a0efface tout\u00a0\u00bb.\u00a0 Pardonner, est l&rsquo;acte par lequel nous nous lib\u00e9rons de ceux qui nous ont fait du mal. Cet audio mp3, de m\u00e9ditation et de pri\u00e8re, vous y aidera grandement.<\/p>\n<p>Il dure 35 minutes, est accompagn\u00e9 d&rsquo;une musique \u00e0 la fr\u00e9quence de 422 Hz, r\u00e9tablissant l&rsquo;\u00e9nergie, l&rsquo;harmonie et la protection psychique. L&rsquo;audio est fourni avec un livret \u00e0 lire attentivement avant l&rsquo;\u00e9coute, afin d&rsquo;int\u00e9grer les gestes d&rsquo;ancrage et les techniques utilis\u00e9es.<\/p>\n<p>En effet, deux techniques sont associ\u00e9es \u00e0 cette m\u00e9ditation : des gestes d&rsquo;acupression pour ancrer les nouvelles fr\u00e9quences de protection et d&rsquo;\u00e9quilibre \u00e9motionnel; et la visualisation s\u00e9culaire de la Rose d&rsquo;Or, une fa\u00e7on extr\u00eamement puissante de repousser les \u00e9nergies sombres des personnes toxiques tout en gardant le c\u0153ur\u00a0 ouvert \u00e0 la lumi\u00e8re et \u00e0 l&rsquo;amour.<\/p>\n<p>&nbsp;<\/p>\n","protected":false},"featured_media":1118,"comment_status":"open","ping_status":"closed","template":"","meta":[],"product_brand":[],"product_cat":[155,17],"product_tag":[],"mwb_booking_cost":[],"mwb_booking_service":[],"class_list":{"0":"post-1117","1":"product","2":"type-product","3":"status-publish","4":"has-post-thumbnail","6":"product_cat-02-soins-accueil","7":"product_cat-tous-les-produits","9":"first","10":"instock","11":"downloadable","12":"virtual","13":"purchasable","14":"product-type-simple"},"yoast_head":"<!-- This site is optimized with the Yoast SEO plugin v27.1.1 - https:\/\/yoast.com\/product\/yoast-seo-wordpress\/ -->\n<title>Soin : La puissance du PARDON KARMIQUE - Spirit-US<\/title>\n<meta name=\"robots\" content=\"index, follow, max-snippet:-1, max-image-preview:large, max-video-preview:-1\" \/>\n<link rel=\"canonical\" href=\"https:\/\/www.spirit-us.eu\/index.php\/produit\/soin-la-puissance-du-pardon-karmique\/\" \/>\n<meta property=\"og:locale\" content=\"fr_FR\" \/>\n<meta property=\"og:type\" content=\"article\" \/>\n<meta property=\"og:title\" content=\"Soin : La puissance du PARDON KARMIQUE - Spirit-US\" \/>\n<meta property=\"og:description\" content=\"La chose la plus difficile \u00e0 faire, sans doute, dans les relations humaines, c&#039;est pardonner lorsqu&#039;on a subi de tr\u00e8s graves dommages de la part de personnes tierces.  Pourtant, pardonner - restituer les \u00e9nergies sombres et les pactes de sorcellerie - n&#039;est pas un acte mi\u00e8vre qui &quot;efface tout&quot;.\u00a0 Pardonner, est l&#039;acte par lequel nous nous lib\u00e9rons de ceux qui nous ont fait du mal. Cet audio mp3, de m\u00e9ditation et de pri\u00e8re, vous y aidera grandement.  Il dure 35 minutes, est accompagn\u00e9 d&#039;une musique \u00e0 la fr\u00e9quence de 422 Hz, r\u00e9tablissant l&#039;\u00e9nergie, l&#039;harmonie et la protection psychique. L&#039;audio est fourni avec un livret \u00e0 lire attentivement avant l&#039;\u00e9coute, afin d&#039;int\u00e9grer les gestes d&#039;ancrage et les techniques utilis\u00e9es.  En effet, deux techniques sont associ\u00e9es \u00e0 cette m\u00e9ditation : des gestes d&#039;acupression pour ancrer les nouvelles fr\u00e9quences de protection et d&#039;\u00e9quilibre \u00e9motionnel; et la visualisation s\u00e9culaire de la Rose d&#039;Or, une fa\u00e7on extr\u00eamement puissante de repousser les \u00e9nergies sombres des personnes toxiques tout en gardant le c\u0153ur\u00a0 ouvert \u00e0 la lumi\u00e8re et \u00e0 l&#039;amour.  &nbsp;\" \/>\n<meta property=\"og:url\" content=\"https:\/\/www.spirit-us.eu\/index.php\/produit\/soin-la-puissance-du-pardon-karmique\/\" \/>\n<meta property=\"og:site_name\" content=\"Spirit-US\" \/>\n<meta property=\"article:publisher\" content=\"https:\/\/www.facebook.com\/spirit.us.deum\" \/>\n<meta property=\"article:modified_time\" content=\"2025-06-30T23:41:30+00:00\" \/>\n<meta property=\"og:image\" content=\"https:\/\/www.spirit-us.eu\/wp-content\/uploads\/2025\/04\/Pardonner-pour-etre-libre.png\" \/>\n\t<meta property=\"og:image:width\" content=\"1080\" \/>\n\t<meta property=\"og:image:height\" content=\"1080\" \/>\n\t<meta property=\"og:image:type\" content=\"image\/png\" \/>\n<meta name=\"twitter:card\" content=\"summary_large_image\" \/>\n<meta name=\"twitter:label1\" content=\"Dur\u00e9e de lecture estim\u00e9e\" \/>\n\t<meta name=\"twitter:data1\" content=\"1 minute\" \/>\n<script type=\"application\/ld+json\" class=\"yoast-schema-graph\">{\"@context\":\"https:\/\/schema.org\",\"@graph\":[{\"@type\":\"WebPage\",\"@id\":\"https:\/\/www.spirit-us.eu\/index.php\/produit\/soin-la-puissance-du-pardon-karmique\/\",\"url\":\"https:\/\/www.spirit-us.eu\/index.php\/produit\/soin-la-puissance-du-pardon-karmique\/\",\"name\":\"Soin : La puissance du PARDON KARMIQUE - Spirit-US\",\"isPartOf\":{\"@id\":\"https:\/\/www.spirit-us.eu\/#website\"},\"primaryImageOfPage\":{\"@id\":\"https:\/\/www.spirit-us.eu\/index.php\/produit\/soin-la-puissance-du-pardon-karmique\/#primaryimage\"},\"image\":{\"@id\":\"https:\/\/www.spirit-us.eu\/index.php\/produit\/soin-la-puissance-du-pardon-karmique\/#primaryimage\"},\"thumbnailUrl\":\"https:\/\/www.spirit-us.eu\/wp-content\/uploads\/2025\/04\/Pardonner-pour-etre-libre.png\",\"datePublished\":\"2025-04-26T15:57:24+00:00\",\"dateModified\":\"2025-06-30T23:41:30+00:00\",\"breadcrumb\":{\"@id\":\"https:\/\/www.spirit-us.eu\/index.php\/produit\/soin-la-puissance-du-pardon-karmique\/#breadcrumb\"},\"inLanguage\":\"fr-FR\",\"potentialAction\":[{\"@type\":\"ReadAction\",\"target\":[\"https:\/\/www.spirit-us.eu\/index.php\/produit\/soin-la-puissance-du-pardon-karmique\/\"]}]},{\"@type\":\"ImageObject\",\"inLanguage\":\"fr-FR\",\"@id\":\"https:\/\/www.spirit-us.eu\/index.php\/produit\/soin-la-puissance-du-pardon-karmique\/#primaryimage\",\"url\":\"https:\/\/www.spirit-us.eu\/wp-content\/uploads\/2025\/04\/Pardonner-pour-etre-libre.png\",\"contentUrl\":\"https:\/\/www.spirit-us.eu\/wp-content\/uploads\/2025\/04\/Pardonner-pour-etre-libre.png\",\"width\":1080,\"height\":1080},{\"@type\":\"BreadcrumbList\",\"@id\":\"https:\/\/www.spirit-us.eu\/index.php\/produit\/soin-la-puissance-du-pardon-karmique\/#breadcrumb\",\"itemListElement\":[{\"@type\":\"ListItem\",\"position\":1,\"name\":\"Accueil\",\"item\":\"https:\/\/www.spirit-us.eu\/\"},{\"@type\":\"ListItem\",\"position\":2,\"name\":\"Boutique\",\"item\":\"https:\/\/www.spirit-us.eu\/index.php\/boutique\/\"},{\"@type\":\"ListItem\",\"position\":3,\"name\":\"Soin : La puissance du PARDON KARMIQUE\"}]},{\"@type\":\"WebSite\",\"@id\":\"https:\/\/www.spirit-us.eu\/#website\",\"url\":\"https:\/\/www.spirit-us.eu\/\",\"name\":\"Spirit-US\",\"description\":\"\",\"publisher\":{\"@id\":\"https:\/\/www.spirit-us.eu\/#organization\"},\"potentialAction\":[{\"@type\":\"SearchAction\",\"target\":{\"@type\":\"EntryPoint\",\"urlTemplate\":\"https:\/\/www.spirit-us.eu\/?s={search_term_string}\"},\"query-input\":{\"@type\":\"PropertyValueSpecification\",\"valueRequired\":true,\"valueName\":\"search_term_string\"}}],\"inLanguage\":\"fr-FR\"},{\"@type\":\"Organization\",\"@id\":\"https:\/\/www.spirit-us.eu\/#organization\",\"name\":\"Spirit-US\",\"url\":\"https:\/\/www.spirit-us.eu\/\",\"logo\":{\"@type\":\"ImageObject\",\"inLanguage\":\"fr-FR\",\"@id\":\"https:\/\/www.spirit-us.eu\/#\/schema\/logo\/image\/\",\"url\":\"https:\/\/www.spirit-us.eu\/wp-content\/uploads\/2025\/11\/logo-regarde-linterlocutrice-sans-arrriere-plan.jpg\",\"contentUrl\":\"https:\/\/www.spirit-us.eu\/wp-content\/uploads\/2025\/11\/logo-regarde-linterlocutrice-sans-arrriere-plan.jpg\",\"width\":1080,\"height\":1080,\"caption\":\"Spirit-US\"},\"image\":{\"@id\":\"https:\/\/www.spirit-us.eu\/#\/schema\/logo\/image\/\"},\"sameAs\":[\"https:\/\/www.facebook.com\/spirit.us.deum\"]}]}<\/script>\n<!-- \/ Yoast SEO plugin. -->","yoast_head_json":{"title":"Soin : La puissance du PARDON KARMIQUE - Spirit-US","robots":{"index":"index","follow":"follow","max-snippet":"max-snippet:-1","max-image-preview":"max-image-preview:large","max-video-preview":"max-video-preview:-1"},"canonical":"https:\/\/www.spirit-us.eu\/index.php\/produit\/soin-la-puissance-du-pardon-karmique\/","og_locale":"fr_FR","og_type":"article","og_title":"Soin : La puissance du PARDON KARMIQUE - Spirit-US","og_description":"La chose la plus difficile \u00e0 faire, sans doute, dans les relations humaines, c'est pardonner lorsqu'on a subi de tr\u00e8s graves dommages de la part de personnes tierces.  Pourtant, pardonner - restituer les \u00e9nergies sombres et les pactes de sorcellerie - n'est pas un acte mi\u00e8vre qui \"efface tout\".\u00a0 Pardonner, est l'acte par lequel nous nous lib\u00e9rons de ceux qui nous ont fait du mal. Cet audio mp3, de m\u00e9ditation et de pri\u00e8re, vous y aidera grandement.  Il dure 35 minutes, est accompagn\u00e9 d'une musique \u00e0 la fr\u00e9quence de 422 Hz, r\u00e9tablissant l'\u00e9nergie, l'harmonie et la protection psychique. L'audio est fourni avec un livret \u00e0 lire attentivement avant l'\u00e9coute, afin d'int\u00e9grer les gestes d'ancrage et les techniques utilis\u00e9es.  En effet, deux techniques sont associ\u00e9es \u00e0 cette m\u00e9ditation : des gestes d'acupression pour ancrer les nouvelles fr\u00e9quences de protection et d'\u00e9quilibre \u00e9motionnel; et la visualisation s\u00e9culaire de la Rose d'Or, une fa\u00e7on extr\u00eamement puissante de repousser les \u00e9nergies sombres des personnes toxiques tout en gardant le c\u0153ur\u00a0 ouvert \u00e0 la lumi\u00e8re et \u00e0 l'amour.  &nbsp;","og_url":"https:\/\/www.spirit-us.eu\/index.php\/produit\/soin-la-puissance-du-pardon-karmique\/","og_site_name":"Spirit-US","article_publisher":"https:\/\/www.facebook.com\/spirit.us.deum","article_modified_time":"2025-06-30T23:41:30+00:00","og_image":[{"width":1080,"height":1080,"url":"https:\/\/www.spirit-us.eu\/wp-content\/uploads\/2025\/04\/Pardonner-pour-etre-libre.png","type":"image\/png"}],"twitter_card":"summary_large_image","twitter_misc":{"Dur\u00e9e de lecture estim\u00e9e":"1 minute"},"schema":{"@context":"https:\/\/schema.org","@graph":[{"@type":"WebPage","@id":"https:\/\/www.spirit-us.eu\/index.php\/produit\/soin-la-puissance-du-pardon-karmique\/","url":"https:\/\/www.spirit-us.eu\/index.php\/produit\/soin-la-puissance-du-pardon-karmique\/","name":"Soin : La puissance du PARDON KARMIQUE - Spirit-US","isPartOf":{"@id":"https:\/\/www.spirit-us.eu\/#website"},"primaryImageOfPage":{"@id":"https:\/\/www.spirit-us.eu\/index.php\/produit\/soin-la-puissance-du-pardon-karmique\/#primaryimage"},"image":{"@id":"https:\/\/www.spirit-us.eu\/index.php\/produit\/soin-la-puissance-du-pardon-karmique\/#primaryimage"},"thumbnailUrl":"https:\/\/www.spirit-us.eu\/wp-content\/uploads\/2025\/04\/Pardonner-pour-etre-libre.png","datePublished":"2025-04-26T15:57:24+00:00","dateModified":"2025-06-30T23:41:30+00:00","breadcrumb":{"@id":"https:\/\/www.spirit-us.eu\/index.php\/produit\/soin-la-puissance-du-pardon-karmique\/#breadcrumb"},"inLanguage":"fr-FR","potentialAction":[{"@type":"ReadAction","target":["https:\/\/www.spirit-us.eu\/index.php\/produit\/soin-la-puissance-du-pardon-karmique\/"]}]},{"@type":"ImageObject","inLanguage":"fr-FR","@id":"https:\/\/www.spirit-us.eu\/index.php\/produit\/soin-la-puissance-du-pardon-karmique\/#primaryimage","url":"https:\/\/www.spirit-us.eu\/wp-content\/uploads\/2025\/04\/Pardonner-pour-etre-libre.png","contentUrl":"https:\/\/www.spirit-us.eu\/wp-content\/uploads\/2025\/04\/Pardonner-pour-etre-libre.png","width":1080,"height":1080},{"@type":"BreadcrumbList","@id":"https:\/\/www.spirit-us.eu\/index.php\/produit\/soin-la-puissance-du-pardon-karmique\/#breadcrumb","itemListElement":[{"@type":"ListItem","position":1,"name":"Accueil","item":"https:\/\/www.spirit-us.eu\/"},{"@type":"ListItem","position":2,"name":"Boutique","item":"https:\/\/www.spirit-us.eu\/index.php\/boutique\/"},{"@type":"ListItem","position":3,"name":"Soin : La puissance du PARDON KARMIQUE"}]},{"@type":"WebSite","@id":"https:\/\/www.spirit-us.eu\/#website","url":"https:\/\/www.spirit-us.eu\/","name":"Spirit-US","description":"","publisher":{"@id":"https:\/\/www.spirit-us.eu\/#organization"},"potentialAction":[{"@type":"SearchAction","target":{"@type":"EntryPoint","urlTemplate":"https:\/\/www.spirit-us.eu\/?s={search_term_string}"},"query-input":{"@type":"PropertyValueSpecification","valueRequired":true,"valueName":"search_term_string"}}],"inLanguage":"fr-FR"},{"@type":"Organization","@id":"https:\/\/www.spirit-us.eu\/#organization","name":"Spirit-US","url":"https:\/\/www.spirit-us.eu\/","logo":{"@type":"ImageObject","inLanguage":"fr-FR","@id":"https:\/\/www.spirit-us.eu\/#\/schema\/logo\/image\/","url":"https:\/\/www.spirit-us.eu\/wp-content\/uploads\/2025\/11\/logo-regarde-linterlocutrice-sans-arrriere-plan.jpg","contentUrl":"https:\/\/www.spirit-us.eu\/wp-content\/uploads\/2025\/11\/logo-regarde-linterlocutrice-sans-arrriere-plan.jpg","width":1080,"height":1080,"caption":"Spirit-US"},"image":{"@id":"https:\/\/www.spirit-us.eu\/#\/schema\/logo\/image\/"},"sameAs":["https:\/\/www.facebook.com\/spirit.us.deum"]}]}},"jetpack_sharing_enabled":true,"_links":{"self":[{"href":"https:\/\/www.spirit-us.eu\/index.php\/wp-json\/wp\/v2\/product\/1117","targetHints":{"allow":["GET"]}}],"collection":[{"href":"https:\/\/www.spirit-us.eu\/index.php\/wp-json\/wp\/v2\/product"}],"about":[{"href":"https:\/\/www.spirit-us.eu\/index.php\/wp-json\/wp\/v2\/types\/product"}],"replies":[{"embeddable":true,"href":"https:\/\/www.spirit-us.eu\/index.php\/wp-json\/wp\/v2\/comments?post=1117"}],"wp:featuredmedia":[{"embeddable":true,"href":"https:\/\/www.spirit-us.eu\/index.php\/wp-json\/wp\/v2\/media\/1118"}],"wp:attachment":[{"href":"https:\/\/www.spirit-us.eu\/index.php\/wp-json\/wp\/v2\/media?parent=1117"}],"wp:term":[{"taxonomy":"product_brand","embeddable":true,"href":"https:\/\/www.spirit-us.eu\/index.php\/wp-json\/wp\/v2\/product_brand?post=1117"},{"taxonomy":"product_cat","embeddable":true,"href":"https:\/\/www.spirit-us.eu\/index.php\/wp-json\/wp\/v2\/product_cat?post=1117"},{"taxonomy":"product_tag","embeddable":true,"href":"https:\/\/www.spirit-us.eu\/index.php\/wp-json\/wp\/v2\/product_tag?post=1117"},{"taxonomy":"mwb_booking_cost","embeddable":true,"href":"https:\/\/www.spirit-us.eu\/index.php\/wp-json\/wp\/v2\/mwb_booking_cost?post=1117"},{"taxonomy":"mwb_booking_service","embeddable":true,"href":"https:\/\/www.spirit-us.eu\/index.php\/wp-json\/wp\/v2\/mwb_booking_service?post=1117"}],"curies":[{"name":"wp","href":"https:\/\/api.w.org\/{rel}","templated":true}]}}