{"id":1015,"date":"2025-04-23T10:52:40","date_gmt":"2025-04-23T08:52:40","guid":{"rendered":"https:\/\/www.spirit-us.eu\/?post_type=product&#038;p=1015"},"modified":"2025-12-21T13:07:37","modified_gmt":"2025-12-21T12:07:37","slug":"pendule-de-thot-en-ebene-plombe-professionnels","status":"publish","type":"product","link":"https:\/\/www.spirit-us.eu\/index.php\/produit\/pendule-de-thot-en-ebene-plombe-professionnels\/","title":{"rendered":"PENDULE DE THOT EN EBENE PLOMBE (professionnels)"},"content":{"rendered":"<p><strong>Description <\/strong><\/p>\n<p><strong>Hauteur<\/strong>\u00a0: 9,5 cm<\/p>\n<p><strong>Mat\u00e9riaux<\/strong>\u00a0: \u00e9b\u00e8ne et plomb (le pendule a une \u00ab\u00a0\u00e2me\u00a0\u00bb)<\/p>\n<p><strong>Poids<\/strong>\u00a0: 22 gr<\/p>\n<p><strong>Longueur du fil<\/strong>\u00a0: 28,5 cm<\/p>\n<p>L&rsquo;envoi est inclus dans le prix indiqu\u00e9.<\/p>\n<p><strong>Quelques pr\u00e9cisions et conseils\u00a0:<\/strong><\/p>\n<p>Ce pendule est fait de bois, il craint l\u2019eau et le sel.\u00a0 Pour le recharger, je vous conseille de le purifier dans l\u2019encens de myrrhe consacr\u00e9 et ce, avant chaque usage mais seulement une fois par jour.\u00a0 En d\u2019autres termes, le matin avant le travail, priez et purifiez et ensuite, vous pourrez travailler avec votre pendule toute la journ\u00e9e.\u00a0 Mais le lendemain, le rituel de purification devra \u00eatre recommenc\u00e9, sauf les jours de cong\u00e9 o\u00f9 il repose dans son velours en toute qui\u00e9tude\u00a0!<\/p>\n<p>N&rsquo;oubliez pas de vous entra\u00eener avec lui avant de vous lancer dans de grands travaux.\u00a0 Les conventions que vous lui donnerez vous appartiennent \u00e0 vous seul.e\u00a0: avec un peu de pratique, elles vous viendront tout naturellement.<\/p>\n<p>Pour plus d\u2019informations, voyez l\u2019ouvrage : Manuel pratique d\u2019utilisation du pendule \u00e9gyptien de Jean-Luc CARADEAU, par ici. Et si vous avez besoin de conseils et de guidance, je suis sp\u00e9cialiste \u00e0 votre \u00e9coute et \u00e0 votre service : il suffit de cliquer sur la discussion WhatsApp en haut \u00e0 gauche, sur cette page et de m&rsquo;envoyer un sms; ou de me contacter par \u00e9crit via notre formulaire de contact : <a href=\"https:\/\/www.spirit-us.eu\/index.php\/contactez-nous\/\" target=\"_blank\" rel=\"noopener\">https:\/\/www.spirit-us.eu\/index.php\/contactez-nous\/<\/a><\/p>\n","protected":false},"excerpt":{"rendered":"<p>Dans ses domaines (gu\u00e9rison, soin, divination, recherches de ce qui est cach\u00e9, m\u00e9diumnit\u00e9) ce pendule est le meilleur, mais il faut le r\u00e9server \u00e0 un usage professionnel.\u00a0 Apr\u00e8s un entra\u00eenement avec d\u2019autres pendules, plus modestes, on peut se lancer avec cet outil magnifique, fait enti\u00e8rement \u00e0 la main, dans un bois noble (l\u2019\u00e9b\u00e8ne) et dot\u00e9 d\u2019une \u00ab\u00a0\u00e2me\u00a0\u00bb comme le veut l\u2019expression\u00a0: il est plomb\u00e9 pour \u00eatre parfaitement \u00e9quilibr\u00e9.\u00a0 Pour pouvoir r\u00e9gler \u00e0 la perfection votre pendule de Th\u00f4t v\u00e9ritable, il est dot\u00e9 d\u2019un capuchon d\u00e9vissable. C\u2019est un outil magnifique, con\u00e7u avec art, il est beau, il tient parfaitement en main. Il a une pr\u00e9sence particuli\u00e8re et quoi qu\u2019on en dise, il est extr\u00eamement facile \u00e0 utiliser, \u00e0 condition de le faire apr\u00e8s un entra\u00eenement cons\u00e9quent.<\/p>\n<p>Il permet de travailler \u00e0 distance pour soulager les personnes et \u00e9liminer de leurs champs \u00e9nerg\u00e9tiques toutes les ondes n\u00e9gatives\u00a0; j\u2019ai pu r\u00e9gler des cas de m\u00e9nopause compliqu\u00e9e en quelques jours\u00a0avec lui; il r\u00e9pond tr\u00e8s vite lorsqu\u2019on l\u2019interroge, et avec une grande pr\u00e9cision. C\u2019est mon outil pr\u00e9f\u00e9r\u00e9 et je le recommande \u00e0 toute personne souhaitant optimiser son travail de Lumi\u00e8re.<\/p>\n<p>Il vous est livr\u00e9 dans son sac de velours noir (il doit \u00eatre prot\u00e9g\u00e9 quand il ne travaille pas). Il est enti\u00e8rement con\u00e7u \u00e0 la main dans des ateliers respectueux des artisans et de la nature\u00a0: il est sculpt\u00e9 de rainures r\u00e9guli\u00e8res (4 lignes) en forme de V). N\u2019h\u00e9sitez pas \u00e0 nous demander conseil en cas de doute via le formulaire de contact\u00a0: <a href=\"https:\/\/www.spirit-us.eu\/index.php\/contactez-nous\/\">https:\/\/www.spirit-us.eu\/index.php\/contactez-nous\/<\/a><\/p>\n","protected":false},"featured_media":1017,"comment_status":"open","ping_status":"closed","template":"","meta":[],"product_brand":[],"product_cat":[499,160,17],"product_tag":[],"mwb_booking_cost":[],"mwb_booking_service":[],"class_list":{"0":"post-1015","1":"product","2":"type-product","3":"status-publish","4":"has-post-thumbnail","6":"product_cat-03-energetique","7":"product_cat-08-pendules-accueil","8":"product_cat-tous-les-produits","10":"first","11":"instock","12":"shipping-taxable","13":"purchasable","14":"product-type-simple"},"yoast_head":"<!-- This site is optimized with the Yoast SEO plugin v27.1.1 - https:\/\/yoast.com\/product\/yoast-seo-wordpress\/ -->\n<title>PENDULE DE THOT EN EBENE PLOMBE (professionnels) - Spirit-US<\/title>\n<meta name=\"robots\" content=\"index, follow, max-snippet:-1, max-image-preview:large, max-video-preview:-1\" \/>\n<link rel=\"canonical\" href=\"https:\/\/www.spirit-us.eu\/index.php\/produit\/pendule-de-thot-en-ebene-plombe-professionnels\/\" \/>\n<meta property=\"og:locale\" content=\"fr_FR\" \/>\n<meta property=\"og:type\" content=\"article\" \/>\n<meta property=\"og:title\" content=\"PENDULE DE THOT EN EBENE PLOMBE (professionnels) - Spirit-US\" \/>\n<meta property=\"og:description\" content=\"Dans ses domaines (gu\u00e9rison, soin, divination, recherches de ce qui est cach\u00e9, m\u00e9diumnit\u00e9) ce pendule est le meilleur, mais il faut le r\u00e9server \u00e0 un usage professionnel.\u00a0 Apr\u00e8s un entra\u00eenement avec d\u2019autres pendules, plus modestes, on peut se lancer avec cet outil magnifique, fait enti\u00e8rement \u00e0 la main, dans un bois noble (l\u2019\u00e9b\u00e8ne) et dot\u00e9 d\u2019une \u00ab\u00a0\u00e2me\u00a0\u00bb comme le veut l\u2019expression\u00a0: il est plomb\u00e9 pour \u00eatre parfaitement \u00e9quilibr\u00e9.\u00a0 Pour pouvoir r\u00e9gler \u00e0 la perfection votre pendule de Th\u00f4t v\u00e9ritable, il est dot\u00e9 d\u2019un capuchon d\u00e9vissable. C\u2019est un outil magnifique, con\u00e7u avec art, il est beau, il tient parfaitement en main. Il a une pr\u00e9sence particuli\u00e8re et quoi qu\u2019on en dise, il est extr\u00eamement facile \u00e0 utiliser, \u00e0 condition de le faire apr\u00e8s un entra\u00eenement cons\u00e9quent.  Il permet de travailler \u00e0 distance pour soulager les personnes et \u00e9liminer de leurs champs \u00e9nerg\u00e9tiques toutes les ondes n\u00e9gatives\u00a0; j\u2019ai pu r\u00e9gler des cas de m\u00e9nopause compliqu\u00e9e en quelques jours\u00a0avec lui; il r\u00e9pond tr\u00e8s vite lorsqu\u2019on l\u2019interroge, et avec une grande pr\u00e9cision. C\u2019est mon outil pr\u00e9f\u00e9r\u00e9 et je le recommande \u00e0 toute personne souhaitant optimiser son travail de Lumi\u00e8re.  Il vous est livr\u00e9 dans son sac de velours noir (il doit \u00eatre prot\u00e9g\u00e9 quand il ne travaille pas). Il est enti\u00e8rement con\u00e7u \u00e0 la main dans des ateliers respectueux des artisans et de la nature\u00a0: il est sculpt\u00e9 de rainures r\u00e9guli\u00e8res (4 lignes) en forme de V). N\u2019h\u00e9sitez pas \u00e0 nous demander conseil en cas de doute via le formulaire de contact\u00a0: https:\/\/www.spirit-us.eu\/index.php\/contactez-nous\/\" \/>\n<meta property=\"og:url\" content=\"https:\/\/www.spirit-us.eu\/index.php\/produit\/pendule-de-thot-en-ebene-plombe-professionnels\/\" \/>\n<meta property=\"og:site_name\" content=\"Spirit-US\" \/>\n<meta property=\"article:publisher\" content=\"https:\/\/www.facebook.com\/spirit.us.deum\" \/>\n<meta property=\"article:modified_time\" content=\"2025-12-21T12:07:37+00:00\" \/>\n<meta property=\"og:image\" content=\"https:\/\/www.spirit-us.eu\/wp-content\/uploads\/2025\/04\/thot-image-produit-scaled.png\" \/>\n\t<meta property=\"og:image:width\" content=\"2560\" \/>\n\t<meta property=\"og:image:height\" content=\"2560\" \/>\n\t<meta property=\"og:image:type\" content=\"image\/png\" \/>\n<meta name=\"twitter:card\" content=\"summary_large_image\" \/>\n<meta name=\"twitter:label1\" content=\"Dur\u00e9e de lecture estim\u00e9e\" \/>\n\t<meta name=\"twitter:data1\" content=\"1 minute\" \/>\n<script type=\"application\/ld+json\" class=\"yoast-schema-graph\">{\"@context\":\"https:\/\/schema.org\",\"@graph\":[{\"@type\":\"WebPage\",\"@id\":\"https:\/\/www.spirit-us.eu\/index.php\/produit\/pendule-de-thot-en-ebene-plombe-professionnels\/\",\"url\":\"https:\/\/www.spirit-us.eu\/index.php\/produit\/pendule-de-thot-en-ebene-plombe-professionnels\/\",\"name\":\"PENDULE DE THOT EN EBENE PLOMBE (professionnels) - Spirit-US\",\"isPartOf\":{\"@id\":\"https:\/\/www.spirit-us.eu\/#website\"},\"primaryImageOfPage\":{\"@id\":\"https:\/\/www.spirit-us.eu\/index.php\/produit\/pendule-de-thot-en-ebene-plombe-professionnels\/#primaryimage\"},\"image\":{\"@id\":\"https:\/\/www.spirit-us.eu\/index.php\/produit\/pendule-de-thot-en-ebene-plombe-professionnels\/#primaryimage\"},\"thumbnailUrl\":\"https:\/\/www.spirit-us.eu\/wp-content\/uploads\/2025\/04\/thot-image-produit-scaled.png\",\"datePublished\":\"2025-04-23T08:52:40+00:00\",\"dateModified\":\"2025-12-21T12:07:37+00:00\",\"breadcrumb\":{\"@id\":\"https:\/\/www.spirit-us.eu\/index.php\/produit\/pendule-de-thot-en-ebene-plombe-professionnels\/#breadcrumb\"},\"inLanguage\":\"fr-FR\",\"potentialAction\":[{\"@type\":\"ReadAction\",\"target\":[\"https:\/\/www.spirit-us.eu\/index.php\/produit\/pendule-de-thot-en-ebene-plombe-professionnels\/\"]}]},{\"@type\":\"ImageObject\",\"inLanguage\":\"fr-FR\",\"@id\":\"https:\/\/www.spirit-us.eu\/index.php\/produit\/pendule-de-thot-en-ebene-plombe-professionnels\/#primaryimage\",\"url\":\"https:\/\/www.spirit-us.eu\/wp-content\/uploads\/2025\/04\/thot-image-produit-scaled.png\",\"contentUrl\":\"https:\/\/www.spirit-us.eu\/wp-content\/uploads\/2025\/04\/thot-image-produit-scaled.png\",\"width\":2560,\"height\":2560},{\"@type\":\"BreadcrumbList\",\"@id\":\"https:\/\/www.spirit-us.eu\/index.php\/produit\/pendule-de-thot-en-ebene-plombe-professionnels\/#breadcrumb\",\"itemListElement\":[{\"@type\":\"ListItem\",\"position\":1,\"name\":\"Accueil\",\"item\":\"https:\/\/www.spirit-us.eu\/\"},{\"@type\":\"ListItem\",\"position\":2,\"name\":\"Boutique\",\"item\":\"https:\/\/www.spirit-us.eu\/index.php\/boutique\/\"},{\"@type\":\"ListItem\",\"position\":3,\"name\":\"PENDULE DE THOT EN EBENE PLOMBE (professionnels)\"}]},{\"@type\":\"WebSite\",\"@id\":\"https:\/\/www.spirit-us.eu\/#website\",\"url\":\"https:\/\/www.spirit-us.eu\/\",\"name\":\"Spirit-US\",\"description\":\"\",\"publisher\":{\"@id\":\"https:\/\/www.spirit-us.eu\/#organization\"},\"potentialAction\":[{\"@type\":\"SearchAction\",\"target\":{\"@type\":\"EntryPoint\",\"urlTemplate\":\"https:\/\/www.spirit-us.eu\/?s={search_term_string}\"},\"query-input\":{\"@type\":\"PropertyValueSpecification\",\"valueRequired\":true,\"valueName\":\"search_term_string\"}}],\"inLanguage\":\"fr-FR\"},{\"@type\":\"Organization\",\"@id\":\"https:\/\/www.spirit-us.eu\/#organization\",\"name\":\"Spirit-US\",\"url\":\"https:\/\/www.spirit-us.eu\/\",\"logo\":{\"@type\":\"ImageObject\",\"inLanguage\":\"fr-FR\",\"@id\":\"https:\/\/www.spirit-us.eu\/#\/schema\/logo\/image\/\",\"url\":\"https:\/\/www.spirit-us.eu\/wp-content\/uploads\/2025\/11\/logo-regarde-linterlocutrice-sans-arrriere-plan.jpg\",\"contentUrl\":\"https:\/\/www.spirit-us.eu\/wp-content\/uploads\/2025\/11\/logo-regarde-linterlocutrice-sans-arrriere-plan.jpg\",\"width\":1080,\"height\":1080,\"caption\":\"Spirit-US\"},\"image\":{\"@id\":\"https:\/\/www.spirit-us.eu\/#\/schema\/logo\/image\/\"},\"sameAs\":[\"https:\/\/www.facebook.com\/spirit.us.deum\"]}]}<\/script>\n<!-- \/ Yoast SEO plugin. -->","yoast_head_json":{"title":"PENDULE DE THOT EN EBENE PLOMBE (professionnels) - Spirit-US","robots":{"index":"index","follow":"follow","max-snippet":"max-snippet:-1","max-image-preview":"max-image-preview:large","max-video-preview":"max-video-preview:-1"},"canonical":"https:\/\/www.spirit-us.eu\/index.php\/produit\/pendule-de-thot-en-ebene-plombe-professionnels\/","og_locale":"fr_FR","og_type":"article","og_title":"PENDULE DE THOT EN EBENE PLOMBE (professionnels) - Spirit-US","og_description":"Dans ses domaines (gu\u00e9rison, soin, divination, recherches de ce qui est cach\u00e9, m\u00e9diumnit\u00e9) ce pendule est le meilleur, mais il faut le r\u00e9server \u00e0 un usage professionnel.\u00a0 Apr\u00e8s un entra\u00eenement avec d\u2019autres pendules, plus modestes, on peut se lancer avec cet outil magnifique, fait enti\u00e8rement \u00e0 la main, dans un bois noble (l\u2019\u00e9b\u00e8ne) et dot\u00e9 d\u2019une \u00ab\u00a0\u00e2me\u00a0\u00bb comme le veut l\u2019expression\u00a0: il est plomb\u00e9 pour \u00eatre parfaitement \u00e9quilibr\u00e9.\u00a0 Pour pouvoir r\u00e9gler \u00e0 la perfection votre pendule de Th\u00f4t v\u00e9ritable, il est dot\u00e9 d\u2019un capuchon d\u00e9vissable. C\u2019est un outil magnifique, con\u00e7u avec art, il est beau, il tient parfaitement en main. Il a une pr\u00e9sence particuli\u00e8re et quoi qu\u2019on en dise, il est extr\u00eamement facile \u00e0 utiliser, \u00e0 condition de le faire apr\u00e8s un entra\u00eenement cons\u00e9quent.  Il permet de travailler \u00e0 distance pour soulager les personnes et \u00e9liminer de leurs champs \u00e9nerg\u00e9tiques toutes les ondes n\u00e9gatives\u00a0; j\u2019ai pu r\u00e9gler des cas de m\u00e9nopause compliqu\u00e9e en quelques jours\u00a0avec lui; il r\u00e9pond tr\u00e8s vite lorsqu\u2019on l\u2019interroge, et avec une grande pr\u00e9cision. C\u2019est mon outil pr\u00e9f\u00e9r\u00e9 et je le recommande \u00e0 toute personne souhaitant optimiser son travail de Lumi\u00e8re.  Il vous est livr\u00e9 dans son sac de velours noir (il doit \u00eatre prot\u00e9g\u00e9 quand il ne travaille pas). Il est enti\u00e8rement con\u00e7u \u00e0 la main dans des ateliers respectueux des artisans et de la nature\u00a0: il est sculpt\u00e9 de rainures r\u00e9guli\u00e8res (4 lignes) en forme de V). N\u2019h\u00e9sitez pas \u00e0 nous demander conseil en cas de doute via le formulaire de contact\u00a0: https:\/\/www.spirit-us.eu\/index.php\/contactez-nous\/","og_url":"https:\/\/www.spirit-us.eu\/index.php\/produit\/pendule-de-thot-en-ebene-plombe-professionnels\/","og_site_name":"Spirit-US","article_publisher":"https:\/\/www.facebook.com\/spirit.us.deum","article_modified_time":"2025-12-21T12:07:37+00:00","og_image":[{"width":2560,"height":2560,"url":"https:\/\/www.spirit-us.eu\/wp-content\/uploads\/2025\/04\/thot-image-produit-scaled.png","type":"image\/png"}],"twitter_card":"summary_large_image","twitter_misc":{"Dur\u00e9e de lecture estim\u00e9e":"1 minute"},"schema":{"@context":"https:\/\/schema.org","@graph":[{"@type":"WebPage","@id":"https:\/\/www.spirit-us.eu\/index.php\/produit\/pendule-de-thot-en-ebene-plombe-professionnels\/","url":"https:\/\/www.spirit-us.eu\/index.php\/produit\/pendule-de-thot-en-ebene-plombe-professionnels\/","name":"PENDULE DE THOT EN EBENE PLOMBE (professionnels) - Spirit-US","isPartOf":{"@id":"https:\/\/www.spirit-us.eu\/#website"},"primaryImageOfPage":{"@id":"https:\/\/www.spirit-us.eu\/index.php\/produit\/pendule-de-thot-en-ebene-plombe-professionnels\/#primaryimage"},"image":{"@id":"https:\/\/www.spirit-us.eu\/index.php\/produit\/pendule-de-thot-en-ebene-plombe-professionnels\/#primaryimage"},"thumbnailUrl":"https:\/\/www.spirit-us.eu\/wp-content\/uploads\/2025\/04\/thot-image-produit-scaled.png","datePublished":"2025-04-23T08:52:40+00:00","dateModified":"2025-12-21T12:07:37+00:00","breadcrumb":{"@id":"https:\/\/www.spirit-us.eu\/index.php\/produit\/pendule-de-thot-en-ebene-plombe-professionnels\/#breadcrumb"},"inLanguage":"fr-FR","potentialAction":[{"@type":"ReadAction","target":["https:\/\/www.spirit-us.eu\/index.php\/produit\/pendule-de-thot-en-ebene-plombe-professionnels\/"]}]},{"@type":"ImageObject","inLanguage":"fr-FR","@id":"https:\/\/www.spirit-us.eu\/index.php\/produit\/pendule-de-thot-en-ebene-plombe-professionnels\/#primaryimage","url":"https:\/\/www.spirit-us.eu\/wp-content\/uploads\/2025\/04\/thot-image-produit-scaled.png","contentUrl":"https:\/\/www.spirit-us.eu\/wp-content\/uploads\/2025\/04\/thot-image-produit-scaled.png","width":2560,"height":2560},{"@type":"BreadcrumbList","@id":"https:\/\/www.spirit-us.eu\/index.php\/produit\/pendule-de-thot-en-ebene-plombe-professionnels\/#breadcrumb","itemListElement":[{"@type":"ListItem","position":1,"name":"Accueil","item":"https:\/\/www.spirit-us.eu\/"},{"@type":"ListItem","position":2,"name":"Boutique","item":"https:\/\/www.spirit-us.eu\/index.php\/boutique\/"},{"@type":"ListItem","position":3,"name":"PENDULE DE THOT EN EBENE PLOMBE (professionnels)"}]},{"@type":"WebSite","@id":"https:\/\/www.spirit-us.eu\/#website","url":"https:\/\/www.spirit-us.eu\/","name":"Spirit-US","description":"","publisher":{"@id":"https:\/\/www.spirit-us.eu\/#organization"},"potentialAction":[{"@type":"SearchAction","target":{"@type":"EntryPoint","urlTemplate":"https:\/\/www.spirit-us.eu\/?s={search_term_string}"},"query-input":{"@type":"PropertyValueSpecification","valueRequired":true,"valueName":"search_term_string"}}],"inLanguage":"fr-FR"},{"@type":"Organization","@id":"https:\/\/www.spirit-us.eu\/#organization","name":"Spirit-US","url":"https:\/\/www.spirit-us.eu\/","logo":{"@type":"ImageObject","inLanguage":"fr-FR","@id":"https:\/\/www.spirit-us.eu\/#\/schema\/logo\/image\/","url":"https:\/\/www.spirit-us.eu\/wp-content\/uploads\/2025\/11\/logo-regarde-linterlocutrice-sans-arrriere-plan.jpg","contentUrl":"https:\/\/www.spirit-us.eu\/wp-content\/uploads\/2025\/11\/logo-regarde-linterlocutrice-sans-arrriere-plan.jpg","width":1080,"height":1080,"caption":"Spirit-US"},"image":{"@id":"https:\/\/www.spirit-us.eu\/#\/schema\/logo\/image\/"},"sameAs":["https:\/\/www.facebook.com\/spirit.us.deum"]}]}},"jetpack_sharing_enabled":true,"_links":{"self":[{"href":"https:\/\/www.spirit-us.eu\/index.php\/wp-json\/wp\/v2\/product\/1015","targetHints":{"allow":["GET"]}}],"collection":[{"href":"https:\/\/www.spirit-us.eu\/index.php\/wp-json\/wp\/v2\/product"}],"about":[{"href":"https:\/\/www.spirit-us.eu\/index.php\/wp-json\/wp\/v2\/types\/product"}],"replies":[{"embeddable":true,"href":"https:\/\/www.spirit-us.eu\/index.php\/wp-json\/wp\/v2\/comments?post=1015"}],"wp:featuredmedia":[{"embeddable":true,"href":"https:\/\/www.spirit-us.eu\/index.php\/wp-json\/wp\/v2\/media\/1017"}],"wp:attachment":[{"href":"https:\/\/www.spirit-us.eu\/index.php\/wp-json\/wp\/v2\/media?parent=1015"}],"wp:term":[{"taxonomy":"product_brand","embeddable":true,"href":"https:\/\/www.spirit-us.eu\/index.php\/wp-json\/wp\/v2\/product_brand?post=1015"},{"taxonomy":"product_cat","embeddable":true,"href":"https:\/\/www.spirit-us.eu\/index.php\/wp-json\/wp\/v2\/product_cat?post=1015"},{"taxonomy":"product_tag","embeddable":true,"href":"https:\/\/www.spirit-us.eu\/index.php\/wp-json\/wp\/v2\/product_tag?post=1015"},{"taxonomy":"mwb_booking_cost","embeddable":true,"href":"https:\/\/www.spirit-us.eu\/index.php\/wp-json\/wp\/v2\/mwb_booking_cost?post=1015"},{"taxonomy":"mwb_booking_service","embeddable":true,"href":"https:\/\/www.spirit-us.eu\/index.php\/wp-json\/wp\/v2\/mwb_booking_service?post=1015"}],"curies":[{"name":"wp","href":"https:\/\/api.w.org\/{rel}","templated":true}]}}